000
CXUS52 KMLB 011526
CLMVRB
CLIMATE REPORT
NATIONAL WEATHER SERVICE MELBOURNE FL
1126 AM EDT THU JUN 01 2023
...................................
...THE VERO BEACH CLIMATE SUMMARY FOR THE MONTH OF MAY 2023...
CLIMATE NORMAL PERIOD 1991 TO 2020
CLIMATE RECORD PERIOD 1942 TO 2023
WEATHER OBSERVED NORMAL DEPART LAST YEAR`S
VALUE DATE(S) VALUE FROM VALUE
NORMAL
..............................................................
TEMPERATURE (F)
MONTHLY RECORD
HOTTEST 79.6 1995
COLDEST 73.9 1999
DAILY RECORD
HIGH 99 05/29/2000
LOW 46 05/05/1971
MAY 2023
HIGHEST 95 05/17 95
LOWEST 56 05/04 60
AVG. MAXIMUM 86.1 85.7 0.4 87.0
AVG. MINIMUM 67.7 67.8 -0.1 68.7
MEAN 76.9 76.7 0.2 77.8
DAYS MAX >= 90 3 4.5 -1.5 7
DAYS MAX <= 32 0 0.0 0.0 0
DAYS MIN <= 32 0 0.0 0.0 0
DAYS MIN <= 0 0 0.0 0.0 0
PRECIPITATION (INCHES)
MONTHLY RECORD
MAXIMUM 17.98 2016
MINIMUM 0.09 2004
DAILY RECORD
MAXIMUM 11.22 05/17/2016
MAY 2023
TOTALS 2.54 4.20 -1.66 0.71
DAYS >= .01 7 8.8 -1.8 10
DAYS >= .10 7 5.7 1.3 4
DAYS >= .50 2 2.5 -0.5 0
DAYS >= 1.00 0 1.3 -1.3 0
GREATEST
24 HR. TOTAL 0.97 05/22 TO 05/23
SNOWFALL (INCHES)
TOTALS 0.0 0.0 0.0 0.0
SINCE 7/1 0.0 0.0 0.0 MM
DAYS >= TRACE 0 0
DEGREE DAYS
HEATING TOTAL 0 0 0 0
SINCE 7/1 182 399 -217 MM
COOLING TOTAL 377 365 12 405
SINCE 1/1 1234 887 347 MM
..............................................................
WIND (MPH)
AVERAGE WIND SPEED 7.8
HIGHEST WIND SPEED/DIRECTION 23/090 DATE 05/07
23/180 05/18
HIGHEST GUST SPEED/DIRECTION 30/060 DATE 05/07
30/340 05/26
30/120 05/31
SKY COVER
POSSIBLE SUNSHINE (PERCENT) MM
AVERAGE SKY COVER 0.23
NUMBER OF DAYS FAIR 23
NUMBER OF DAYS PC 8
NUMBER OF DAYS CLOUDY 0
AVERAGE RH (PERCENT) 70
WEATHER CONDITIONS. NUMBER OF DAYS WITH
THUNDERSTORM 7 MIXED PRECIP 0
HEAVY RAIN 4 RAIN 4
LIGHT RAIN 9 LT FREEZING RAIN 0
HAIL 0 LIGHT SNOW 0
SLEET 0 FOG 9
FOG W/VIS <= 1/4 MILE 0 HAZE 5
- INDICATES NEGATIVE NUMBERS.
R INDICATES RECORD WAS SET OR TIED.
MM INDICATES DATA IS MISSING.
T INDICATES TRACE AMOUNT.
$$