000
CXUS51 KBTV 010700
CF6VSF
PRELIMINARY LOCAL CLIMATOLOGICAL DATA (WS FORM: F-6)
STATION: SPRINGFIELD VT
MONTH: AUGUST
YEAR: 2021
LATITUDE: 43 19 N
LONGITUDE: 72 31 W
TEMPERATURE IN F: :PCPN: SNOW: WIND :SUNSHINE: SKY :PK WND
================================================================================
1 2 3 4 5 6A 6B 7 8 9 10 11 12 13 14 15 16 17 18
12Z AVG MX 2MIN
DY MAX MIN AVG DEP HDD CDD WTR SNW DPTH SPD SPD DIR MIN PSBL S-S WX SPD DR
================================================================================
1 72 55 64 -5 1 0 0.94 M M 1.3 9 140 M M 9 13 13 150
2 76 53 65 -4 0 0 0.01 M M 4.1 15 290 M M 6 1 23 290
3 77 50 64 -5 1 0 0.00 M M 0.8 9 210 M M 3 12 12 200
4 77 52 65 -4 0 0 0.00 M M 1.6 9 130 M M 4 12 13 140
5 76 57 67 -2 0 2 0.00 M M 1.0 6 40 M M 7 9 40
6 86 58 72 3 0 7 0.00 M M 1.6 13 280 M M 4 12 16 260
7 88 56 72 3 0 7 0.01 M M 2.0 14 270 M M 2 1 19 210
8 85 64 75 6 0 10 0.16 M M 1.7 13 240 M M 1 18 16 230
9 84 65 75 7 0 10 T M M 2.8 12 120 M M 7 1 14 190
10 82 66 74 6 0 9 T M M 5.0 13 160 M M 8 1 18 150
11 91 73 82 14 0 17 T M M 4.8 16 240 M M 5 22 240
12 92 70 81 13 0 16 T M M 4.0 15 240 M M 1 13 20 260
13 91 68 80 12 0 15 T M M 2.4 13 250 M M 4 12 19 260
14 84 57 71 3 0 6 0.06 M M 2.9 17 280 M M 2 1 24 290
15 76 50 63 -5 2 0 0.00 M M 2.3 14 270 M M 1 1 18 260
16 77 45 61 -7 4 0 T M M 1.6 8 170 M M 1 12 10 140
17 77 53 65 -3 0 0 0.03 M M 1.2 8 140 M M 7 12 10 140
18 80 65 73 5 0 8 0.03 M M 0.8 6 170 M M 6 12 7 170
19 73 69 71 4 0 6 0.66 M M 2.1 10 100 M M 10 1 13 70
20 86 69 78 11 0 13 T M M 1.7 10 20 M M 7 1 15 30
21 86 69 78 11 0 13 0.01 M M 2.3 10 80 M M 8 1 13 150
22 78 69 74 7 0 9 0.04 M M 6.6 15 40 M M 10 1 25 40
23 78 68 73 6 0 8 0.20 M M 1.6 10 120 M M 10 1 14 130
24 87 67 77 10 0 12 0.00 M M 2.5 14 260 M M 5 12 18 270
25 90 65 78 12 0 13 0.00 M M 0.8 10 240 M M 4 12 14 270
26 93 64 79 13 0 14 0.00 M M 2.1 12 270 M M 3 123 16 200
27 84 61 73 7 0 8 0.00 M M 3.1 12 40 M M 4 12 15 50
28 69 59 64 -2 1 0 0.06 M M 2.2 9 90 M M 9 1 13 120
29 69 59 64 -2 1 0 T M M 1.8 8 160 M M 10 1 11 180
30 84 62 73 8 0 8 0.00 M M 2.8 13 240 M M 6 18 260
31 80 58 69 4 0 4 0.00 M M 3.2 18 280 M M 4 12 24 270
================================================================================
SM 2528 1896 10 215 2.21 M 74.7 M 168
================================================================================
AV 81.5 61.2 2.4 FASTST M M 5 MAX(MPH)
MISC ----> 18 280 25 40
================================================================================
NOTES:
# LAST OF SEVERAL OCCURRENCES
COLUMN 17 PEAK WIND IN M.P.H.
PRELIMINARY LOCAL CLIMATOLOGICAL DATA (WS FORM: F-6) , PAGE 2
STATION: SPRINGFIELD VT
MONTH: AUGUST
YEAR: 2021
LATITUDE: 43 19 N
LONGITUDE: 72 31 W
[TEMPERATURE DATA] [PRECIPITATION DATA] SYMBOLS USED IN COLUMN 16
AVERAGE MONTHLY: 71.4 TOTAL FOR MONTH: 2.21 1 = FOG OR MIST
DPTR FM NORMAL: 3.9 DPTR FM NORMAL: -1.35 2 = FOG REDUCING VISIBILITY
HIGHEST: 93 ON 26 GRTST 24HR 0.95 ON 1- 2 TO 1/4 MILE OR LESS
LOWEST: 45 ON 16 3 = THUNDER
SNOW, ICE PELLETS, HAIL 4 = ICE PELLETS
TOTAL MONTH: M 5 = HAIL
GRTST 24HR M ON M 6 = FREEZING RAIN OR DRIZZLE
GRTST DEPTH: M ON M 7 = DUSTSTORM OR SANDSTORM:
VSBY 1/2 MILE OR LESS
8 = SMOKE OR HAZE
[NO. OF DAYS WITH] [WEATHER - DAYS WITH] 9 = BLOWING SNOW
X = TORNADO
MAX 32 OR BELOW: 0 0.01 INCH OR MORE: 12
MAX 90 OR ABOVE: 5 0.10 INCH OR MORE: 4
MIN 32 OR BELOW: 0 0.50 INCH OR MORE: 2
MIN 0 OR BELOW: 0 1.00 INCH OR MORE: 0
[HDD (BASE 65) ]
TOTAL THIS MO. 10 CLEAR (SCALE 0-3) 8
DPTR FM NORMAL -24 PTCLDY (SCALE 4-7) 16
TOTAL FM JUL 1 35 CLOUDY (SCALE 8-10) 7
DPTR FM NORMAL -18
[CDD (BASE 65) ]
TOTAL THIS MO. 215
DPTR FM NORMAL 102 [PRESSURE DATA]
TOTAL FM JAN 1 503 HIGHEST SLP M ON M
DPTR FM NORMAL 159 LOWEST SLP 29.72 ON 30
[REMARKS]
#FINAL-08-21#