000
CXUS56 KLKN 101417
CF6WMC
PRELIMINARY LOCAL CLIMATOLOGICAL DATA (WS FORM: F-6)
STATION: WINNEMUCCA AIRPORT NV
MONTH: AUGUST
YEAR: 2020
LATITUDE: 40 54 N
LONGITUDE: 117 48 W
TEMPERATURE IN F: :PCPN: SNOW: WIND :SUNSHINE: SKY :PK WND
================================================================================
1 2 3 4 5 6A 6B 7 8 9 10 11 12 13 14 15 16 17 18
12Z AVG MX 2MIN
DY MAX MIN AVG DEP HDD CDD WTR SNW DPTH SPD SPD DIR MIN PSBL S-S WX SPD DR
================================================================================
1 102 47 75 2 0 10 0.00 0.0 0 5.7 17 290 M M 1 23 290
2 101 48 75 2 0 10 0.00 0.0 0 8.4 21 270 M M 0 27 270
3 96 56 76 3 0 11 0.00 0.0 0 5.3 18 250 M M 0 25 280
4 99 52 76 3 0 11 0.00 0.0 0 8.7 23 60 M M 0 31 60
5 97 59 78 5 0 13 0.00 0.0 0 8.4 24 60 M M 0 30 60
6 93 51 72 0 0 7 0.00 0.0 0 7.5 21 240 M M 0 35 270
7 92 59 76 4 0 11 0.00 0.0 0 10.1 21 40 M M 0 25 40
8 97 53 75 3 0 10 0.00 0.0 0 5.3 16 280 M M 0 21 300
9 98 49 74 2 0 9 0.00 0.0 0 6.0 18 280 M M 0 23 290
10 97 57 77 5 0 12 0.00 0.0 0 7.0 20 290 M M 0 27 300
11 96 53 75 3 0 10 0.05 0.0 0 9.2 35 270 M M 1 38 44 230
12 95 50 73 2 0 8 0.00 0.0 0 8.3 25 230 M M 0 8 35 240
13 95 50 73 2 0 8 0.00 0.0 0 9.4 21 260 M M 0 8 31 230
14 97 53 75 4 0 10 0.00 0.0 0 5.1 18 220 M M 0 8 26 240
15 102 55 79 8 0 14 0.00 0.0 0 5.3 17 50 M M 0 21 40
16 104 63 84 14 0 19 T 0.0 0 9.2 39 150 M M 2 38 48 170
17 103 63 83 13 0 18 0.06 0.0 0 9.2 38 220 M M 3 38 51 210
18 102 65 84 14 0 19 0.04 0.0 0 6.7 37 260 M M 2 3 46 270
19 97 58 78 8 0 13 0.00 0.0 0 8.5 22 270 M M 2 8 27 270
20 95 54 75 6 0 10 0.00 0.0 0 6.1 22 240 M M 9 8 29 230
21 98 47 73 4 0 8 0.00 0.0 0 4.8 21 260 M M 7 8 29 270
22 97 52 75 6 0 10 0.00 0.0 0 5.6 16 260 M M 5 8 22 250
23 99 50 75 7 0 10 0.00 0.0 0 5.6 18 240 M M 1 8 24 250
24 98 66 82 14 0 17 0.02 0.0 0 5.2 18 200 M M 1 38 46 170
25 92 62 77 9 0 12 0.03 0.0 M 6.0 18 260 M M 2 38 24 250
26 94 54 74 6 0 9 T 0.0 0 5.9 31 200 M M 1 3 43 200
27 91 62 77 10 0 12 0.03 0.0 0 6.8 22 120 M M 2 26 80
28 92 54 73 6 0 8 0.00 0.0 0 5.7 17 160 M M 1 3 22 150
29 95 50 73 6 0 8 0.00 0.0 0 4.8 16 250 M M 2 20 260
30 88 51 70 4 0 5 0.00 0.0 0 9.4 17 340 M M 0 25 340
31 86 42 64 -2 1 0 0.00 0.0 0 9.2 21 10 M M 0 29 10
================================================================================
SM 2988 1685 1 332 0.23 0.0 218.4 M 42
================================================================================
AV 96.4 54.4 7.0 FASTST M M 1 MAX(MPH)
MISC ----> # 39 150 # 51 210
================================================================================
NOTES:
# LAST OF SEVERAL OCCURRENCES
COLUMN 17 PEAK WIND IN M.P.H.
PRELIMINARY LOCAL CLIMATOLOGICAL DATA (WS FORM: F-6) , PAGE 2
STATION: WINNEMUCCA AIRPORT NV
MONTH: AUGUST
YEAR: 2020
LATITUDE: 40 54 N
LONGITUDE: 117 48 W
[TEMPERATURE DATA] [PRECIPITATION DATA] SYMBOLS USED IN COLUMN 16
AVERAGE MONTHLY: 75.4 TOTAL FOR MONTH: 0.23 1 = FOG OR MIST
DPTR FM NORMAL: 5.4 DPTR FM NORMAL: 0.05 2 = FOG REDUCING VISIBILITY
HIGHEST: 104 ON 16 GRTST 24HR 0.06 ON 17-17 TO 1/4 MILE OR LESS
LOWEST: 42 ON 31 3 = THUNDER
SNOW, ICE PELLETS, HAIL 4 = ICE PELLETS
TOTAL MONTH: 0.0 INCH 5 = HAIL
GRTST 24HR 0.0 6 = FREEZING RAIN OR DRIZZLE
GRTST DEPTH: 0 7 = DUSTSTORM OR SANDSTORM:
VSBY 1/2 MILE OR LESS
8 = SMOKE OR HAZE
[NO. OF DAYS WITH] [WEATHER - DAYS WITH] 9 = BLOWING SNOW
X = TORNADO
MAX 32 OR BELOW: 0 0.01 INCH OR MORE: 6
MAX 90 OR ABOVE: 29 0.10 INCH OR MORE: 0
MIN 32 OR BELOW: 0 0.50 INCH OR MORE: 0
MIN 0 OR BELOW: 0 1.00 INCH OR MORE: 0
[HDD (BASE 65) ]
TOTAL THIS MO. 1 CLEAR (SCALE 0-3) 28
DPTR FM NORMAL -19 PTCLDY (SCALE 4-7) 2
TOTAL FM JUL 1 2 CLOUDY (SCALE 8-10) 1
DPTR FM NORMAL -28
[CDD (BASE 65) ]
TOTAL THIS MO. 332
DPTR FM NORMAL 155 [PRESSURE DATA]
TOTAL FM JAN 1 828 HIGHEST SLP 30.23 ON 17
DPTR FM NORMAL 318 LOWEST SLP 29.62 ON 5
[REMARKS]
#FINAL-08-20#