000
CXUS56 KMTR 010900
CF6WVI
PRELIMINARY LOCAL CLIMATOLOGICAL DATA (WS FORM: F-6)
STATION: WATSONVILLE AIRPORT
MONTH: SEPTEMBER
YEAR: 2021
LATITUDE: 36 55 N
LONGITUDE: 121 47 W
TEMPERATURE IN F: :PCPN: SNOW: WIND :SUNSHINE: SKY :PK WND
================================================================================
1 2 3 4 5 6A 6B 7 8 9 10 11 12 13 14 15 16 17 18
12Z AVG MX 2MIN
DY MAX MIN AVG DEP HDD CDD WTR SNW DPTH SPD SPD DIR MIN PSBL S-S WX SPD DR
================================================================================
1 69 55 62 -2 3 0 0.00 M M 5.9 14 240 M M 8 20 270
2 68 56 62 -2 3 0 0.00 M M 6.0 13 240 M M 7 19 220
3 71 55 63 -1 2 0 0.00 M M 3.6 14 230 M M 5 17 260
4 73 55 64 0 1 0 0.00 M M 3.4 12 210 M M 6 18 15 230
5 80 55 68 4 0 3 0.00 M M 3.0 13 200 M M 5 128 14 200
6 86 50 68 4 0 3 0.00 M M 3.4 12 220 M M 4 12 15 220
7 72 51 62 -2 3 0 0.00 M M 3.8 12 210 M M 3 12 15 240
8 82 54 68 4 0 3 0.00 M M 3.6 12 180 M M 3 12 14 190
9 75 55 65 1 0 0 0.00 M M 4.1 13 230 M M 5 12 16 210
10 73 56 65 1 0 0 0.00 M M 4.5 12 230 M M 7 1 15 210
11 74 53 64 0 1 0 0.00 M M 4.1 13 200 M M 7 12 17 220
12 76 50 63 -1 2 0 0.00 M M 3.2 12 220 M M 7 12 14 220
13 72 53 63 -1 2 0 0.00 M M 4.3 12 200 M M 6 12 15 200
14 68 54 61 -3 4 0 0.00 M M 4.0 14 250 M M 7 1 18 220
15 68 55 62 -2 3 0 0.00 M M 4.4 15 260 M M 7 1 19 250
16 64 53 59 -5 6 0 0.00 M M 4.7 13 260 M M 10 17 240
17 67 55 61 -3 4 0 0.00 M M 4.3 15 250 M M 8 20 250
18 70 58 64 0 1 0 0.00 M M 4.4 14 260 M M 8 1 19 260
19 83 55 69 5 0 4 0.00 M M 4.2 16 250 M M 4 1 19 250
20 88 50 69 5 0 4 0.00 M M 3.0 12 290 M M 0 17 260
21 89 55 72 9 0 7 0.00 M M 4.2 15 270 M M 2 12 20 260
22 73 53 63 0 2 0 0.00 M M 3.4 13 250 M M 6 12 19 230
23 75 53 64 1 1 0 0.00 M M 2.8 12 210 M M 6 12 16 220
24 71 52 62 -1 3 0 0.00 M M 3.6 10 230 M M 7 12 16 210
25 69 57 63 0 2 0 0.00 M M 3.6 12 270 M M 7 1 16 210
26 67 55 61 -2 4 0 0.00 M M 4.0 13 230 M M 5 18 210
27 72 52 62 -1 3 0 T M M 4.2 13 220 M M 6 1 22 240
28 75 50 63 0 2 0 0.00 M M 3.9 14 210 M M 2 1 19 240
29 73 47 60 -3 5 0 0.00 M M 4.4 12 250 M M 0 17 230
30 89 46 68 5 0 3 0.00 M M 3.5 14 270 M M 0 19 270
================================================================================
SM 2232 1598 57 27 T M 119.5 M 158
================================================================================
AV 74.4 53.3 4.0 FASTST M M 5 MAX(MPH)
MISC ----> 16 250 22 240
================================================================================
NOTES:
# LAST OF SEVERAL OCCURRENCES
COLUMN 17 PEAK WIND IN M.P.H.
PRELIMINARY LOCAL CLIMATOLOGICAL DATA (WS FORM: F-6) , PAGE 2
STATION: WATSONVILLE AIRPORT
MONTH: SEPTEMBER
YEAR: 2021
LATITUDE: 36 55 N
LONGITUDE: 121 47 W
[TEMPERATURE DATA] [PRECIPITATION DATA] SYMBOLS USED IN COLUMN 16
AVERAGE MONTHLY: 63.8 TOTAL FOR MONTH: T 1 = FOG OR MIST
DPTR FM NORMAL: 0.2 DPTR FM NORMAL: -0.07 2 = FOG REDUCING VISIBILITY
HIGHEST: 89 ON 30,21 GRTST 24HR T ON 27-27 TO 1/4 MILE OR LESS
LOWEST: 46 ON 30 3 = THUNDER
SNOW, ICE PELLETS, HAIL 4 = ICE PELLETS
TOTAL MONTH: M 5 = HAIL
GRTST 24HR M ON M 6 = FREEZING RAIN OR DRIZZLE
GRTST DEPTH: M ON M 7 = DUSTSTORM OR SANDSTORM:
VSBY 1/2 MILE OR LESS
8 = SMOKE OR HAZE
[NO. OF DAYS WITH] [WEATHER - DAYS WITH] 9 = BLOWING SNOW
X = TORNADO
MAX 32 OR BELOW: 0 0.01 INCH OR MORE: 0
MAX 90 OR ABOVE: 0 0.10 INCH OR MORE: 0
MIN 32 OR BELOW: 0 0.50 INCH OR MORE: 0
MIN 0 OR BELOW: 0 1.00 INCH OR MORE: 0
[HDD (BASE 65) ]
TOTAL THIS MO. 57 CLEAR (SCALE 0-3) 7
DPTR FM NORMAL -27 PTCLDY (SCALE 4-7) 22
TOTAL FM JUL 1 148 CLOUDY (SCALE 8-10) 1
DPTR FM NORMAL -108
[CDD (BASE 65) ]
TOTAL THIS MO. 27
DPTR FM NORMAL -13 [PRESSURE DATA]
TOTAL FM JAN 1 74 HIGHEST SLP M ON M
DPTR FM NORMAL -25 LOWEST SLP 29.79 ON 1
[REMARKS]
#FINAL-09-21#