000
CXUS56 KMTR 142207
CF6WVI
PRELIMINARY LOCAL CLIMATOLOGICAL DATA (WS FORM: F-6)
STATION: WATSONVILLE AIRPORT
MONTH: JULY
YEAR: 2020
LATITUDE: 36 55 N
LONGITUDE: 121 47 W
TEMPERATURE IN F: :PCPN: SNOW: WIND :SUNSHINE: SKY :PK WND
================================================================================
1 2 3 4 5 6A 6B 7 8 9 10 11 12 13 14 15 16 17 18
12Z AVG MX 2MIN
DY MAX MIN AVG DEP HDD CDD WTR SNW DPTH SPD SPD DIR MIN PSBL S-S WX SPD DR
================================================================================
1 63 54 59 -4 6 0 0.01 M M 5.4 13 240 M M 10 1 16 230
2 67 53 60 -3 5 0 0.00 M M 6.3 18 240 M M 10 1 22 270
3 71 53 62 -1 3 0 0.00 M M 4.3 13 240 M M 5 16 250
4 80 47 64 1 1 0 0.00 M M 3.3 10 200 M M 3 128 13 200
5 78 50 64 1 1 0 0.00 M M 4.9 12 150 M M 0 1 16 170
6 77 46 62 -1 3 0 0.00 M M 4.6 12 140 M M 2 1 16 190
7 74 52 63 0 2 0 0.00 M M 4.8 13 180 M M 3 15 190
8 69 53 61 -2 4 0 0.00 M M 4.8 12 160 M M 5 1 16 190
9 70 53 62 -1 3 0 0.00 M M 4.9 12 200 M M 4 1 16 200
10 74 49 62 -1 3 0 0.00 M M 4.1 12 180 M M 0 1 15 180
11 76 51 64 1 1 0 0.00 M M 4.3 12 170 M M 1 12 18 170
12 78 50 64 1 1 0 0.00 M M 4.6 12 190 M M 1 12 14 190
13 65 53 59 -4 6 0 0.00 M M 5.2 14 230 M M 9 1 17 240
14 64 55 60 -3 5 0 0.00 M M 5.5 14 230 M M 10 18 230
15 68 56 62 -1 3 0 0.00 M M 6.9 15 270 M M 8 1 19 220
16 68 56 62 -1 3 0 0.00 M M 5.7 15 240 M M 8 19 250
17 68 56 62 -1 3 0 0.00 M M 5.6 17 240 M M 6 1 23 230
18 69 55 62 -1 3 0 0.00 M M 6.6 15 270 M M 7 1 20 250
19 68 57 63 0 2 0 0.00 M M 5.6 14 260 M M 7 18 260
20 69 56 63 0 2 0 0.00 M M 4.8 13 250 M M 8 1 18 260
21 69 55 62 -1 3 0 T M M 4.4 13 260 M M 8 1 17 240
22 69 56 63 0 2 0 0.00 M M 5.3 13 260 M M 10 1 18 250
23 68 56 62 -1 3 0 0.01 M M 4.1 13 230 M M 9 1 17 220
24 69 55 62 -1 3 0 0.00 M M 4.7 13 200 M M 6 1 16 200
25 69 56 63 0 2 0 0.00 M M 5.7 14 230 M M 6 1 18 220
26 70 57 64 1 1 0 0.00 M M 4.8 13 280 M M 6 20 250
27 69 57 63 0 2 0 0.00 M M 4.2 15 250 M M 7 17 250
28 69 56 63 0 2 0 0.00 M M 4.1 13 230 M M 7 1 16 220
29 67 56 62 -1 3 0 0.00 M M 3.9 13 240 M M 9 1 18 250
30 71 56 64 1 1 0 0.00 M M 5.5 13 230 M M 7 1 17 230
31 74 55 65 2 0 0 0.00 M M 3.8 12 220 M M 5 1 16 190
================================================================================
SM 2180 1670 82 0 0.02 M 152.7 M 187
================================================================================
AV 70.3 53.9 4.9 FASTST M M 6 MAX(MPH)
MISC ----> 18 240 23 230
================================================================================
NOTES:
# LAST OF SEVERAL OCCURRENCES
COLUMN 17 PEAK WIND IN M.P.H.
PRELIMINARY LOCAL CLIMATOLOGICAL DATA (WS FORM: F-6) , PAGE 2
STATION: WATSONVILLE AIRPORT
MONTH: JULY
YEAR: 2020
LATITUDE: 36 55 N
LONGITUDE: 121 47 W
[TEMPERATURE DATA] [PRECIPITATION DATA] SYMBOLS USED IN COLUMN 16
AVERAGE MONTHLY: 62.1 TOTAL FOR MONTH: 0.02 1 = FOG OR MIST
DPTR FM NORMAL: -1.0 DPTR FM NORMAL: 0.00 2 = FOG REDUCING VISIBILITY
HIGHEST: 80 ON 4 GRTST 24HR 0.04 ON 22-23 TO 1/4 MILE OR LESS
LOWEST: 46 ON 6 3 = THUNDER
SNOW, ICE PELLETS, HAIL 4 = ICE PELLETS
TOTAL MONTH: M 5 = HAIL
GRTST 24HR M ON M 6 = FREEZING RAIN OR DRIZZLE
GRTST DEPTH: M ON M 7 = DUSTSTORM OR SANDSTORM:
VSBY 1/2 MILE OR LESS
8 = SMOKE OR HAZE
[NO. OF DAYS WITH] [WEATHER - DAYS WITH] 9 = BLOWING SNOW
X = TORNADO
MAX 32 OR BELOW: 0 0.01 INCH OR MORE: 2
MAX 90 OR ABOVE: 0 0.10 INCH OR MORE: 0
MIN 32 OR BELOW: 0 0.50 INCH OR MORE: 0
MIN 0 OR BELOW: 0 1.00 INCH OR MORE: 0
[HDD (BASE 65) ]
TOTAL THIS MO. 82 CLEAR (SCALE 0-3) 6
DPTR FM NORMAL 9 PTCLDY (SCALE 4-7) 17
TOTAL FM JUL 1 82 CLOUDY (SCALE 8-10) 8
DPTR FM NORMAL 20
[CDD (BASE 65) ]
TOTAL THIS MO. 0
DPTR FM NORMAL -16 [PRESSURE DATA]
TOTAL FM JAN 1 41 HIGHEST SLP 30.06 ON 31
DPTR FM NORMAL -1 LOWEST SLP 29.85 ON 22
[REMARKS]
#FINAL-07-20#