000
CXUS56 KMTR 020218
CF6WVI
PRELIMINARY LOCAL CLIMATOLOGICAL DATA (WS FORM: F-6)
STATION: WATSONVILLE AIRPORT
MONTH: MAY
YEAR: 2020
LATITUDE: 36 55 N
LONGITUDE: 121 47 W
TEMPERATURE IN F: :PCPN: SNOW: WIND :SUNSHINE: SKY :PK WND
================================================================================
1 2 3 4 5 6A 6B 7 8 9 10 11 12 13 14 15 16 17 18
12Z AVG MX 2MIN
DY MAX MIN AVG DEP HDD CDD WTR SNW DPTH SPD SPD DIR MIN PSBL S-S WX SPD DR
================================================================================
1 72 47 60 3 5 0 0.00 M M 3.9 12 200 M M 0 15 190
2 69 49 59 2 6 0 0.00 M M 4.7 15 260 M M 3 1 19 260
3 71 50 61 3 4 0 0.00 M M 3.5 12 210 M M 4 1 14 200
4 76 43 60 2 5 0 0.00 M M 3.7 10 190 M M 0 13 160
5 75 44 60 2 5 0 0.00 M M 4.2 10 170 M M 0 14 170
6 78 50 64 6 1 0 0.00 0.0 M 3.4 12 210 M M 2 14 220
7 84 48 66 8 0 1 0.00 M M 3.2 10 190 M M 0 13 260
8 85 48 67 9 0 2 0.00 M M 3.5 13 220 M M 2 1 15 220
9 67 50 59 1 6 0 0.00 M M 4.7 14 230 M M 6 1 16 230
10 63 52 58 0 7 0 0.00 M M 5.9 14 250 M M 8 19 230
11 66 51 59 1 6 0 0.17 M M 5.7 16 250 M M 6 1 23 290
12 67 50 59 1 6 0 0.05 M M 8.1 20 260 M M 4 1 23 260
13 69 47 58 0 7 0 0.01 M M 4.3 14 260 M M 5 18 20 220
14 71 51 61 2 4 0 0.00 M M 4.6 15 270 M M 4 18 270
15 74 52 63 4 2 0 0.00 M M 4.7 12 200 M M 3 16 230
16 72 47 60 1 5 0 0.00 M M 5.0 16 260 M M 1 21 250
17 65 58 62 3 3 0 0.18 0.0 M 8.3 20 240 M M 9 1 28 220
18 66 50 58 -1 7 0 0.39 0.0 M 9.0 20 260 M M 4 1 24 250
19 68 47 58 -1 7 0 T M M 6.3 18 240 M M 3 24 270
20 65 50 58 -1 7 0 0.00 M M 3.8 15 270 M M 6 19 280
21 74 48 61 2 4 0 0.00 M M 4.7 12 140 M M 2 1 16 240
22 69 50 60 1 5 0 0.00 M M 4.4 13 180 M M 3 17 190
23 71 47 59 -1 6 0 0.00 M M 4.4 12 200 M M 2 1 14 170
24 79 46 63 3 2 0 0.00 0.0 M 3.2 10 170 M M 0 13 260
25 90 51 71 11 0 6 0.00 0.0 M 3.4 13 240 M M 0 14 240
26 85 53 69 9 0 4 0.00 M M 3.4 13 210 M M 0 14 210
27 82 55 69 9 0 4 0.00 M M 4.8 12 200 M M 1 1 14 230
28 73 55 64 4 1 0 0.00 M M 3.9 10 250 M M 7 1 14 230
29 67 56 62 2 3 0 T M M 6.9 17 290 M M 9 18 23 300
30 69 56 63 3 2 0 0.04 M M 5.1 15 270 M M 9 1 19 260
31 69 52 61 1 4 0 0.00 M M 4.4 13 260 M M 4 1 17 250
================================================================================
SM 2251 1553 120 17 0.84 0.0 149.1 M 107
================================================================================
AV 72.6 50.1 4.8 FASTST M M 3 MAX(MPH)
MISC ----> # 20 260 28 220
================================================================================
NOTES:
# LAST OF SEVERAL OCCURRENCES
COLUMN 17 PEAK WIND IN M.P.H.
PRELIMINARY LOCAL CLIMATOLOGICAL DATA (WS FORM: F-6) , PAGE 2
STATION: WATSONVILLE AIRPORT
MONTH: MAY
YEAR: 2020
LATITUDE: 36 55 N
LONGITUDE: 121 47 W
[TEMPERATURE DATA] [PRECIPITATION DATA] SYMBOLS USED IN COLUMN 16
AVERAGE MONTHLY: 61.4 TOTAL FOR MONTH: 0.84 1 = FOG OR MIST
DPTR FM NORMAL: 2.6 DPTR FM NORMAL: 0.21 2 = FOG REDUCING VISIBILITY
HIGHEST: 90 ON 25 GRTST 24HR 0.53 ON 17-18 TO 1/4 MILE OR LESS
LOWEST: 43 ON 4 3 = THUNDER
SNOW, ICE PELLETS, HAIL 4 = ICE PELLETS
TOTAL MONTH: 0.0 INCH 5 = HAIL
GRTST 24HR 0.0 6 = FREEZING RAIN OR DRIZZLE
GRTST DEPTH: M ON M 7 = DUSTSTORM OR SANDSTORM:
VSBY 1/2 MILE OR LESS
8 = SMOKE OR HAZE
[NO. OF DAYS WITH] [WEATHER - DAYS WITH] 9 = BLOWING SNOW
X = TORNADO
MAX 32 OR BELOW: 0 0.01 INCH OR MORE: 6
MAX 90 OR ABOVE: 1 0.10 INCH OR MORE: 3
MIN 32 OR BELOW: 0 0.50 INCH OR MORE: 0
MIN 0 OR BELOW: 0 1.00 INCH OR MORE: 0
[HDD (BASE 65) ]
TOTAL THIS MO. 120 CLEAR (SCALE 0-3) 17
DPTR FM NORMAL -79 PTCLDY (SCALE 4-7) 10
TOTAL FM JUL 1 2242 CLOUDY (SCALE 8-10) 4
DPTR FM NORMAL -592
[CDD (BASE 65) ]
TOTAL THIS MO. 17
DPTR FM NORMAL 10 [PRESSURE DATA]
TOTAL FM JAN 1 17 HIGHEST SLP 30.20 ON 6
DPTR FM NORMAL 4 LOWEST SLP 29.83 ON 18
[REMARKS]
#FINAL-05-20#