000
CXUS54 KFWD 010730
CF6XBP
PRELIMINARY LOCAL CLIMATOLOGICAL DATA (WS FORM: F-6)
STATION: BRIDGEPORT
MONTH: OCTOBER
YEAR: 2022
LATITUDE: 33 10 N
LONGITUDE: 96 30 W
TEMPERATURE IN F: :PCPN: SNOW: WIND :SUNSHINE: SKY :PK WND
================================================================================
1 2 3 4 5 6A 6B 7 8 9 10 11 12 13 14 15 16 17 18
12Z AVG MX 2MIN
DY MAX MIN AVG DEP HDD CDD WTR SNW DPTH SPD SPD DIR MIN PSBL S-S WX SPD DR
================================================================================
1 83 43 63 -6 2 0 0.00 M M 2.7 8 90 M M 0 16 130
2 85 44 65 -3 0 0 0.00 M M 1.9 9 110 M M 0 M M
3 85 44 65 -3 0 0 0.00 M M 2.5 9 130 M M 0 M M
4 87 46 67 -1 0 2 0.00 M M 2.4 8 160 M M 0 M M
5 89 50 70 3 0 5 0.00 M M 1.7 7 80 M M 0 M M
6 90 51 71 4 0 6 0.00 M M 1.0 6 310 M M 0 M M
7 89 54 72 5 0 7 0.00 M M 4.4 14 30 M M 4 17 50
8 73 52 63 -3 2 0 0.00 M M 4.4 8 340 M M 5 M M
9 81 51 66 0 0 1 0.00 M M 1.8 6 110 M M 3 M M
10 86 56 71 5 0 6 0.00 M M 3.6 10 160 M M 5 18 170
11 81 63 72 7 0 7 0.04 M M 5.1 12 180 M M 5 18 180
12 89 57 73 8 0 8 0.00 M M 7.5 13 290 M M 0 21 220
13 81 44 63 -2 2 0 0.00 M M 2.2 8 350 M M 0 M M
14 88 42 65 1 0 0 0.00 M M 4.7 14 200 M M 0 22 200
15 93 63 78 14 0 13 0.00 M M 8.3 15 210 M M 1 21 190
16 80 62 71 7 0 6 0.06 M M 6.9 17 30 M M 7 30 30
17 69 53 61 -3 4 0 0.00 M M 7.0 14 10 M M 2 21 10
18 65 35 50 -13 15 0 0.00 M M 3.2 8 350 M M 0 16 350
19 71 31 51 -12 14 0 0.00 M M 3.4 8 190 M M 0 M M
20 83 47 65 2 0 0 0.00 M M 5.4 14 270 M M 0 23 270
21 92 41 67 5 0 2 0.00 M M 6.5 16 190 M M 0 23 230
22 91 64 78 16 0 13 0.00 M M 13.2 17 190 M M 0 25 190
23 87 67 77 15 0 12 0.00 M M 14.5 23 190 M M 1 33 180
24 76 55 66 4 0 1 0.75 M M 7.2 16 180 M M 7 24 0
25 69 42 56 -5 9 0 0.00 M M 9.0 25 280 M M 2 41 280
26 72 39 56 -5 9 0 0.00 M M 3.5 10 160 M M 0 16 140
27 74 45 60 -1 5 0 0.00 M M 6.2 17 170 M M 1 22 140
28 62 50 56 -4 9 0 1.67 M M 8.4 17 10 M M 10 3 28 10
29 63 51 57 -3 8 0 0.13 M M 5.8 9 340 M M 9 17 310
30 73 49 61 1 4 0 0.00 M M 4.4 8 350 M M 0 M M
31 76 44 60 1 5 0 0.00 M M 0.8 4 150 M M 0 M M
================================================================================
SM 2483 1535 88 89 2.65 M 159.7 M 62
================================================================================
AV 80.1 49.5 5.2 FASTST M M 2 MAX(MPH)
MISC ----> 25 280 41 280
================================================================================
NOTES:
# LAST OF SEVERAL OCCURRENCES
COLUMN 17 PEAK WIND IN M.P.H.
PRELIMINARY LOCAL CLIMATOLOGICAL DATA (WS FORM: F-6) , PAGE 2
STATION: BRIDGEPORT
MONTH: OCTOBER
YEAR: 2022
LATITUDE: 33 10 N
LONGITUDE: 96 30 W
[TEMPERATURE DATA] [PRECIPITATION DATA] SYMBOLS USED IN COLUMN 16
AVERAGE MONTHLY: 64.8 TOTAL FOR MONTH: 2.65 1 = FOG OR MIST
DPTR FM NORMAL: 0.9 DPTR FM NORMAL: -1.36 2 = FOG REDUCING VISIBILITY
HIGHEST: 93 ON 15 GRTST 24HR 1.67 ON 28-28 TO 1/4 MILE OR LESS
LOWEST: 31 ON 19 3 = THUNDER
SNOW, ICE PELLETS, HAIL 4 = ICE PELLETS
TOTAL MONTH: M 5 = HAIL
GRTST 24HR M ON M 6 = FREEZING RAIN OR DRIZZLE
GRTST DEPTH: M ON M 7 = DUSTSTORM OR SANDSTORM:
VSBY 1/2 MILE OR LESS
8 = SMOKE OR HAZE
[NO. OF DAYS WITH] [WEATHER - DAYS WITH] 9 = BLOWING SNOW
X = TORNADO
MAX 32 OR BELOW: 0 0.01 INCH OR MORE: 5
MAX 90 OR ABOVE: 4 0.10 INCH OR MORE: 3
MIN 32 OR BELOW: 1 0.50 INCH OR MORE: 2
MIN 0 OR BELOW: 0 1.00 INCH OR MORE: 1
[HDD (BASE 65) ]
TOTAL THIS MO. 88 CLEAR (SCALE 0-3) 23
DPTR FM NORMAL -32 PTCLDY (SCALE 4-7) 6
TOTAL FM JUL 1 88 CLOUDY (SCALE 8-10) 2
DPTR FM NORMAL -49
[CDD (BASE 65) ]
TOTAL THIS MO. 89
DPTR FM NORMAL 3 [PRESSURE DATA]
TOTAL FM JAN 1 2745 HIGHEST SLP M ON M
DPTR FM NORMAL 592 LOWEST SLP M ON M
[REMARKS]
#FINAL-10-22#