000
CXUS54 KFWD 010831
CF6XBP
PRELIMINARY LOCAL CLIMATOLOGICAL DATA (WS FORM: F-6)
STATION: BRIDGEPORT
MONTH: DECEMBER
YEAR: 2023
LATITUDE: 33 10 N
LONGITUDE: 96 30 W
TEMPERATURE IN F: :PCPN: SNOW: WIND :SUNSHINE: SKY :PK WND
================================================================================
1 2 3 4 5 6A 6B 7 8 9 10 11 12 13 14 15 16 17 18
12Z AVG MX 2MIN
DY MAX MIN AVG DEP HDD CDD WTR SNW DPTH SPD SPD DIR MIN PSBL S-S WX SPD DR
================================================================================
1 57 39 48 1 17 0 0.00 M M 5.2 12 300 M M 0 17 300
2 69 37 53 7 12 0 0.03 M M 2.9 9 230 M M 2 1 18 270
3 73 30 52 6 13 0 0.00 M M 6.4 16 20 M M 0 23 250
4 62 36 49 3 16 0 0.00 M M 2.8 8 180 M M 0 M M
5 68 30 49 3 16 0 0.00 M M 1.0 5 330 M M 0 M M
6 66 31 49 4 16 0 0.00 M M 4.6 12 180 M M 0 M M
7 71 52 62 17 3 0 0.00 M M 13.2 22 190 M M 0 30 190
8 79 45 62 17 3 0 0.00 M M 8.3 15 220 M M 0 24 210
9 60 42 51 7 14 0 0.00 M M 8.4 17 10 M M 0 25 10
10 54 32 43 -1 22 0 0.00 M M 6.1 12 330 M M 0 16 320
11 65 26 46 2 19 0 0.00 M M 2.8 8 160 M M 0 M M
12 64 31 48 4 17 0 0.00 M M 4.8 10 150 M M 2 18 150
13 61 43 52 9 13 0 0.00 M M 6.2 12 130 M M 8 20 120
14 60 44 52 9 13 0 0.00 M M 6.4 10 130 M M 6 18 120
15 59 40 50 7 15 0 0.05 M M 7.0 17 140 M M 7 23 150
16 58 32 45 2 20 0 0.00 M M 4.9 13 320 M M 0 16 310
17 69 30 50 7 15 0 0.00 M M 1.8 8 270 M M 0 M M
18 61 34 48 6 17 0 0.00 M M 3.2 8 30 M M 0 M M
19 60 33 47 5 18 0 0.00 M M 5.5 13 150 M M 0 17 160
20 62 42 52 10 13 0 0.00 M M 6.1 14 170 M M 6 1 22 170
21 60 56 58 16 7 0 0.00 M M 6.2 9 170 M M 10 M M
22 69 51 60 18 5 0 0.00 M M 2.8 8 210 M M 6 12 M M
23 66 59 63 21 2 0 0.00 M M 7.8 13 140 M M 9 1 22 130
24 68 43 56 14 9 0 M M M 9.2 20 310 M M 7 3 33 310
25 49 30 40 -2 25 0 0.00 M M 10.3 20 320 M M 0 30 320
26 58 24 41 -1 24 0 0.00 M M 5.5 16 210 M M 0 23 210
27 49 34 42 0 23 0 0.00 M M 7.8 16 320 M M 1 24 320
28 49 32 41 -1 24 0 0.03 M M 5.6 13 M M M 6 20 350
29 55 30 43 1 22 0 0.00 M M 6.5 14 290 M M 0 21 290
30 65 28 47 5 18 0 0.00 M M 3.1 7 170 M M 0 M M
31 62 32 47 5 18 0 0.00 M M 4.3 10 10 M M 0 16 40
================================================================================
SM 1928 1148 469 0 0.11 M 176.6 M 70
================================================================================
AV 62.2 37.0 5.7 FASTST M M 2 MAX(MPH)
MISC ----> 22 190 33 310
================================================================================
NOTES:
# LAST OF SEVERAL OCCURRENCES
COLUMN 17 PEAK WIND IN M.P.H.
PRELIMINARY LOCAL CLIMATOLOGICAL DATA (WS FORM: F-6) , PAGE 2
STATION: BRIDGEPORT
MONTH: DECEMBER
YEAR: 2023
LATITUDE: 33 10 N
LONGITUDE: 96 30 W
[TEMPERATURE DATA] [PRECIPITATION DATA] SYMBOLS USED IN COLUMN 16
AVERAGE MONTHLY: 49.6 TOTAL FOR MONTH: 0.11 1 = FOG OR MIST
DPTR FM NORMAL: 6.3 DPTR FM NORMAL: -1.96 2 = FOG REDUCING VISIBILITY
HIGHEST: 79 ON 8 GRTST 24HR 0.05 ON 15-15 TO 1/4 MILE OR LESS
LOWEST: 24 ON 26 3 = THUNDER
SNOW, ICE PELLETS, HAIL 4 = ICE PELLETS
TOTAL MONTH: M 5 = HAIL
GRTST 24HR M ON M 6 = FREEZING RAIN OR DRIZZLE
GRTST DEPTH: M ON M 7 = DUSTSTORM OR SANDSTORM:
VSBY 1/2 MILE OR LESS
8 = SMOKE OR HAZE
[NO. OF DAYS WITH] [WEATHER - DAYS WITH] 9 = BLOWING SNOW
X = TORNADO
MAX 32 OR BELOW: 0 0.01 INCH OR MORE: 3
MAX 90 OR ABOVE: 0 0.10 INCH OR MORE: 0
MIN 32 OR BELOW: 14 0.50 INCH OR MORE: 0
MIN 0 OR BELOW: 0 1.00 INCH OR MORE: 0
[HDD (BASE 65) ]
TOTAL THIS MO. 469 CLEAR (SCALE 0-3) 22
DPTR FM NORMAL -202 PTCLDY (SCALE 4-7) 7
TOTAL FM JUL 1 927 CLOUDY (SCALE 8-10) 2
DPTR FM NORMAL -247
[CDD (BASE 65) ]
TOTAL THIS MO. 0
DPTR FM NORMAL -1 [PRESSURE DATA]
TOTAL FM JAN 1 3019 HIGHEST SLP M ON M
DPTR FM NORMAL 851 LOWEST SLP M ON M
[REMARKS]
#FINAL-12-23#