000
CXAK56 PAJK 011410
CF6YAK
PRELIMINARY LOCAL CLIMATOLOGICAL DATA (WS FORM: F-6)
STATION: YAKUTAT
MONTH: DECEMBER
YEAR: 2021
LATITUDE: 59 31 N
LONGITUDE: 139 40 W
TEMPERATURE IN F: :PCPN: SNOW: WIND :SUNSHINE: SKY :PK WND
================================================================================
1 2 3 4 5 6A 6B 7 8 9 10 11 12 13 14 15 16 17 18
12Z AVG MX 2MIN
DY MAX MIN AVG DEP HDD CDD WTR SNW DPTH SPD SPD DIR MIN PSBL S-S WX SPD DR
================================================================================
1 38 33 36 4 29 0 0.17 M M 6.8 14 210 M M 6 1 21 210
2 28 20 24 -8 41 0 T M M M M M M M 1 1 M M
3 20 8 14 -18 51 0 0.00 M M M M M M M 1 M M
4 20 8 14 -18 51 0 T M M M M M M M 8 1 M M
5 27 19 23 -9 42 0 0.02 M M M M M M M 9 1 M M
6 33 26 30 -2 35 0 0.65 M M M M M M M 10 12 M M
7 38 33 36 4 29 0 0.58 M M M M M M M 10 1 M M
8 35 27 31 -1 34 0 0.13 M M 5.0 9 70 M M 10 1 12 160
9 33 25 29 -3 36 0 0.27 M M 8.0 28 110 M M 8 1 42 110
10 36 30 33 1 32 0 0.76 M M 9.9 23 80 M M 9 12 29 80
11 32 20 26 -5 39 0 0.12 M M 5.6 14 70 M M 4 1 16 80
12 25 12 19 -12 46 0 0.00 M M 8.5 13 60 M M 0 M M
13 19 2 11 -20 54 0 0.00 M M 1.3 7 70 M M 0 1 8 50
14 24 13 19 -12 46 0 T M M 4.0 10 50 M M 7 12 40
15 27 22 25 -6 40 0 0.04 M M 6.5 12 70 M M 10 1 13 70
16 28 20 24 -7 41 0 0.02 M M 6.0 12 60 M M 9 1 14 60
17 31 20 26 -5 39 0 0.07 M M 5.3 13 80 M M 9 1 18 90
18 25 10 18 -13 47 0 0.02 M M 1.0 6 70 M M 6 1 6 70
19 26 7 17 -14 48 0 T M M 0.9 6 70 M M 3 1 6 150
20 31 6 19 -11 46 0 0.19 M M 1.5 9 90 M M 7 1 12 80
21 36 14 25 -5 40 0 0.27 M M 4.9 15 20 M M 3 1 22 20
22 17 4 11 -19 54 0 0.00 M M 1.0 5 10 M M 1 1 5 280
23 23 6 15 -15 50 0 0.02 M M 1.2 8 40 M M 5 1 9 40
24 26 4 15 -15 50 0 T M M 1.8 9 80 M M 6 1 10 70
25 24 9 17 -13 48 0 T M M 3.3 9 50 M M 9 9 50
26 29 10 20 -10 45 0 0.11 M M 3.5 9 60 M M 8 168 12 60
27 29 20 25 -5 40 0 T M M 1.7 8 70 M M 6 1 10 70
28 28 10 19 -10 46 0 0.00 M M 1.4 9 60 M M 3 1 10 60
29 35 20 28 -1 37 0 0.40 M M 5.4 21 280 M M 8 12 24 280
30 28 18 23 -6 42 0 T M M 2.4 12 70 M M 6 12 13 70
31 34 28 31 2 34 0 1.07 M M 9.2 16 90 M M 10 12 21 90
================================================================================
SM 885 504 1312 0 4.91 M 106.1 M 192
================================================================================
AV 28.5 16.3 4.2 FASTST M M 6 MAX(MPH)
MISC ----> 28 110 42 110
================================================================================
NOTES:
# LAST OF SEVERAL OCCURRENCES
COLUMN 17 PEAK WIND IN M.P.H.
PRELIMINARY LOCAL CLIMATOLOGICAL DATA (WS FORM: F-6) , PAGE 2
STATION: YAKUTAT
MONTH: DECEMBER
YEAR: 2021
LATITUDE: 59 31 N
LONGITUDE: 139 40 W
[TEMPERATURE DATA] [PRECIPITATION DATA] SYMBOLS USED IN COLUMN 16
AVERAGE MONTHLY: 22.4 TOTAL FOR MONTH: 4.91 1 = FOG OR MIST
DPTR FM NORMAL: -8.4 DPTR FM NORMAL: -9.03 2 = FOG REDUCING VISIBILITY
HIGHEST: 38 ON 7, 1 GRTST 24HR 1.07 ON 31-31 TO 1/4 MILE OR LESS
LOWEST: 2 ON 13 3 = THUNDER
SNOW, ICE PELLETS, HAIL 4 = ICE PELLETS
TOTAL MONTH: M 5 = HAIL
GRTST 24HR M ON M 6 = FREEZING RAIN OR DRIZZLE
GRTST DEPTH: M ON M 7 = DUSTSTORM OR SANDSTORM:
VSBY 1/2 MILE OR LESS
8 = SMOKE OR HAZE
[NO. OF DAYS WITH] [WEATHER - DAYS WITH] 9 = BLOWING SNOW
X = TORNADO
MAX 32 OR BELOW: 22 0.01 INCH OR MORE: 18
MAX 90 OR ABOVE: 0 0.10 INCH OR MORE: 12
MIN 32 OR BELOW: 29 0.50 INCH OR MORE: 4
MIN 0 OR BELOW: 0 1.00 INCH OR MORE: 1
[HDD (BASE 65) ]
TOTAL THIS MO. 1312 CLEAR (SCALE 0-3) 6
DPTR FM NORMAL 250 PTCLDY (SCALE 4-7) 13
TOTAL FM JUL 1 4175 CLOUDY (SCALE 8-10) 12
DPTR FM NORMAL 369
[CDD (BASE 65) ]
TOTAL THIS MO. 0
DPTR FM NORMAL 0 [PRESSURE DATA]
TOTAL FM JAN 1 0 HIGHEST SLP 30.49 ON 5
DPTR FM NORMAL 0 LOWEST SLP 28.66 ON 10
[REMARKS]
#FINAL-12-21#