000
CXAK56 PAJK 011310
CF6YAK
PRELIMINARY LOCAL CLIMATOLOGICAL DATA (WS FORM: F-6)
STATION: YAKUTAT
MONTH: JUNE
YEAR: 2021
LATITUDE: 59 31 N
LONGITUDE: 139 40 W
TEMPERATURE IN F: :PCPN: SNOW: WIND :SUNSHINE: SKY :PK WND
================================================================================
1 2 3 4 5 6A 6B 7 8 9 10 11 12 13 14 15 16 17 18
12Z AVG MX 2MIN
DY MAX MIN AVG DEP HDD CDD WTR SNW DPTH SPD SPD DIR MIN PSBL S-S WX SPD DR
================================================================================
1 54 44 49 0 16 0 0.33 M M 5.3 17 130 M M 9 12 27 120
2 52 41 47 -2 18 0 0.57 M M 4.1 12 130 M M 9 12 16 130
3 49 45 47 -3 18 0 0.34 M M 8.2 15 120 M M 10 1 22 110
4 57 40 49 -1 16 0 0.00 M M 5.9 13 290 M M 4 17 290
5 51 38 45 -5 20 0 0.00 M M 4.1 9 210 M M 9 1 14 200
6 51 46 49 -1 16 0 0.04 M M 2.2 8 190 M M 10 1 10 170
7 59 41 50 0 15 0 T M M 4.0 12 290 M M 5 12 14 290
8 61 36 49 -2 16 0 0.00 M M 5.0 13 280 M M 0 12 19 240
9 62 36 49 -2 16 0 0.00 M M 5.9 17 150 M M 3 26 110
10 58 48 53 2 12 0 0.00 M M 5.2 12 250 M M 8 16 230
11 56 42 49 -2 16 0 0.00 M M 6.1 15 300 M M 7 1 19 310
12 57 42 50 -1 15 0 0.00 M M 4.5 15 170 M M 10 1 19 170
13 61 45 53 1 12 0 0.00 M M 6.2 13 270 M M 5 19 310
14 64 40 52 0 13 0 0.00 M M 4.1 13 240 M M 3 1 17 260
15 53 45 49 -3 16 0 0.28 M M 4.1 13 290 M M 9 1 17 290
16 56 43 50 -2 15 0 T M M 6.1 14 170 M M 9 1 20 170
17 64 38 51 -1 14 0 0.00 M M 4.5 13 230 M M 2 18 16 200
18 59 43 51 -1 14 0 T M M 4.9 12 180 M M 6 1 15 170
19 64 48 56 3 9 0 0.00 M M 6.2 13 320 M M 2 16 310
20 56 47 52 -1 13 0 1.14 M M 8.2 17 110 M M 9 1 26 80
21 54 50 52 -1 13 0 0.43 M M 6.2 16 100 M M 10 1 23 160
22 57 47 52 -1 13 0 0.00 M M 1.4 9 230 M M 10 1 11 190
23 60 40 50 -3 15 0 0.75 M M 7.2 20 120 M M 7 12 30 110
24 55 53 54 1 11 0 1.20 M M 10.5 18 120 M M 10 1 29 120
25 56 53 55 1 10 0 1.09 M M 8.0 15 120 M M 10 1 25 100
26 57 52 55 1 10 0 1.74 M M 6.2 13 110 M M 10 1 19 100
27 65 51 58 4 7 0 0.00 M M 3.2 14 220 M M 5 12 17 220
28 67 48 58 4 7 0 T M M 4.8 12 280 M M 4 1 15 270
29 54 50 52 -2 13 0 0.00 M M 7.8 15 280 M M 10 1 21 270
30 58 50 54 0 11 0 0.01 M M 4.9 12 280 M M 8 1 15 270
================================================================================
SM 1727 1342 410 0 7.92 M 165.0 M 213
================================================================================
AV 57.6 44.7 5.5 FASTST M M 7 MAX(MPH)
MISC ----> 20 120 30 110
================================================================================
NOTES:
# LAST OF SEVERAL OCCURRENCES
COLUMN 17 PEAK WIND IN M.P.H.
PRELIMINARY LOCAL CLIMATOLOGICAL DATA (WS FORM: F-6) , PAGE 2
STATION: YAKUTAT
MONTH: JUNE
YEAR: 2021
LATITUDE: 59 31 N
LONGITUDE: 139 40 W
[TEMPERATURE DATA] [PRECIPITATION DATA] SYMBOLS USED IN COLUMN 16
AVERAGE MONTHLY: 51.2 TOTAL FOR MONTH: 7.92 1 = FOG OR MIST
DPTR FM NORMAL: -0.7 DPTR FM NORMAL: 2.51 2 = FOG REDUCING VISIBILITY
HIGHEST: 67 ON 28 GRTST 24HR 1.84 ON 23-24 TO 1/4 MILE OR LESS
LOWEST: 36 ON 9, 8 3 = THUNDER
SNOW, ICE PELLETS, HAIL 4 = ICE PELLETS
TOTAL MONTH: M 5 = HAIL
GRTST 24HR M ON M 6 = FREEZING RAIN OR DRIZZLE
GRTST DEPTH: M ON M 7 = DUSTSTORM OR SANDSTORM:
VSBY 1/2 MILE OR LESS
8 = SMOKE OR HAZE
[NO. OF DAYS WITH] [WEATHER - DAYS WITH] 9 = BLOWING SNOW
X = TORNADO
MAX 32 OR BELOW: 0 0.01 INCH OR MORE: 12
MAX 90 OR ABOVE: 0 0.10 INCH OR MORE: 10
MIN 32 OR BELOW: 0 0.50 INCH OR MORE: 6
MIN 0 OR BELOW: 0 1.00 INCH OR MORE: 4
[HDD (BASE 65) ]
TOTAL THIS MO. 410 CLEAR (SCALE 0-3) 4
DPTR FM NORMAL 17 PTCLDY (SCALE 4-7) 10
TOTAL FM JUL 1 8667 CLOUDY (SCALE 8-10) 16
DPTR FM NORMAL -41
[CDD (BASE 65) ]
TOTAL THIS MO. 0
DPTR FM NORMAL 0 [PRESSURE DATA]
TOTAL FM JAN 1 0 HIGHEST SLP 30.29 ON 16
DPTR FM NORMAL 0 LOWEST SLP 29.55 ON 4
[REMARKS]
#FINAL-06-21#