000
CXAK56 PAJK 011237
CF6YAK
PRELIMINARY LOCAL CLIMATOLOGICAL DATA (WS FORM: F-6)
STATION: YAKUTAT
MONTH: MARCH
YEAR: 2020
LATITUDE: 59 31 N
LONGITUDE: 139 40 W
TEMPERATURE IN F: :PCPN: SNOW: WIND :SUNSHINE: SKY :PK WND
================================================================================
1 2 3 4 5 6A 6B 7 8 9 10 11 12 13 14 15 16 17 18
12Z AVG MX 2MIN
DY MAX MIN AVG DEP HDD CDD WTR SNW DPTH SPD SPD DIR MIN PSBL S-S WX SPD DR
================================================================================
1 41 32 37 6 28 0 0.74 M M 12.5 26 240 M M 10 18 37 120
2 39 30 35 4 30 0 0.30 M M 10.3 23 220 M M 8 128 31 230
3 34 26 30 -1 35 0 0.22 M M 3.9 15 230 M M 9 1 19 250
4 35 26 31 0 34 0 0.56 M M 11.7 25 60 M M 10 128 36 160
5 36 20 28 -3 37 0 0.00 M M 13.2 26 60 M M 1 35 50
6 32 10 21 -10 44 0 0.07 M M 4.9 12 70 M M 7 1 14 110
7 38 28 33 2 32 0 0.22 M M 5.1 10 90 M M 10 12 14 90
8 34 31 33 2 32 0 0.60 M M 7.1 14 80 M M 10 12 18 80
9 37 31 34 3 31 0 0.28 M M 3.7 10 210 M M 9 12 14 190
10 38 29 34 3 31 0 0.16 M M 5.1 18 230 M M 9 1 24 240
11 31 21 26 -5 39 0 T M M 8.6 18 70 M M 6 18 24 70
12 31 13 22 -9 43 0 T M M 6.6 18 80 M M 4 23 90
13 37 7 22 -9 43 0 0.00 M M 1.7 9 280 M M 0 18 12 320
14 40 11 26 -6 39 0 0.00 M M 2.4 10 220 M M 0 1 12 220
15 40 13 27 -5 38 0 0.00 M M 3.0 12 270 M M 0 1 14 290
16 38 19 29 -3 36 0 T M M 1.1 7 70 M M 8 18 7 190
17 39 23 31 -1 34 0 T M M 2.2 10 250 M M 4 1 13 320
18 43 28 36 4 29 0 0.18 M M 4.3 8 290 M M 6 1 11 300
19 48 22 35 3 30 0 0.00 M M 2.8 12 230 M M 4 12 12 230
20 42 34 38 6 27 0 0.01 M M 4.3 13 260 M M 10 12 16 260
21 40 33 37 5 28 0 0.21 M M 7.3 13 70 M M 10 1 18 140
22 48 26 37 4 28 0 T M M 3.2 14 310 M M 2 1 18 310
23 45 22 34 1 31 0 0.00 M M 3.1 12 10 M M 0 8 14 10
24 43 23 33 0 32 0 0.00 M M 1.5 8 230 M M 0 1 10 260
25 37 26 32 -1 33 0 0.01 M M 4.6 9 80 M M 9 1 11 70
26 42 26 34 1 31 0 T M M 1.0 8 50 M M 7 12 9 50
27 36 29 33 -1 32 0 T M M 12.8 23 60 M M 10 29 70
28 33 26 30 -4 35 0 0.01 M M 7.3 16 80 M M 10 18 21 80
29 32 24 28 -6 37 0 0.00 M M 14.8 24 60 M M 1 30 50
30 35 14 25 -9 40 0 0.00 M M 4.3 16 70 M M 0 19 70
31 35 17 26 -8 39 0 0.00 M M 2.6 9 220 M M 5 8 11 80
================================================================================
SM 1179 720 1058 0 3.57 M 177.0 M 179
================================================================================
AV 38.0 23.2 5.7 FASTST M M 6 MAX(MPH)
MISC ----> # 26 240 # 37 120
================================================================================
NOTES:
# LAST OF SEVERAL OCCURRENCES
COLUMN 17 PEAK WIND IN M.P.H.
PRELIMINARY LOCAL CLIMATOLOGICAL DATA (WS FORM: F-6) , PAGE 2
STATION: YAKUTAT
MONTH: MARCH
YEAR: 2020
LATITUDE: 59 31 N
LONGITUDE: 139 40 W
[TEMPERATURE DATA] [PRECIPITATION DATA] SYMBOLS USED IN COLUMN 16
AVERAGE MONTHLY: 30.6 TOTAL FOR MONTH: 3.57 1 = FOG OR MIST
DPTR FM NORMAL: -1.4 DPTR FM NORMAL: -7.47 2 = FOG REDUCING VISIBILITY
HIGHEST: 48 ON 22,19 GRTST 24HR 0.74 ON 1- 1 TO 1/4 MILE OR LESS
LOWEST: 7 ON 13 3 = THUNDER
SNOW, ICE PELLETS, HAIL 4 = ICE PELLETS
TOTAL MONTH: M 5 = HAIL
GRTST 24HR M ON M 6 = FREEZING RAIN OR DRIZZLE
GRTST DEPTH: M ON M 7 = DUSTSTORM OR SANDSTORM:
VSBY 1/2 MILE OR LESS
8 = SMOKE OR HAZE
[NO. OF DAYS WITH] [WEATHER - DAYS WITH] 9 = BLOWING SNOW
X = TORNADO
MAX 32 OR BELOW: 4 0.01 INCH OR MORE: 14
MAX 90 OR ABOVE: 0 0.10 INCH OR MORE: 10
MIN 32 OR BELOW: 29 0.50 INCH OR MORE: 3
MIN 0 OR BELOW: 0 1.00 INCH OR MORE: 0
[HDD (BASE 65) ]
TOTAL THIS MO. 1058 CLEAR (SCALE 0-3) 9
DPTR FM NORMAL 35 PTCLDY (SCALE 4-7) 8
TOTAL FM JUL 1 6216 CLOUDY (SCALE 8-10) 14
DPTR FM NORMAL -923
[CDD (BASE 65) ]
TOTAL THIS MO. 0
DPTR FM NORMAL 0 [PRESSURE DATA]
TOTAL FM JAN 1 0 HIGHEST SLP 30.74 ON 13
DPTR FM NORMAL 0 LOWEST SLP 29.13 ON 5
[REMARKS]
#FINAL-03-20#