000
CXUS56 KPDT 012152
CLMYKM
CLIMATE REPORT
NATIONAL WEATHER SERVICE PENDLETON, OR
252 PM PDT TUE AUG 01 2023
...................................
...THE YAKIMA WA CLIMATE SUMMARY FOR THE MONTH OF JULY 2023...
CLIMATE NORMAL PERIOD 1991 TO 2020
CLIMATE RECORD PERIOD 1946 TO 2023
WEATHER OBSERVED NORMAL DEPART LAST YEAR`S
VALUE DATE(S) VALUE FROM VALUE DATE(S)
NORMAL
................................................................
TEMPERATURE (F)
RECORD
HIGH 109 07/23/2006
LOW 34 07/07/1971
HIGHEST 100 07/15 109 07/28
LOWEST 47 07/31 48 07/05
AVG. MAXIMUM 91.9 89.9 2.0 93.6
AVG. MINIMUM 57.4 55.0 2.4 57.4
MEAN 74.6 72.4 2.2 75.5
DAYS MAX >= 90 18 16.5 1.5 21
DAYS MAX <= 32 0 0.0 0.0 0
DAYS MIN <= 32 0 0.0 0.0 0
DAYS MIN <= 0 0 0.0 0.0 0
PRECIPITATION (INCHES)
RECORD
MAXIMUM 0.71 1966
MINIMUM 0.00 2018
TOTALS 0.22 0.20 0.02 0.19
DAILY AVG. 0.01 0.01 0.00 0.01
DAYS >= .01 3 2.2 0.8 2
DAYS >= .10 1 0.6 0.4 1
DAYS >= .50 0 0.0 0.0 0
DAYS >= 1.00 0 0.0 0.0 0
GREATEST
24 HR. TOTAL 0.21 07/09 TO 07/10 0.19 07/05 TO 07/06
DEGREE DAYS
HEATING TOTAL 0 14 -14 0
SINCE 7/1 0 9 -9
COOLING TOTAL 309 244 65 334
SINCE 1/1 553 357 196
................................................................
WIND (MPH)
AVERAGE WIND SPEED 6.2
RESULTANT WIND SPEED/DIRECTION 2/290
HIGHEST WIND SPEED/DIRECTION 22/320 DATE 07/10
22/300 07/17
22/210 07/29
HIGHEST GUST SPEED/DIRECTION 34/170 DATE 07/21
AVERAGE RH (PERCENT) 41
WEATHER CONDITIONS. NUMBER OF DAYS WITH
THUNDERSTORM 2 MIXED PRECIP 0
HEAVY RAIN 0 RAIN 0
LIGHT RAIN 3 FREEZING RAIN 0
LT FREEZING RAIN 0 HAIL 0
HEAVY SNOW 0 SNOW 0
LIGHT SNOW 0 SLEET 0
FOG 0 FOG W/VIS <= 1/4 MILE 0
HAZE 7
- INDICATES NEGATIVE NUMBERS.
R INDICATES RECORD WAS SET OR TIED.
MM INDICATES DATA IS MISSING.
T INDICATES TRACE AMOUNT.
$$