000
CXUS54 KFWD 250730
CF60F2
PRELIMINARY LOCAL CLIMATOLOGICAL DATA (WS FORM: F-6)

                                          STATION:   BOWIE
                                          MONTH:     MAY
                                          YEAR:      2016
                                          LATITUDE:   33 36 N
                                          LONGITUDE:  97 47 W

  TEMPERATURE IN F:       :PCPN:    SNOW:  WIND      :SUNSHINE: SKY     :PK WND
================================================================================
1   2   3   4   5  6A  6B    7    8   9   10  11  12  13   14  15   16   17  18
                                     12Z  AVG MX 2MIN
DY MAX MIN AVG DEP HDD CDD  WTR  SNW DPTH SPD SPD DIR MIN PSBL S-S WX    SPD DR
================================================================================

 1  69  50  60  -6   5   0 0.22  0.0    0 10.0 16 340   M    M   3 3      24 340
 2  64  46  55 -11  10   0 0.00  0.0    0  9.2 18 320   M    M   5 3      23 340
 3  73  43  58  -8   7   0 0.04  0.0    0  1.7 13 320   M    M   1        21 320
 4  80  50  65  -1   0   0 0.00  0.0    0  6.7 14 320   M    M   0 1      16 290
 5  80  51  66  -1   0   1 0.00  0.0    0  1.2  6 360   M    M   0         M  M
 6  82  50  66  -1   0   1 0.00  0.0    0  3.0  8 150   M    M   0         M  M
 7  81  53  67   0   0   2 0.00  0.0    0  9.5 20 160   M    M   0        28 140
 8  77  62  70   2   0   5 0.38  0.0    0 13.6 21 170   M    M   6 3      29 150
 9  84  57  71   3   0   6 0.38  0.0    0 13.0 28 150   M    M   5 3      43 150
10  92  63  78  10   0  13 0.00  0.0    0 11.1 18 160   M    M   0        30 160
11  86  63  75   7   0  10 0.00  0.0    0  7.5 17 170   M    M   2 3      28 170
12  80  59  70   1   0   5 0.00  0.0    0  6.7 15 340   M    M   2 3      23 340
13  81  53  67  -2   0   2 0.00  0.0    0  4.7 10 150   M    M   0        17 160
14  71  52  62  -7   3   0 0.17  0.0    0  8.7 20 360   M    M   4 3      31 360
15  70  52  61  -9   4   0 0.00  0.0    0  3.2  7 110   M    M   9         M  M
16  75  60  68  -2   0   3 0.00  0.0    0  6.7 12 170   M    M  10        18 170
17  68  57  63  -7   2   0 1.42  0.0    0  9.4 18  10   M    M  10 3      35  10
18  60  53  57 -13   8   0 0.01  0.0    0  6.1 12 340   M    M  10        17 340
19  61  55  58 -12   7   0 0.27  0.0    0  2.9  8  80   M    M  10 13      M  M
20  77  58  68  -3   0   3 0.00  0.0    0  2.3  6 200   M    M   6 1       M  M
21  80  59  70  -1   0   5 0.00  0.0    0  4.9 10 100   M    M   3        16 100
22  83  66  75   4   0  10 0.00  0.0    0  5.7  9 120   M    M   6        20 130
23  76  62  69  -3   0   4 1.24  0.0    0  8.3 17 150   M    M   9 3      27 140
24  83  67  75   3   0  10    M  0.0    0  9.3 15 170   M    M   9 3      22 160
================================================================================
SM 1833 1341        46  80  4.13     0.0 165.4          M      110
================================================================================
AV 76.4 55.9                               6.9 FASTST   M    M   5    MAX(MPH)
                                 MISC ---->    28   M                 43    M
================================================================================
NOTES:
# LAST OF SEVERAL OCCURRENCES

COLUMN 17 PEAK WIND IN M.P.H.

PRELIMINARY LOCAL CLIMATOLOGICAL DATA (WS FORM: F-6) , PAGE 2

                                          STATION:  BOWIE
                                          MONTH:    MAY
                                          YEAR:     2016
                                          LATITUDE:   33 36 N
                                          LONGITUDE:  97 47 W

[TEMPERATURE DATA]      [PRECIPITATION DATA]       SYMBOLS USED IN COLUMN 16

AVERAGE MONTHLY: 66.1   TOTAL FOR MONTH:   4.13    1 = FOG OR MIST
DPTR FM NORMAL:  -2.7   DPTR FM NORMAL:    0.33    2 = FOG REDUCING VISIBILITY
HIGHEST:    92 ON 10    GRTST 24HR  1.42 ON 17-17      TO 1/4 MILE OR LESS
LOWEST:     43 ON  3                               3 = THUNDER
                        SNOW, ICE PELLETS, HAIL    4 = ICE PELLETS
                        TOTAL MONTH:   0.0 INCH    5 = HAIL
                        GRTST 24HR     0.0         6 = FREEZING RAIN OR DRIZZLE
                        GRTST DEPTH:   0           7 = DUSTSTORM OR SANDSTORM:
                                                       VSBY 1/2 MILE OR LESS
                                                   8 = SMOKE OR HAZE
[NO. OF DAYS WITH]      [WEATHER - DAYS WITH]      9 = BLOWING SNOW
                                                   X = TORNADO
MAX 32 OR BELOW:   0    0.01 INCH OR MORE:   9
MAX 90 OR ABOVE:   1    0.10 INCH OR MORE:   7
MIN 32 OR BELOW:   0    0.50 INCH OR MORE:   2
MIN  0 OR BELOW:   0    1.00 INCH OR MORE:   2

[HDD (BASE 65) ]
TOTAL THIS MO.    46    CLEAR  (SCALE 0-3)  10
DPTR FM NORMAL    17    PTCLDY (SCALE 4-7)   7
TOTAL FM JUL 1  2306    CLOUDY (SCALE 8-10)  7
DPTR FM NORMAL  -772

[CDD (BASE 65) ]
TOTAL THIS MO.    80
DPTR FM NORMAL   -39    [PRESSURE DATA]
TOTAL FM JAN 1   142    HIGHEST SLP M ON M
DPTR FM NORMAL   -47    LOWEST  SLP M ON M

[REMARKS]
