000
CXUS55 KBOU 220758
CF620V
PRELIMINARY LOCAL CLIMATOLOGICAL DATA (WS FORM: F-6)

                                          STATION:   Kremmling
                                          MONTH:     JULY
                                          YEAR:      2017
                                          LATITUDE:   40  3 N
                                          LONGITUDE: 106 22 W

  TEMPERATURE IN F:       :PCPN:    SNOW:  WIND      :SUNSHINE: SKY     :PK WND
================================================================================
1   2   3   4   5  6A  6B    7    8   9   10  11  12  13   14  15   16   17  18
                                     12Z  AVG MX 2MIN
DY MAX MIN AVG DEP HDD CDD  WTR  SNW DPTH SPD SPD DIR MIN PSBL S-S WX    SPD DR
================================================================================

 1  88  37  63   M   2   0    M    M    M  2.9 13 220   M    M   0        18 220
 2  88  43  66   M   0   1    M    M    M  5.2 18 230   M    M   0        30 230
 3  86  43  65   M   0   0    M    M    M  4.0 14 240   M    M   0        24 290
 4  91  45  68   M   0   3    M    M    M  4.4 18 360   M    M   0        29 360
 5  99  45  72   M   0   7    M    M    M  3.8 14 360   M    M   0        22 330
 6  91  46  69   M   0   4    M    M    M  4.3 22  10   M    M   0 3      32 310
 7  93  50  72   M   0   7    M    M    M  4.1 16 130   M    M   0        20  40
 8  90  46  68   M   0   3    M    M    M  4.2 20 100   M    M   1 3      25 100
 9  95  45  70   M   0   5    M    M    M  4.0 14 180   M    M   0        21 360
10  93  50  72   M   0   7    M    M    M  4.0 16 210   M    M   1 3      22 300
11  86  61  74   M   0   9    M    M    M  4.8 13 330   M    M   4 3      29 330
12  79  59  69   M   0   4    M    M    M  3.5 12 360   M    M   7 3      16 360
13  86  50  68   M   0   3    M    M    M  2.4 12 210   M    M   2 23      M  M
14  91  54  73   M   0   8    M    M    M  5.6 17 120   M    M   0        23 120
15  95  50  73   M   0   8    M    M    M  4.1 18 100   M    M   0        24 100
16  95  48  72   M   0   7    M    M    M  3.4 17 280   M    M   1        24 280
17  90  54  72   M   0   7    M    M    M  2.1  6 190   M    M   1         M  M
18  91  55  73   M   0   8    M    M    M  4.2 21 210   M    M   2 3      21 190
19  95  54  75   M   0  10    M    M    M  4.1 16 200   M    M   3        22 200
20  95  59  77   M   0  12    M    M    M  3.5 25 180   M    M   1 3      40 180
21  86  55  71   M   0   6    M    M    M  3.4 13 200   M    M   4 3       M  M
================================================================================
SM 1903 1049         2 119    M     M     82.0          M       27
================================================================================
AV 90.6 50.0                               3.9 FASTST   M    M   1    MAX(MPH)
                                 MISC ---->  # 25 180               # 40  180
================================================================================
NOTES:
# LAST OF SEVERAL OCCURRENCES

COLUMN 17 PEAK WIND IN M.P.H.

PRELIMINARY LOCAL CLIMATOLOGICAL DATA (WS FORM: F-6) , PAGE 2

                                          STATION:  Kremmling
                                          MONTH:    JULY
                                          YEAR:     2017
                                          LATITUDE:   40  3 N
                                          LONGITUDE: 106 22 W

[TEMPERATURE DATA]      [PRECIPITATION DATA]       SYMBOLS USED IN COLUMN 16

AVERAGE MONTHLY: 70.3   TOTAL FOR MONTH:      M    1 = FOG OR MIST
DPTR FM NORMAL:     M   DPTR FM NORMAL:       M    2 = FOG REDUCING VISIBILITY
HIGHEST:    99 ON  5    GRTST 24HR    M  ON   M        TO 1/4 MILE OR LESS
LOWEST:     37 ON  1                               3 = THUNDER
                        SNOW, ICE PELLETS, HAIL    4 = ICE PELLETS
                        TOTAL MONTH:    M          5 = HAIL
                        GRTST 24HR    M  ON   M    6 = FREEZING RAIN OR DRIZZLE
                        GRTST DEPTH:  M  ON   M    7 = DUSTSTORM OR SANDSTORM:
                                                       VSBY 1/2 MILE OR LESS
                                                   8 = SMOKE OR HAZE
[NO. OF DAYS WITH]      [WEATHER - DAYS WITH]      9 = BLOWING SNOW
                                                   X = TORNADO
MAX 32 OR BELOW:   0    0.01 INCH OR MORE:   0
MAX 90 OR ABOVE:  14    0.10 INCH OR MORE:   0
MIN 32 OR BELOW:   0    0.50 INCH OR MORE:   0
MIN  0 OR BELOW:   0    1.00 INCH OR MORE:   0

[HDD (BASE 65) ]
TOTAL THIS MO.     2    CLEAR  (SCALE 0-3)  18
DPTR FM NORMAL     M    PTCLDY (SCALE 4-7)   3
TOTAL FM JUL 1     2    CLOUDY (SCALE 8-10)  0
DPTR FM NORMAL     M

[CDD (BASE 65) ]
TOTAL THIS MO.   119
DPTR FM NORMAL     M    [PRESSURE DATA]
TOTAL FM JAN 1   145    HIGHEST SLP M ON M
DPTR FM NORMAL     M    LOWEST  SLP M ON M

[REMARKS]
