000
CXUS53 KUNR 200945
CF62WX
PRELIMINARY LOCAL CLIMATOLOGICAL DATA (WS FORM: F-6)

                                          STATION:   BUFFALO SD
                                          MONTH:     DECEMBER
                                          YEAR:      2014
                                          LATITUDE:   45 35 N
                                          LONGITUDE: 103 33 W

  TEMPERATURE IN F:       :PCPN:    SNOW:  WIND      :SUNSHINE: SKY     :PK WND
================================================================================
1   2   3   4   5  6A  6B    7    8   9   10  11  12  13   14  15   16   17  18
                                     12Z  AVG MX 2MIN
DY MAX MIN AVG DEP HDD CDD  WTR  SNW DPTH SPD SPD DIR MIN PSBL S-S WX    SPD DR
================================================================================

 1  26 -12   7 -17  58   0 0.00    M    M  8.6 23 170   M    M   M        30 160
 2  34  10  22  -2  43   0 0.00    M    M 14.0 29 300   M    M   M        36 300
 3  32   5  19  -5  46   0 0.00    M    M  7.8 15 160   M    M   M        18 160
 4  41   7  24   1  41   0 0.00    M    M  4.5 12 320   M    M   M        13 320
 5  38  22  30   7  35   0 0.00    M    M  7.9 13 330   M    M   M        15 160
 6  38  20  29   7  36   0 0.00    M    M  8.5 15 150   M    M   M        18 150
 7  48  29  39  17  26   0 0.00    M    M 18.0 40 290   M    M   M        51 310
 8  44  22  33  11  32   0 0.00    M    M 10.0 18 320   M    M   M        22 320
 9  45  20  33  11  32   0 0.00    M    M  6.0 13 150   M    M   M        16 150
10  59  27  43  21  22   0 0.00    M    M  6.9 15 290   M    M   M        18 300
11  60  32  46  25  19   0 0.00    M    M  8.3 15 170   M    M   M        16 170
12  63  35  49  28  16   0 0.00    M    M  5.6 13 160   M    M   M        15 160
13  60  37  49  28  16   0 0.00    M    M  7.7 25 310   M    M   M        30 310
14  37  27  32  11  33   0 0.00    M    M 24.0 33 320   M    M   M        40 310
15  27  20  24   3  41   0 0.00    M    M 19.5 31 320   M    M   M        39 340
16  20  15  18  -2  47   0 0.00    M    M  9.2 18 130   M    M   M        22 130
17  23  16  20   0  45   0 0.00    M    M 12.4 20 140   M    M   M        23 140
18  42  22  32  12  33   0 0.00    M    M  8.3 15 180   M    M   M        20 190
19  45  26  36  16  29   0 0.00    M    M  6.9 14 250   M    M   M        17 250
================================================================================
SM  782  380       650   0  0.00    M    194.1          M        M
================================================================================
AV 41.2 20.0                              10.2 FASTST   M    M   3    MAX(MPH)
                                 MISC ---->  # 40 290               # 51  310
================================================================================
NOTES:
# LAST OF SEVERAL OCCURRENCES

COLUMN 17 PEAK WIND IN M.P.H.

PRELIMINARY LOCAL CLIMATOLOGICAL DATA (WS FORM: F-6) , PAGE 2

                                          STATION:  BUFFALO SD
                                          MONTH:    DECEMBER
                                          YEAR:     2014
                                          LATITUDE:   45 35 N
                                          LONGITUDE: 103 33 W

[TEMPERATURE DATA]      [PRECIPITATION DATA]       SYMBOLS USED IN COLUMN 16

AVERAGE MONTHLY: 30.6   TOTAL FOR MONTH:   0.00    1 = FOG OR MIST
DPTR FM NORMAL:   8.8   DPTR FM NORMAL:   -0.15    2 = FOG REDUCING VISIBILITY
HIGHEST:    63 ON 12    GRTST 24HR  0.00 ON 19-19      TO 1/4 MILE OR LESS
LOWEST:    -12 ON  1                               3 = THUNDER
                        SNOW, ICE PELLETS, HAIL    4 = ICE PELLETS
                        TOTAL MONTH:    M          5 = HAIL
                        GRTST 24HR    M  ON   M    6 = FREEZING RAIN OR DRIZZLE
                        GRTST DEPTH:  M  ON   M    7 = DUSTSTORM OR SANDSTORM:
                                                       VSBY 1/2 MILE OR LESS
                                                   8 = SMOKE OR HAZE
[NO. OF DAYS WITH]      [WEATHER - DAYS WITH]      9 = BLOWING SNOW
                                                   X = TORNADO
MAX 32 OR BELOW:   5    0.01 INCH OR MORE:   0
MAX 90 OR ABOVE:   0    0.10 INCH OR MORE:   0
MIN 32 OR BELOW:  17    0.50 INCH OR MORE:   0
MIN  0 OR BELOW:   1    1.00 INCH OR MORE:   0

[HDD (BASE 65) ]
TOTAL THIS MO.   650    CLEAR  (SCALE 0-3)   0
DPTR FM NORMAL  -173    PTCLDY (SCALE 4-7)   0
TOTAL FM JUL 1  2571    CLOUDY (SCALE 8-10)  0
DPTR FM NORMAL  -150

[CDD (BASE 65) ]
TOTAL THIS MO.     0
DPTR FM NORMAL     0    [PRESSURE DATA]
TOTAL FM JAN 1   420    HIGHEST SLP M ON M
DPTR FM NORMAL   -93    LOWEST  SLP 29.65 ON 13

[REMARKS]
