000
CXUS55 KBOU 301102
CF633V
PRELIMINARY LOCAL CLIMATOLOGICAL DATA (WS FORM: F-6)

                                          STATION:   Walden
                                          MONTH:     OCTOBER
                                          YEAR:      2014
                                          LATITUDE:   40 45 N
                                          LONGITUDE: 106 16 W

  TEMPERATURE IN F:       :PCPN:    SNOW:  WIND      :SUNSHINE: SKY     :PK WND
================================================================================
1   2   3   4   5  6A  6B    7    8   9   10  11  12  13   14  15   16   17  18
                                     12Z  AVG MX 2MIN
DY MAX MIN AVG DEP HDD CDD  WTR  SNW DPTH SPD SPD DIR MIN PSBL S-S WX    SPD DR
================================================================================

 1  37  32  35   M  30   0    M    M    M  6.0 16 350   M    M   9         M  M
 2  46  25  36   M  29   0    M    M    M  9.4 18 250   M    M   2        31 250
 3  54  25  40   M  25   0    M    M    M  8.4 17 240   M    M   1        23 240
 4  59  28  44   M  21   0    M    M    M  7.4 14 250   M    M   1        21 260
 5  59  30  45   M  20   0    M    M    M  6.9 16 270   M    M   2        24 270
 6  61  34  48   M  17   0    M    M    M 10.0 20 270   M    M   1        23 270
 7  63  32  48   M  17   0    M    M    M  6.8 15 130   M    M   0        17 260
 8  66  30  48   M  17   0    M    M    M  3.8 12 330   M    M   0         M  M
 9  55  34  45   M  20   0    M    M    M  5.6 10  70   M    M   7         M  M
10  55  34  45   M  20   0    M    M    M  4.1 12 320   M    M   5        25 320
11  59  30  45   M  20   0    M    M    M  9.9 29 210   M    M   4        36 210
12  43  32  38   M  27   0    M    M    M 10.6 24 330   M    M   9        30 330
13  45  27  36   M  29   0    M    M    M  5.3 14 330   M    M   4         M  M
14  59  23  41   M  24   0    M    M    M  6.6 10 120   M    M   0         M  M
15  66  27  47   M  18   0    M    M    M 11.1 23 210   M    M   0        29 210
16  61  36  49   M  16   0    M    M    M  9.1 16 240   M    M   2        25 240
17  61  28  45   M  20   0    M    M    M  5.3 12 320   M    M   0         M  M
18  63  25  44   M  21   0    M    M    M  4.6  8 130   M    M   0         M  M
19  61  27  44   M  21   0    M    M    M  3.4 10  50   M    M   0         M  M
20  64  27  46   M  19   0    M    M    M  4.5 10 120   M    M   1         M  M
21  55  30  43   M  22   0    M    M    M  6.5 15 180   M    M   6        27 180
22  54  30  42   M  23   0    M    M    M  9.5 18 220   M    M   4        24 220
23  57  28  43   M  22   0    M    M    M 11.5 20 200   M    M   0        27 210
24  64  36  50   M  15   0    M    M    M 11.9 24 200   M    M   0        31 200
25  66  30  48   M  17   0    M    M    M  8.7 15 230   M    M   0        23 200
26  59  32  46   M  19   0    M    M    M 15.2 32 230   M    M   3        40 230
27  34  18  26   M  39   0    M    M    M  7.2 14 240   M    M   4        21 260
28  41  16  29   M  36   0    M    M    M  7.7 17 210   M    M   1        23 210
29  50  21  36   M  29   0    M    M    M  8.6 18 240   M    M   1        23 240
================================================================================
SM 1617  827       653   0    M     M    225.6          M       67
================================================================================
AV 55.8 28.5                               7.8 FASTST   M    M   2    MAX(MPH)
                                 MISC ---->    32   M                 40    M
================================================================================
NOTES:
# LAST OF SEVERAL OCCURRENCES

COLUMN 17 PEAK WIND IN M.P.H.

PRELIMINARY LOCAL CLIMATOLOGICAL DATA (WS FORM: F-6) , PAGE 2

                                          STATION:  Walden
                                          MONTH:    OCTOBER
                                          YEAR:     2014
                                          LATITUDE:   40 45 N
                                          LONGITUDE: 106 16 W

[TEMPERATURE DATA]      [PRECIPITATION DATA]       SYMBOLS USED IN COLUMN 16

AVERAGE MONTHLY: 42.1   TOTAL FOR MONTH:      M    1 = FOG OR MIST
DPTR FM NORMAL:     M   DPTR FM NORMAL:       M    2 = FOG REDUCING VISIBILITY
HIGHEST:    66 ON 25,15 GRTST 24HR    M  ON   M        TO 1/4 MILE OR LESS
LOWEST:     16 ON 28                               3 = THUNDER
                        SNOW, ICE PELLETS, HAIL    4 = ICE PELLETS
                        TOTAL MONTH:    M          5 = HAIL
                        GRTST 24HR    M  ON   M    6 = FREEZING RAIN OR DRIZZLE
                        GRTST DEPTH:  M  ON   M    7 = DUSTSTORM OR SANDSTORM:
                                                       VSBY 1/2 MILE OR LESS
                                                   8 = SMOKE OR HAZE
[NO. OF DAYS WITH]      [WEATHER - DAYS WITH]      9 = BLOWING SNOW
                                                   X = TORNADO
MAX 32 OR BELOW:   0    0.01 INCH OR MORE:   0
MAX 90 OR ABOVE:   0    0.10 INCH OR MORE:   0
MIN 32 OR BELOW:  24    0.50 INCH OR MORE:   0
MIN  0 OR BELOW:   0    1.00 INCH OR MORE:   0

[HDD (BASE 65) ]
TOTAL THIS MO.   653    CLEAR  (SCALE 0-3)  19
DPTR FM NORMAL     M    PTCLDY (SCALE 4-7)   8
TOTAL FM JUL 1  1513    CLOUDY (SCALE 8-10)  2
DPTR FM NORMAL     M

[CDD (BASE 65) ]
TOTAL THIS MO.     0
DPTR FM NORMAL     M    [PRESSURE DATA]
TOTAL FM JAN 1     1    HIGHEST SLP M ON M
DPTR FM NORMAL     M    LOWEST  SLP M ON M

[REMARKS]
