000
CXUS55 KBOU 230802
CF633V
PRELIMINARY LOCAL CLIMATOLOGICAL DATA (WS FORM: F-6)

                                          STATION:   Walden
                                          MONTH:     FEBRUARY
                                          YEAR:      2017
                                          LATITUDE:   40 45 N
                                          LONGITUDE: 106 16 W

  TEMPERATURE IN F:       :PCPN:    SNOW:  WIND      :SUNSHINE: SKY     :PK WND
================================================================================
1   2   3   4   5  6A  6B    7    8   9   10  11  12  13   14  15   16   17  18
                                     12Z  AVG MX 2MIN
DY MAX MIN AVG DEP HDD CDD  WTR  SNW DPTH SPD SPD DIR MIN PSBL S-S WX    SPD DR
================================================================================

 1  37  30  34   M  31   0    M    M    M 15.9 29 230   M    M   0        38 230
 2  34  30  32   M  33   0    M    M    M  9.3 22 240   M    M   0        28 240
 3  36  27  32   M  33   0    M    M    M 10.8 17 200   M    M   0        23 190
 4  34  28  31   M  34   0    M    M    M 17.0 28 220   M    M   0        32 220
 5  37  27  32   M  33   0    M    M    M 14.2 22 210   M    M   0        29 210
 6  36  23  30   M  35   0    M    M    M 15.1 33 230   M    M   0        41 230
 7  34  30  32   M  33   0    M    M    M 21.9 36 240   M    M   0        43 240
 8  36  30  33   M  32   0    M    M    M 21.5 51 260   M    M   0        61 260
 9  46  34  40   M  25   0    M    M    M 15.7 24 200   M    M   0        35 190
10  46  36  41   M  24   0    M    M    M 20.7 30 220   M    M   0        38 220
11  36  19  28   M  37   0    M    M    M 11.4 21 330   M    M   0        27 330
12  25   9  17   M  48   0    M    M    M  2.5  8 130   M    M   0         M  M
13  28   7  18   M  47   0    M    M    M  4.1 10  30   M    M   0         M  M
14  25   1  13   M  52   0    M    M    M  4.5 10 120   M    M   0         M  M
15  25   0  13   M  52   0    M    M    M  3.7  9 120   M    M   0         M  M
16  34   5  20   M  45   0    M    M    M  5.1 14 170   M    M   0        18 170
17  37  19  28   M  37   0    M    M    M  5.3 10 110   M    M   0         M  M
18  41  30  36   M  29   0    M    M    M  6.4 14 180   M    M   0         M  M
19   M   M   M   M   M   M    M    M    M   M   M   M   M    M   M         M  M
20   M   M   M   M   M   M    M    M    M   M   M   M   M    M   M         M  M
21   M   M   M   M   M   M    M    M    M   M   M   M   M    M   M         M  M
22   M   M   M   M   M   M    M    M    M   M   M   M   M    M   M         M  M
================================================================================
SM  627  385       660   0    M     M    205.1          M        0
================================================================================
AV 34.8 21.4                              11.4 FASTST   M    M   0    MAX(MPH)
                                 MISC ---->    51   M               # 61  260
================================================================================
NOTES:
# LAST OF SEVERAL OCCURRENCES

COLUMN 17 PEAK WIND IN M.P.H.

PRELIMINARY LOCAL CLIMATOLOGICAL DATA (WS FORM: F-6) , PAGE 2

                                          STATION:  Walden
                                          MONTH:    FEBRUARY
                                          YEAR:     2017
                                          LATITUDE:   40 45 N
                                          LONGITUDE: 106 16 W

[TEMPERATURE DATA]      [PRECIPITATION DATA]       SYMBOLS USED IN COLUMN 16

AVERAGE MONTHLY: 28.1   TOTAL FOR MONTH:      M    1 = FOG OR MIST
DPTR FM NORMAL:     M   DPTR FM NORMAL:       M    2 = FOG REDUCING VISIBILITY
HIGHEST:    46 ON 10, 9 GRTST 24HR    M  ON   M        TO 1/4 MILE OR LESS
LOWEST:      0 ON 15                               3 = THUNDER
                        SNOW, ICE PELLETS, HAIL    4 = ICE PELLETS
                        TOTAL MONTH:    M          5 = HAIL
                        GRTST 24HR    M  ON   M    6 = FREEZING RAIN OR DRIZZLE
                        GRTST DEPTH:  M  ON   M    7 = DUSTSTORM OR SANDSTORM:
                                                       VSBY 1/2 MILE OR LESS
                                                   8 = SMOKE OR HAZE
[NO. OF DAYS WITH]      [WEATHER - DAYS WITH]      9 = BLOWING SNOW
                                                   X = TORNADO
MAX 32 OR BELOW:   4    0.01 INCH OR MORE:   0
MAX 90 OR ABOVE:   0    0.10 INCH OR MORE:   0
MIN 32 OR BELOW:  16    0.50 INCH OR MORE:   0
MIN  0 OR BELOW:   1    1.00 INCH OR MORE:   0

[HDD (BASE 65) ]
TOTAL THIS MO.   660    CLEAR  (SCALE 0-3)  18
DPTR FM NORMAL     M    PTCLDY (SCALE 4-7)   0
TOTAL FM JUL 1  6080    CLOUDY (SCALE 8-10)  0
DPTR FM NORMAL     M

[CDD (BASE 65) ]
TOTAL THIS MO.     0
DPTR FM NORMAL     M    [PRESSURE DATA]
TOTAL FM JAN 1     0    HIGHEST SLP M ON M
DPTR FM NORMAL     M    LOWEST  SLP M ON M

[REMARKS]
