000
CXUS54 KEWX 180910
CF63T5
PRELIMINARY LOCAL CLIMATOLOGICAL DATA (WS FORM: F-6)

                                          STATION:   LA GRANGE
                                          MONTH:     NOVEMBER
                                          YEAR:      2017
                                          LATITUDE:   29 54 N
                                          LONGITUDE:  96 57 W

  TEMPERATURE IN F:       :PCPN:    SNOW:  WIND      :SUNSHINE: SKY     :PK WND
================================================================================
1   2   3   4   5  6A  6B    7    8   9   10  11  12  13   14  15   16   17  18
                                     12Z  AVG MX 2MIN
DY MAX MIN AVG DEP HDD CDD  WTR  SNW DPTH SPD SPD DIR MIN PSBL S-S WX    SPD DR
================================================================================

 1  81  56  69   M   0   4 0.02    M    M  4.2  9 190   M    M   6 1       M  M
 2  86  70  78   M   0  13 0.00    M    M  6.8 13 190   M    M   8 1      18 190
 3  89  73  81   M   0  16 0.00    M    M  5.0 10 190   M    M   7 1       M  M
 4  87  73  80   M   0  15 0.00    M    M  4.7  9 170   M    M   7         M  M
 5  89  74  82   M   0  17 0.00    M    M  8.0 12 200   M    M   6        16 190
 6  89  73  81   M   0  16 0.00    M    M  7.6 13 190   M    M   5        18 190
 7  86  62  74   M   0   9 0.00    M    M  5.7 10  10   M    M   7        21 360
 8  62  50  56   M   9   0    T    M    M  8.8 14 350   M    M  10        20  20
 9  55  50  53   M  12   0 0.02    M    M  5.2  8  20   M    M   9         M  M
10  65  49  57   M   8   0 0.00    M    M  1.3  5  70   M    M   9 1       M  M
11  79  59  69   M   0   4 0.00    M    M  4.0 12 150   M    M  10 8       M  M
12  81  63  72   M   0   7 0.00    M    M  1.5  5 120   M    M   8         M  M
13  80  61  71   M   0   6 0.00    M    M  1.1  5 140   M    M   4         M  M
14  82  57  70   M   0   5 0.00    M    M  4.0  8 150   M    M   5         M  M
15  79  65  72   M   0   7 0.00    M    M  2.5  8 160   M    M  10 1       M  M
16  79  65  72   M   0   7 0.23    M    M  2.4  7 160   M    M   7         M  M
17  86  70  78   M   0  13 0.00    M    M  8.6 15 190   M    M   7        20 190
================================================================================
SM 1355 1070        29 139  0.27    M     81.4          M      125
================================================================================
AV 79.7 62.9                               4.8 FASTST   M    M   7    MAX(MPH)
                                 MISC ---->  # 15 190               # 21  360
================================================================================
NOTES:
# LAST OF SEVERAL OCCURRENCES

COLUMN 17 PEAK WIND IN M.P.H.

PRELIMINARY LOCAL CLIMATOLOGICAL DATA (WS FORM: F-6) , PAGE 2

                                          STATION:  LA GRANGE
                                          MONTH:    NOVEMBER
                                          YEAR:     2017
                                          LATITUDE:   29 54 N
                                          LONGITUDE:  96 57 W

[TEMPERATURE DATA]      [PRECIPITATION DATA]       SYMBOLS USED IN COLUMN 16

AVERAGE MONTHLY: 71.3   TOTAL FOR MONTH:   0.27    1 = FOG OR MIST
DPTR FM NORMAL:     M   DPTR FM NORMAL:       M    2 = FOG REDUCING VISIBILITY
HIGHEST:    89 ON  6, 5 GRTST 24HR  0.23 ON 16-16      TO 1/4 MILE OR LESS
LOWEST:     49 ON 10                               3 = THUNDER
                        SNOW, ICE PELLETS, HAIL    4 = ICE PELLETS
                        TOTAL MONTH:    M          5 = HAIL
                        GRTST 24HR    M  ON   M    6 = FREEZING RAIN OR DRIZZLE
                        GRTST DEPTH:  M  ON   M    7 = DUSTSTORM OR SANDSTORM:
                                                       VSBY 1/2 MILE OR LESS
                                                   8 = SMOKE OR HAZE
[NO. OF DAYS WITH]      [WEATHER - DAYS WITH]      9 = BLOWING SNOW
                                                   X = TORNADO
MAX 32 OR BELOW:   0    0.01 INCH OR MORE:   3
MAX 90 OR ABOVE:   0    0.10 INCH OR MORE:   1
MIN 32 OR BELOW:   0    0.50 INCH OR MORE:   0
MIN  0 OR BELOW:   0    1.00 INCH OR MORE:   0

[HDD (BASE 65) ]
TOTAL THIS MO.    29    CLEAR  (SCALE 0-3)   0
DPTR FM NORMAL     M    PTCLDY (SCALE 4-7)  11
TOTAL FM JUL 1    83    CLOUDY (SCALE 8-10)  6
DPTR FM NORMAL     M

[CDD (BASE 65) ]
TOTAL THIS MO.   139
DPTR FM NORMAL     M    [PRESSURE DATA]
TOTAL FM JAN 1  3646    HIGHEST SLP M ON M
DPTR FM NORMAL     M    LOWEST  SLP M ON M

[REMARKS]
