000
CXUS54 KMAF 261100
CF66R6
PRELIMINARY LOCAL CLIMATOLOGICAL DATA (WS FORM: F-6)

                                          STATION:   Terrell County Airport
                                          MONTH:     MAY
                                          YEAR:      2016
                                          LATITUDE:   30  2 N
                                          LONGITUDE: 102 13 W

  TEMPERATURE IN F:       :PCPN:    SNOW:  WIND      :SUNSHINE: SKY     :PK WND
================================================================================
1   2   3   4   5  6A  6B    7    8   9   10  11  12  13   14  15   16   17  18
                                     12Z  AVG MX 2MIN
DY MAX MIN AVG DEP HDD CDD  WTR  SNW DPTH SPD SPD DIR MIN PSBL S-S WX    SPD DR
================================================================================

 1  74  59  67  -6   0   2 0.00  0.0    0 17.9 29 350   M    M   0        39 350
 2  75  54  65  -8   0   0 0.00  0.0    0 10.9 23  10   M    M   0        29 360
 3  82  52  67  -7   0   2 0.00  0.0    0  6.3 17  90   M    M   0        22  90
 4  90  58  74   0   0   9 0.00  0.0    0  5.6 14  40   M    M   0        18  50
 5  91  57  74   0   0   9 0.00  0.0    0  8.3 21 100   M    M   0        25 110
 6  94  60  77   3   0  12 0.00  0.0    0 16.9 33 110   M    M   0        42 100
 7  90  63  77   3   0  12 0.00  0.0    0 15.2 36 110   M    M   0        45 110
 8  88  66  77   2   0  12 0.00  0.0    0 13.6 28 110   M    M   0        35 140
 9  94  58  76   1   0  11 0.00  0.0    0 10.2 26 240   M    M   0        35 240
10  97  66  82   7   0  17 0.00  0.0    0  7.5 18 140   M    M   0        24 140
11  92  71  82   6   0  17 0.00  0.0    0 11.1 18 120   M    M   0        24 120
12  81  69  75  -1   0  10 0.01  0.0    0  8.2 17  90   M    M   0        25 350
13  92  70  81   5   0  16 0.01  0.0    0 11.3 32 220   M    M   0        41 220
14  94  68  81   5   0  16 0.00  0.0    0  8.4 29  90   M    M   0        38  80
15  80  64  72  -4   0   7 0.10  0.0    0 11.5 35 110   M    M   0        44 110
16  90  57  74  -3   0   9 0.00  0.0    0  8.6 20 130   M    M   0        27 130
17  92  66  79   2   0  14 0.16  0.0    0 11.5 26 350   M    M   0        36 340
18  68  58  63 -14   2   0 0.28  0.0    0 13.7 24  30   M    M   0        31  30
19  74  57  66 -11   0   1 1.59  0.0    0  7.0 26  40   M    M   0        32  40
20  84  59  72  -6   0   7 0.00  0.0    0  8.7 17 100   M    M   0        23  90
21  91  69  80   2   0  15 0.00  0.0    0 13.6 23 110   M    M   0        30 130
22  92  74  83   5   0  18 0.00  0.0    0 12.6 24 110   M    M   0        30 100
23  94  75  85   7   0  20 0.00  0.0    0 12.5 21 120   M    M   0        35 130
24  94  75  85   7   0  20 0.00  0.0    M 12.3 28 120   M    M   0        34 130
25  92  74  83   4   0  18 0.00  0.0    0  9.4 20 160   M    M   0        26 120
================================================================================
SM 2185 1599         2 274  2.15     0.0 272.8          M        0
================================================================================
AV 87.4 64.0                              10.9 FASTST   M    M   0    MAX(MPH)
                                 MISC ---->  # 36 110               # 45  110
================================================================================
NOTES:
# LAST OF SEVERAL OCCURRENCES

COLUMN 17 PEAK WIND IN M.P.H.

PRELIMINARY LOCAL CLIMATOLOGICAL DATA (WS FORM: F-6) , PAGE 2

                                          STATION:  Terrell County Airport
                                          MONTH:    MAY
                                          YEAR:     2016
                                          LATITUDE:   30  2 N
                                          LONGITUDE: 102 13 W

[TEMPERATURE DATA]      [PRECIPITATION DATA]       SYMBOLS USED IN COLUMN 16

AVERAGE MONTHLY: 75.7   TOTAL FOR MONTH:   2.15    1 = FOG OR MIST
DPTR FM NORMAL:  -0.2   DPTR FM NORMAL:    0.80    2 = FOG REDUCING VISIBILITY
HIGHEST:    97 ON 10    GRTST 24HR  1.82 ON 18-19      TO 1/4 MILE OR LESS
LOWEST:     52 ON  3                               3 = THUNDER
                        SNOW, ICE PELLETS, HAIL    4 = ICE PELLETS
                        TOTAL MONTH:   0.0 INCH    5 = HAIL
                        GRTST 24HR     0.0         6 = FREEZING RAIN OR DRIZZLE
                        GRTST DEPTH:   0           7 = DUSTSTORM OR SANDSTORM:
                                                       VSBY 1/2 MILE OR LESS
                                                   8 = SMOKE OR HAZE
[NO. OF DAYS WITH]      [WEATHER - DAYS WITH]      9 = BLOWING SNOW
                                                   X = TORNADO
MAX 32 OR BELOW:   0    0.01 INCH OR MORE:   6
MAX 90 OR ABOVE:  16    0.10 INCH OR MORE:   4
MIN 32 OR BELOW:   0    0.50 INCH OR MORE:   1
MIN  0 OR BELOW:   0    1.00 INCH OR MORE:   1

[HDD (BASE 65) ]
TOTAL THIS MO.     2    CLEAR  (SCALE 0-3)  25
DPTR FM NORMAL     2    PTCLDY (SCALE 4-7)   0
TOTAL FM JUL 1  1248    CLOUDY (SCALE 8-10)  0
DPTR FM NORMAL  -567

[CDD (BASE 65) ]
TOTAL THIS MO.   274
DPTR FM NORMAL    -3    [PRESSURE DATA]
TOTAL FM JAN 1   580    HIGHEST SLP M ON M
DPTR FM NORMAL    93    LOWEST  SLP 29.46 ON  8

[REMARKS]
