000
CXUS55 KABR 301400
CF68D3
PRELIMINARY LOCAL CLIMATOLOGICAL DATA (WS FORM: F-6)

                                          STATION:   SISSETON SD
                                          MONTH:     SEPTEMBER
                                          YEAR:      2014
                                          LATITUDE:   45 40 N
                                          LONGITUDE:  96 59 W

  TEMPERATURE IN F:       :PCPN:    SNOW:  WIND      :SUNSHINE: SKY     :PK WND
================================================================================
1   2   3   4   5  6A  6B    7    8   9   10  11  12  13   14  15   16   17  18
                                     12Z  AVG MX 2MIN
DY MAX MIN AVG DEP HDD CDD  WTR  SNW DPTH SPD SPD DIR MIN PSBL S-S WX    SPD DR
================================================================================

 1  79  54  67   1   0   2 0.00  0.0    0  6.9 17 300   M    M   0        24 300
 2  80  53  67   2   0   2 0.00  0.0    0  9.9 21 230   M    M   0        28 230
 3  72  63  68   3   0   3 0.00  0.0    0  8.9 20 240   M    M   0        26 230
 4  79  57  68   4   0   3 0.01  0.0    0 12.2 24 340   M    M   0        30 320
 5  71  48  60  -4   5   0 0.00  0.0    0  9.3 21 270   M    M   0        26 280
 6  79  53  66   2   0   1 0.00  0.0    0 11.8 21 240   M    M   0        27 240
 7  81  61  71   8   0   6 0.00  0.0    0 15.5 25 240   M    M   0        33 240
 8  83  58  71   8   0   6 0.00  0.0    0  9.7 21 240   M    M   0        28 200
 9  61  51  56  -7   9   0 0.03  0.0    0 12.0 24  20   M    M   0        31  10
10  54  46  50 -12  15   0 0.03  0.0    0 14.1 24  20   M    M   0        32  20
11  58  36  47 -15  18   0 0.00  0.0    0  9.0 17  20   M    M   0        21  30
12  57  34  46 -15  19   0 0.00  0.0    0  5.5 13 300   M    M   0        18 350
13  65  34  50 -11  15   0 0.00  0.0    0 11.6 26 210   M    M   0        36 210
14  61  40  51 -10  14   0 0.00  0.0    0  7.8 17 330   M    M   0        22 320
15  65  41  53  -7  12   0 0.00  0.0    0  6.4 15  30   M    M   0        21  40
16  73  43  58  -2   7   0 0.00  0.0    0  8.9 17 240   M    M   0        23 220
17  76  44  60   1   5   0 0.00  0.0    0  4.4 14 360   M    M   0        18  70
18  78  41  60   1   5   0 0.00  0.0    0  8.8 18 190   M    M   0        26 190
19  80  60  70  12   0   5 0.00  0.0    0 10.8 20 190   M    M   0        25 190
20  77  51  64   6   1   0 0.52  0.0    0 11.9 26 350   M    M   0        35 340
21  70  45  58   0   7   0 0.00  0.0    0  9.2 18 330   M    M   0        25 340
22  77  44  61   4   4   0 0.00  0.0    0  8.8 16 250   M    M   0        20 260
23  68  49  59   2   6   0 0.09    M    0 10.6 24 190   M    M   0        32 180
24  69  51  60   4   5   0 0.10  0.0    0  6.5 14 200   M    M   0        18 210
25  85  49  67  11   0   2 0.00  0.0    0  5.8 14 150   M    M   0        18 160
26  83  57  70  15   0   5 0.00  0.0    0  9.1 20 150   M    M   0        26 160
27  85  56  71  16   0   6 0.00  0.0    0  9.7 22 200   M    M   0        31 170
28  78  54  66  12   0   1 0.00  0.0    0  9.9 21  20   M    M   0        27  30
29  63  49  56   2   9   0 0.00  0.0    0 10.4 16 130   M    M   0        22  30
================================================================================
SM 2107 1422       156  42  0.78     0.0 275.4          M        0
================================================================================
AV 72.7 49.0                               9.5 FASTST   M    M   0    MAX(MPH)
                                 MISC ---->  # 26 210               # 36  210
================================================================================
NOTES:
# LAST OF SEVERAL OCCURRENCES

COLUMN 17 PEAK WIND IN M.P.H.

PRELIMINARY LOCAL CLIMATOLOGICAL DATA (WS FORM: F-6) , PAGE 2

                                          STATION:  SISSETON SD
                                          MONTH:    SEPTEMBER
                                          YEAR:     2014
                                          LATITUDE:   45 40 N
                                          LONGITUDE:  96 59 W

[TEMPERATURE DATA]      [PRECIPITATION DATA]       SYMBOLS USED IN COLUMN 16

AVERAGE MONTHLY: 60.8   TOTAL FOR MONTH:   0.78    1 = FOG OR MIST
DPTR FM NORMAL:   0.8   DPTR FM NORMAL:   -1.68    2 = FOG REDUCING VISIBILITY
HIGHEST:    85 ON 27,25 GRTST 24HR  0.52 ON 20-20      TO 1/4 MILE OR LESS
LOWEST:     34 ON 13,12                            3 = THUNDER
                        SNOW, ICE PELLETS, HAIL    4 = ICE PELLETS
                        TOTAL MONTH:   0.0 INCH    5 = HAIL
                        GRTST 24HR     0.0         6 = FREEZING RAIN OR DRIZZLE
                        GRTST DEPTH:   0           7 = DUSTSTORM OR SANDSTORM:
                                                       VSBY 1/2 MILE OR LESS
                                                   8 = SMOKE OR HAZE
[NO. OF DAYS WITH]      [WEATHER - DAYS WITH]      9 = BLOWING SNOW
                                                   X = TORNADO
MAX 32 OR BELOW:   0    0.01 INCH OR MORE:   6
MAX 90 OR ABOVE:   0    0.10 INCH OR MORE:   2
MIN 32 OR BELOW:   0    0.50 INCH OR MORE:   1
MIN  0 OR BELOW:   0    1.00 INCH OR MORE:   0

[HDD (BASE 65) ]
TOTAL THIS MO.   156    CLEAR  (SCALE 0-3)  29
DPTR FM NORMAL   -35    PTCLDY (SCALE 4-7)   0
TOTAL FM JUL 1   193    CLOUDY (SCALE 8-10)  0
DPTR FM NORMAL   -41

[CDD (BASE 65) ]
TOTAL THIS MO.    42
DPTR FM NORMAL    -2    [PRESSURE DATA]
TOTAL FM JAN 1   442    HIGHEST SLP M ON M
DPTR FM NORMAL   -81    LOWEST  SLP 29.46 ON  4

[REMARKS]
