000
CXUS56 KMFR 291000
CF6AAT
PRELIMINARY LOCAL CLIMATOLOGICAL DATA (WS FORM: F-6)

                                          STATION:   ALTURAS CA
                                          MONTH:     JULY
                                          YEAR:      2015
                                          LATITUDE:   41 29 N
                                          LONGITUDE: 120 34 W

  TEMPERATURE IN F:       :PCPN:    SNOW:  WIND      :SUNSHINE: SKY     :PK WND
================================================================================
1   2   3   4   5  6A  6B    7    8   9   10  11  12  13   14  15   16   17  18
                                     12Z  AVG MX 2MIN
DY MAX MIN AVG DEP HDD CDD  WTR  SNW DPTH SPD SPD DIR MIN PSBL S-S WX    SPD DR
================================================================================

 1 101  54  78  14   0  13 0.00    M    M  7.1 24 260   M    M   0        29 260
 2 100  56  78  14   0  13    T    M    M  5.4 22  40   M    M   1 3      39  30
 3  94  67  81  17   0  16    T    M    M  7.4 23 260   M    M   1        28 280
 4  95  56  76  12   0  11 0.00    M    M  6.2 25 170   M    M   1        34 170
 5  86  59  73   8   0   8 0.26    M    M  6.1 25  90   M    M   6 13     36  90
 6  90  54  72   7   0   7 0.00    M    M  3.5 21 270   M    M   1 3      26 270
 7  88  55  72   7   0   7 0.17    M    M  6.2 21 210   M    M   3 1      27 210
 8  80  53  67   1   0   2 0.08    M    M  6.3 23  20   M    M   4 12     32  10
 9  79  52  66   0   0   1 0.14    M    M  5.1 26 170   M    M   3 13     41 140
10  75  53  64  -2   1   0 0.00    M    M  4.9 21 250   M    M   6        26 240
11  77  52  65  -1   0   0 0.00    M    M  7.7 24 250   M    M   4        31 240
12  76  50  63  -3   2   0 0.21    M    M  4.3 28 220   M    M   4 3      43 250
13  81  43  62  -4   3   0 0.00    M    M  3.7 17 270   M    M   2 1      22 280
14  85  46  66  -1   0   1 0.00    M    M  4.8 22 290   M    M   0        29 290
15  88  50  69   2   0   4 0.00    M    M  4.2 15 350   M    M   0        20 320
16  89  48  69   2   0   4 0.00    M    M  5.0 20 300   M    M   0        25 290
17  88  48  68   1   0   3    T    M    M  7.1 22 330   M    M   2 3      27  20
18  87  48  68   1   0   3 0.00    M    M  3.9 22 230   M    M   2        27 230
19  90  47  69   2   0   4 0.00    M    M  6.1 17 250   M    M   1        23 260
20  93  51  72   5   0   7 0.10    M    M  5.9 30 290   M    M   2 3      44 300
21  89  51  70   3   0   5 0.16    M    M  6.4 23 110   M    M   2 13     35 250
22  84  54  69   2   0   4 0.02    M    M  7.1 25 280   M    M   2        34 240
23  84  46  65  -3   0   0 0.00    M    M  6.1 23 260   M    M   0        30 260
24  84  38  61  -7   4   0 0.00    M    M  5.2 20 270   M    M   0        29 280
25  84  40  62  -6   3   0 0.00    M    M  6.2 20 260   M    M   0        27 260
26  82  46  64  -4   1   0 0.03    M    M  8.7 35 310   M    M   2        41 310
27  77  40  59  -9   6   0 0.00    M    M  3.6 12  30   M    M   2 128    20 340
28  85  38  62  -6   3   0 0.00    M    M  3.6 12  20   M    M   0        16  10
================================================================================
SM 2411 1395        23 113  1.17    M    157.8          M       51
================================================================================
AV 86.1 49.8                               5.6 FASTST   M    M   2    MAX(MPH)
                                 MISC ---->  # 35 310               # 44  300
================================================================================
NOTES:
# LAST OF SEVERAL OCCURRENCES

COLUMN 17 PEAK WIND IN M.P.H.

PRELIMINARY LOCAL CLIMATOLOGICAL DATA (WS FORM: F-6) , PAGE 2

                                          STATION:  ALTURAS CA
                                          MONTH:    JULY
                                          YEAR:     2015
                                          LATITUDE:   41 29 N
                                          LONGITUDE: 120 34 W

[TEMPERATURE DATA]      [PRECIPITATION DATA]       SYMBOLS USED IN COLUMN 16

AVERAGE MONTHLY: 68.0   TOTAL FOR MONTH:   1.17    1 = FOG OR MIST
DPTR FM NORMAL:   1.6   DPTR FM NORMAL:    0.88    2 = FOG REDUCING VISIBILITY
HIGHEST:   101 ON  1    GRTST 24HR  0.26 ON  5- 5      TO 1/4 MILE OR LESS
LOWEST:     38 ON 28,24                            3 = THUNDER
                        SNOW, ICE PELLETS, HAIL    4 = ICE PELLETS
                        TOTAL MONTH:    M          5 = HAIL
                        GRTST 24HR    M  ON   M    6 = FREEZING RAIN OR DRIZZLE
                        GRTST DEPTH:  M  ON   M    7 = DUSTSTORM OR SANDSTORM:
                                                       VSBY 1/2 MILE OR LESS
                                                   8 = SMOKE OR HAZE
[NO. OF DAYS WITH]      [WEATHER - DAYS WITH]      9 = BLOWING SNOW
                                                   X = TORNADO
MAX 32 OR BELOW:   0    0.01 INCH OR MORE:   9
MAX 90 OR ABOVE:   7    0.10 INCH OR MORE:   6
MIN 32 OR BELOW:   0    0.50 INCH OR MORE:   0
MIN  0 OR BELOW:   0    1.00 INCH OR MORE:   0

[HDD (BASE 65) ]
TOTAL THIS MO.    23    CLEAR  (SCALE 0-3)  21
DPTR FM NORMAL   -15    PTCLDY (SCALE 4-7)   7
TOTAL FM JUL 1    23    CLOUDY (SCALE 8-10)  0
DPTR FM NORMAL   -15

[CDD (BASE 65) ]
TOTAL THIS MO.   113
DPTR FM NORMAL    43    [PRESSURE DATA]
TOTAL FM JAN 1   216    HIGHEST SLP  0.00 ON M
DPTR FM NORMAL   135    LOWEST  SLP  0.00 ON M

[REMARKS]
