000
CXUS54 KSJT 281210
CF6ABI
PRELIMINARY LOCAL CLIMATOLOGICAL DATA (WS FORM: F-6)

                                          STATION:   ABILENE
                                          MONTH:     APRIL
                                          YEAR:      2016
                                          LATITUDE:   32 25 N
                                          LONGITUDE:  99 41 W

  TEMPERATURE IN F:       :PCPN:    SNOW:  WIND      :SUNSHINE: SKY     :PK WND
================================================================================
1   2   3   4   5  6A  6B    7    8   9   10  11  12  13   14  15   16   17  18
                                     12Z  AVG MX 2MIN
DY MAX MIN AVG DEP HDD CDD  WTR  SNW DPTH SPD SPD DIR MIN PSBL S-S WX    SPD DR
================================================================================

 1  57  39  48 -13  17   0    T  0.0    0 11.5 28 360   M    M   7        36 360
 2  69  36  53  -8  12   0 0.00  0.0    0  7.8 18 340   M    M   0        23 340
 3  76  43  60  -1   5   0 0.00  0.0    0  9.7 21 220   M    M   0        27 180
 4  85  54  70   8   0   5 0.00  0.0    0 10.4 18 220   M    M   0        25 210
 5  85  60  73  11   0   8 0.00  0.0    0 18.4 28 170   M    M   0        36 160
 6  75  49  62   0   3   0 0.00  0.0    0 12.0 30 340   M    M   0        39 350
 7  82  50  66   4   0   1 0.00  0.0    0 10.1 22 200   M    M   0        27 220
 8  74  55  65   3   0   0 0.00  0.0    0 11.1 20 130   M    M   0        24 130
 9  62  51  57  -6   8   0 0.33  0.0    0 13.7 28 160   M    M   6 13     34 160
10  82  62  72   9   0   7 0.33  0.0    0 18.8 31 170   M    M   2 1      43 170
11  83  58  71   8   0   6    T  0.0    0 14.9 31  10   M    M   2        40  10
12  63  52  58  -6   7   0 0.71  0.0    0  9.2 24  90   M    M   9 1      30  80
13  68  53  61  -3   4   0 0.01  0.0    0  5.9 12 340   M    M   7 1      13 340
14  75  45  60  -4   5   0 0.00  0.0    0  5.5 16 130   M    M   2 12     21 140
15  78  55  67   3   0   2    T  0.0    0 19.5 31 140   M    M   1 1      36 150
16  74  57  66   1   0   1 0.93  0.0    0 20.5 32 140   M    M   7 13     39 150
17  64  58  61  -4   4   0 1.89  0.0    0  7.3 17 340   M    M  10 13     20 330
18  61  51  56  -9   9   0 0.16  0.0    0  9.7 21 360   M    M  10 1      25 360
19  71  57  64  -2   1   0 0.45  0.0    0  5.6 38 340   M    M  10 1      48 320
20  68  56  62  -4   3   0 0.39  0.0    0  8.3 23 360   M    M   8 1      28 360
21  74  55  65  -1   0   0 0.46  0.0    0  9.6 31 360   M    M   3 13     40 360
22  79  50  65  -1   0   0 0.00  0.0    0  4.6 13  10   M    M   0        16  30
23  80  53  67   0   0   2 0.00  0.0    0 11.0 18 210   M    M   0        23 180
24  80  58  69   2   0   4 0.00  0.0    0 15.1 25 180   M    M   0        31 180
25  88  64  76   9   0  11 0.00  0.0    0 14.0 25 200   M    M   0        34 200
26  84  53  69   1   0   4 0.58    T    0 13.4 45 260   M    M   3 135    63 260
27  79  49  64  -4   1   0 0.00  0.0    0  7.8 16 280   M    M   0 8      21 290
================================================================================
SM 2016 1423        79  51  6.24    T    305.4          M       87
================================================================================
AV 74.7 52.7                              11.3 FASTST   M    M   3    MAX(MPH)
                                 MISC ---->  # 45 260               # 63  260
================================================================================
NOTES:
# LAST OF SEVERAL OCCURRENCES

COLUMN 17 PEAK WIND IN M.P.H.

PRELIMINARY LOCAL CLIMATOLOGICAL DATA (WS FORM: F-6) , PAGE 2

                                          STATION:  ABILENE
                                          MONTH:    APRIL
                                          YEAR:     2016
                                          LATITUDE:   32 25 N
                                          LONGITUDE:  99 41 W

[TEMPERATURE DATA]      [PRECIPITATION DATA]       SYMBOLS USED IN COLUMN 16

AVERAGE MONTHLY: 63.7   TOTAL FOR MONTH:   6.24    1 = FOG OR MIST
DPTR FM NORMAL:  -0.5   DPTR FM NORMAL:    4.82    2 = FOG REDUCING VISIBILITY
HIGHEST:    88 ON 25    GRTST 24HR  2.82 ON 16-17      TO 1/4 MILE OR LESS
LOWEST:     36 ON  2                               3 = THUNDER
                        SNOW, ICE PELLETS, HAIL    4 = ICE PELLETS
                        TOTAL MONTH:    T          5 = HAIL
                        GRTST 24HR    T  ON 26-26  6 = FREEZING RAIN OR DRIZZLE
                        GRTST DEPTH:   0           7 = DUSTSTORM OR SANDSTORM:
                                                       VSBY 1/2 MILE OR LESS
                                                   8 = SMOKE OR HAZE
[NO. OF DAYS WITH]      [WEATHER - DAYS WITH]      9 = BLOWING SNOW
                                                   X = TORNADO
MAX 32 OR BELOW:   0    0.01 INCH OR MORE:  11
MAX 90 OR ABOVE:   0    0.10 INCH OR MORE:  10
MIN 32 OR BELOW:   0    0.50 INCH OR MORE:   4
MIN  0 OR BELOW:   0    1.00 INCH OR MORE:   1

[HDD (BASE 65) ]
TOTAL THIS MO.    79    CLEAR  (SCALE 0-3)  17
DPTR FM NORMAL   -28    PTCLDY (SCALE 4-7)   6
TOTAL FM JUL 1  2020    CLOUDY (SCALE 8-10)  4
DPTR FM NORMAL  -518

[CDD (BASE 65) ]
TOTAL THIS MO.    51
DPTR FM NORMAL   -32    [PRESSURE DATA]
TOTAL FM JAN 1    83    HIGHEST SLP M ON M
DPTR FM NORMAL   -34    LOWEST  SLP 29.43 ON 26

[REMARKS]
