000
CXUS55 KABQ 291000
CF6ABQ
PRELIMINARY LOCAL CLIMATOLOGICAL DATA (WS FORM: F-6)

                                          STATION:   ALBUQUERQUE  NM
                                          MONTH:     JUNE
                                          YEAR:      2015
                                          LATITUDE:   35  2 N
                                          LONGITUDE: 106 37 W

  TEMPERATURE IN F:       :PCPN:    SNOW:  WIND      :SUNSHINE: SKY     :PK WND
================================================================================
1   2   3   4   5  6A  6B    7    8   9   10  11  12  13   14  15   16   17  18
                                     12Z  AVG MX 2MIN
DY MAX MIN AVG DEP HDD CDD  WTR  SNW DPTH SPD SPD DIR MIN PSBL S-S WX    SPD DR
================================================================================

 1  90  60  75   4   0  10 0.00  0.0    0  6.0 31 230   M    M   4 3      45 230
 2  91  56  74   3   0   9 0.00  0.0    0  4.3 17 160   M    M   2        26 310
 3  89  58  74   3   0   9 0.00  0.0    0  5.4 20 280   M    M   2        29 280
 4  90  57  74   2   0   9 0.00  0.0    0  8.3 24 180   M    M   4        29 190
 5  81  64  73   1   0   8    T  0.0    0  8.1 25  10   M    M   8        30  20
 6  86  64  75   3   0  10    T  0.0    0 10.9 41 190   M    M   6 7      50 180
 7  86  59  73   0   0   8 0.02  0.0    0  6.0 32 290   M    M   5 3      41 250
 8  90  65  78   5   0  13 0.00  0.0    0  8.2 26 190   M    M   5        31 190
 9  85  67  76   3   0  11    T  0.0    0  8.4 23  80   M    M   8        27 230
10  87  63  75   1   0  10 0.02  0.0    0  8.9 24 360   M    M   5 13     30 360
11  90  63  77   3   0  12    T  0.0    0  9.3 35 320   M    M   4        42 320
12  85  60  73  -1   0   8 0.20  0.0    0  5.8 22 220   M    M   4 3      28 270
13  81  59  70  -4   0   5 0.09  0.0    0  8.1 32 270   M    M   5 3      39 260
14  86  57  72  -3   0   7 0.00  0.0    0  5.8 26  80   M    M   3        33  80
15  87  66  77   2   0  12    T  0.0    0 13.8 32  80   M    M   3 3      36  80
16  89  66  78   3   0  13    T  0.0    0 11.5 31  90   M    M   5        42  80
17  94  66  80   4   0  15 0.00  0.0    0  6.7 30  90   M    M   3        37  90
18  96  68  82   6   0  17 0.00  0.0    0 10.7 33  90   M    M   2        44  90
19  96  69  83   7   0  18 0.02  0.0    0  9.7 35  90   M    M   4 3      45  80
20  99  68  84   8   0  19 0.00  0.0    0  3.9 12 270   M    M   1        15 240
21 101  65  83   6   0  18 0.00  0.0    0  4.1 15 270   M    M   2        19 270
22 102  74  88  11   0  23 0.00  0.0    0  7.6 31  80   M    M   2        37  80
23  96  72  84   7   0  19 0.01  0.0    0 13.3 28  90   M    M   5        33  80
24  91  69  80   3   0  15 0.00  0.0    0  8.1 22 190   M    M   4        26 170
25  94  67  81   4   0  16    T  0.0    0  8.1 30  90   M    M   4 3      37  90
26  93  68  81   3   0  16    T  0.0    0 10.3 39  90   M    M   5 3      49  90
27  88  64  76  -2   0  11 0.20  0.0    0 13.7 39  80   M    M   7 3      47  90
28  93  63  78   0   0  13 0.00  0.0    0  6.5 29 100   M    M   5 3      37 110
================================================================================
SM 2536 1797         0 354  0.56     0.0 231.5          M      117
================================================================================
AV 90.6 64.2                               8.3 FASTST   M    M   4    MAX(MPH)
                                 MISC ---->  # 41 190               # 50  180
================================================================================
NOTES:
# LAST OF SEVERAL OCCURRENCES

COLUMN 17 PEAK WIND IN M.P.H.

PRELIMINARY LOCAL CLIMATOLOGICAL DATA (WS FORM: F-6) , PAGE 2

                                          STATION:  ALBUQUERQUE  NM
                                          MONTH:    JUNE
                                          YEAR:     2015
                                          LATITUDE:   35  2 N
                                          LONGITUDE: 106 37 W

[TEMPERATURE DATA]      [PRECIPITATION DATA]       SYMBOLS USED IN COLUMN 16

AVERAGE MONTHLY: 77.4   TOTAL FOR MONTH:   0.56    1 = FOG OR MIST
DPTR FM NORMAL:   2.7   DPTR FM NORMAL:   -0.03    2 = FOG REDUCING VISIBILITY
HIGHEST:   102 ON 22    GRTST 24HR  0.29 ON 12-13      TO 1/4 MILE OR LESS
LOWEST:     56 ON  2                               3 = THUNDER
                        SNOW, ICE PELLETS, HAIL    4 = ICE PELLETS
                        TOTAL MONTH:   0.0 INCH    5 = HAIL
                        GRTST 24HR     0.0         6 = FREEZING RAIN OR DRIZZLE
                        GRTST DEPTH:   0           7 = DUSTSTORM OR SANDSTORM:
                                                       VSBY 1/2 MILE OR LESS
                                                   8 = SMOKE OR HAZE
[NO. OF DAYS WITH]      [WEATHER - DAYS WITH]      9 = BLOWING SNOW
                                                   X = TORNADO
MAX 32 OR BELOW:   0    0.01 INCH OR MORE:   7
MAX 90 OR ABOVE:  16    0.10 INCH OR MORE:   2
MIN 32 OR BELOW:   0    0.50 INCH OR MORE:   0
MIN  0 OR BELOW:   0    1.00 INCH OR MORE:   0

[HDD (BASE 65) ]
TOTAL THIS MO.     0    CLEAR  (SCALE 0-3)   9
DPTR FM NORMAL     0    PTCLDY (SCALE 4-7)  19
TOTAL FM JUL 1  3651    CLOUDY (SCALE 8-10)  0
DPTR FM NORMAL  -524

[CDD (BASE 65) ]
TOTAL THIS MO.   354
DPTR FM NORMAL    79    [PRESSURE DATA]
TOTAL FM JAN 1   387    HIGHEST SLP M ON M
DPTR FM NORMAL    14    LOWEST  SLP 29.56 ON 11

[REMARKS]
