000
CXUS55 KABQ 261000
CF6ABQ
PRELIMINARY LOCAL CLIMATOLOGICAL DATA (WS FORM: F-6)

                                          STATION:   ALBUQUERQUE  NM
                                          MONTH:     FEBRUARY
                                          YEAR:      2015
                                          LATITUDE:   35  2 N
                                          LONGITUDE: 106 37 W

  TEMPERATURE IN F:       :PCPN:    SNOW:  WIND      :SUNSHINE: SKY     :PK WND
================================================================================
1   2   3   4   5  6A  6B    7    8   9   10  11  12  13   14  15   16   17  18
                                     12Z  AVG MX 2MIN
DY MAX MIN AVG DEP HDD CDD  WTR  SNW DPTH SPD SPD DIR MIN PSBL S-S WX    SPD DR
================================================================================

 1  51  32  42   4  23   0 0.00  0.0    0  7.1 16 340   M    M   2        20 320
 2  57  26  42   3  23   0 0.00  0.0    0  4.5 16 330   M    M   1        20 330
 3  59  30  45   6  20   0 0.00  0.0    0  3.6 12 350   M    M   3        15 350
 4  64  33  49  10  16   0 0.00  0.0    0  6.8 25 310   M    M   4        32 330
 5  64  32  48   9  17   0 0.00  0.0    0  4.4 10  10   M    M   5        11  20
 6  67  31  49  10  16   0 0.00  0.0    0  3.4 13  10   M    M   1        14  10
 7  70  35  53  13  12   0 0.00  0.0    0  4.7 17 360   M    M   0        22 280
 8  70  37  54  14  11   0 0.00  0.0    0  6.7 17 300   M    M   0        22 300
 9  69  37  53  13  12   0 0.00  0.0    0  5.3 13 360   M    M   0        16  10
10  68  38  53  13  12   0 0.00  0.0    0  2.1 10 110   M    M   0        12 340
11  51  39  45   5  20   0    T  0.0    0 15.9 33  90   M    M   7        39  90
12  54  31  43   2  22   0 0.00  0.0    0  4.2  9 130   M    M   3        13 210
13  64  30  47   6  18   0 0.00  0.0    0  3.5 12  80   M    M   1        13  80
14  66  30  48   7  17   0 0.00  0.0    0  5.1 10 140   M    M   2        13 360
15  69  37  53  11  12   0 0.00  0.0    0  7.3 20 340   M    M   7        24 340
16  53  31  42   0  23   0 0.00  0.0    0  6.7 23  90   M    M   5        29  90
17  52  24  38  -4  27   0 0.00  0.0    0 10.0 23 320   M    M   1        29 320
18  63  26  45   3  20   0 0.00  0.0    0  5.3 13 330   M    M   1        18 280
19  68  30  49   7  16   0 0.00  0.0    0  4.5 13 360   M    M   4        18 270
20  68  31  50   7  15   0 0.00  0.0    0  7.7 25 280   M    M   5        30 290
21  67  34  51   8  14   0 0.00  0.0    0 11.0 29 300   M    M   6 7      38 280
22  46  20  33 -10  32   0    T    T    0 27.5 43  80   M    M   9 7      53  90
23  34  16  25 -18  40   0    T  0.2    0 15.7 36  90   M    M  10        43  90
24  46  23  35  -9  30   0    T    T    0  9.4 33  80   M    M   6        43 110
25  57  25  41  -3  24   0 0.00  0.0    0  9.5 29 310   M    M   3        35 300
================================================================================
SM 1497  758       492   0    T      0.2 191.9          M       86
================================================================================
AV 59.9 30.3                               7.7 FASTST   M    M   3    MAX(MPH)
                                 MISC ---->  # 43  80               # 53   90
================================================================================
NOTES:
# LAST OF SEVERAL OCCURRENCES

COLUMN 17 PEAK WIND IN M.P.H.

PRELIMINARY LOCAL CLIMATOLOGICAL DATA (WS FORM: F-6) , PAGE 2

                                          STATION:  ALBUQUERQUE  NM
                                          MONTH:    FEBRUARY
                                          YEAR:     2015
                                          LATITUDE:   35  2 N
                                          LONGITUDE: 106 37 W

[TEMPERATURE DATA]      [PRECIPITATION DATA]       SYMBOLS USED IN COLUMN 16

AVERAGE MONTHLY: 45.1   TOTAL FOR MONTH:      T    1 = FOG OR MIST
DPTR FM NORMAL:   4.1   DPTR FM NORMAL:   -0.43    2 = FOG REDUCING VISIBILITY
HIGHEST:    70 ON  8, 7 GRTST 24HR    T  ON 24-24      TO 1/4 MILE OR LESS
LOWEST:     16 ON 23                               3 = THUNDER
                        SNOW, ICE PELLETS, HAIL    4 = ICE PELLETS
                        TOTAL MONTH:   0.2 INCH    5 = HAIL
                        GRTST 24HR   0.2 ON   M    6 = FREEZING RAIN OR DRIZZLE
                        GRTST DEPTH:   0           7 = DUSTSTORM OR SANDSTORM:
                                                       VSBY 1/2 MILE OR LESS
                                                   8 = SMOKE OR HAZE
[NO. OF DAYS WITH]      [WEATHER - DAYS WITH]      9 = BLOWING SNOW
                                                   X = TORNADO
MAX 32 OR BELOW:   0    0.01 INCH OR MORE:   0
MAX 90 OR ABOVE:   0    0.10 INCH OR MORE:   0
MIN 32 OR BELOW:  17    0.50 INCH OR MORE:   0
MIN  0 OR BELOW:   0    1.00 INCH OR MORE:   0

[HDD (BASE 65) ]
TOTAL THIS MO.   492    CLEAR  (SCALE 0-3)  12
DPTR FM NORMAL  -107    PTCLDY (SCALE 4-7)  11
TOTAL FM JUL 1  2813    CLOUDY (SCALE 8-10)  2
DPTR FM NORMAL  -428

[CDD (BASE 65) ]
TOTAL THIS MO.     0
DPTR FM NORMAL     0    [PRESSURE DATA]
TOTAL FM JAN 1     0    HIGHEST SLP M ON M
DPTR FM NORMAL     0    LOWEST  SLP 29.63 ON 21

[REMARKS]
