000
CXUS55 KABR 301400
CF6ABR
PRELIMINARY LOCAL CLIMATOLOGICAL DATA (WS FORM: F-6)

                                          STATION:   ABERDEEN SD
                                          MONTH:     SEPTEMBER
                                          YEAR:      2014
                                          LATITUDE:   45 27 N
                                          LONGITUDE:  98 26 W

  TEMPERATURE IN F:       :PCPN:    SNOW:  WIND      :SUNSHINE: SKY     :PK WND
================================================================================
1   2   3   4   5  6A  6B    7    8   9   10  11  12  13   14  15   16   17  18
                                     12Z  AVG MX 2MIN
DY MAX MIN AVG DEP HDD CDD  WTR  SNW DPTH SPD SPD DIR MIN PSBL S-S WX    SPD DR
================================================================================

 1  77  52  65   0   0   0 0.01  0.0    0  6.5 16 320   M    M   2        21 250
 2  80  46  63  -2   2   0 0.00  0.0    0  8.2 16 230   M    M   0        21 230
 3  80  52  66   2   0   1 0.00  0.0    0  6.9 14  80   M    M   2 1      19  70
 4  74  55  65   1   0   0 0.00  0.0    0 16.1 30 320   M    M   2        38 310
 5  69  45  57  -7   8   0 0.00  0.0    0  7.0 16 310   M    M   1 18     22 310
 6  78  38  58  -5   7   0 0.00  0.0    0  7.9 15 220   M    M   0 8      21 220
 7  80  48  64   1   1   0 0.00  0.0    0 12.4 23 180   M    M   0        30 170
 8  80  57  69   7   0   4 0.00  0.0    0 11.7 21 180   M    M   0 3      27 180
 9  63  48  56  -6   9   0 0.16  0.0    0 14.8 26  10   M    M   9 1      33 360
10  51  42  47 -14  18   0 0.05  0.0    0 16.4 26  10   M    M  10 1      33  20
11  54  40  47 -14  18   0 0.00  0.0    0 10.7 18  30   M    M   7        24  30
12  56  32  44 -17  21   0 0.00  0.0    0  4.4  9 170   M    M   8        11 280
13  65  32  49 -11  16   0 0.00  0.0    0 12.1 26 200   M    M   1 8      35 200
14  60  31  46 -14  19   0    T  0.0    0  5.2 12 330   M    M   1        14 340
15  64  36  50  -9  15   0    T    M    0  5.7  9 310   M    M   2        15 350
16  71  32  52  -7  13   0 0.00  0.0    0  6.3 17 180   M    M   0        23 170
17  73  39  56  -2   9   0 0.00  0.0    0  5.6 15  60   M    M   2 12     19  30
18  80  43  62   4   3   0 0.00  0.0    0 11.9 25 170   M    M   1        32 170
19  85  62  74  17   0   9 0.01  0.0    0 11.1 25 150   M    M   3 13     33 150
20  78  52  65   8   0   0    T  0.0    0 10.3 36 320   M    M   1        42 330
21  72  41  57   1   8   0 0.00  0.0    0  7.1 16 340   M    M   1        24 350
22  78  36  57   1   8   0 0.00  0.0    0 10.1 20 160   M    M   0 1      26 170
23  61  57  59   3   6   0 0.55  0.0    0 12.3 28 160   M    M   8 1      35 150
24  77  57  67  12   0   2 0.00  0.0    0  6.6 12 180   M    M   6 1      15 200
25  86  52  69  14   0   4 0.00  0.0    0  7.0 15 150   M    M   2 12     20 150
26  86  63  75  21   0  10 0.00  0.0    0 14.4 24 140   M    M   0        30 140
27  85  60  73  19   0   8 0.00  0.0    0 13.9 24 170   M    M   1        32 170
28  76  53  65  12   0   0 0.00  0.0    0 12.1 25  10   M    M   3        33  20
29  64  51  58   5   7   0 0.00  0.0    0 12.2 18  70   M    M   8        23  90
================================================================================
SM 2103 1352       188  38  0.78     0.0 286.9          M       81
================================================================================
AV 72.5 46.6                               9.9 FASTST   M    M   3    MAX(MPH)
                                 MISC ---->  # 36 320               # 42  330
================================================================================
NOTES:
# LAST OF SEVERAL OCCURRENCES

COLUMN 17 PEAK WIND IN M.P.H.

PRELIMINARY LOCAL CLIMATOLOGICAL DATA (WS FORM: F-6) , PAGE 2

                                          STATION:  ABERDEEN SD
                                          MONTH:    SEPTEMBER
                                          YEAR:     2014
                                          LATITUDE:   45 27 N
                                          LONGITUDE:  98 26 W

[TEMPERATURE DATA]      [PRECIPITATION DATA]       SYMBOLS USED IN COLUMN 16

AVERAGE MONTHLY: 59.6   TOTAL FOR MONTH:   0.78    1 = FOG OR MIST
DPTR FM NORMAL:   0.4   DPTR FM NORMAL:   -1.34    2 = FOG REDUCING VISIBILITY
HIGHEST:    86 ON 26,25 GRTST 24HR  0.55 ON 23-23      TO 1/4 MILE OR LESS
LOWEST:     31 ON 14                               3 = THUNDER
                        SNOW, ICE PELLETS, HAIL    4 = ICE PELLETS
                        TOTAL MONTH:   0.0 INCH    5 = HAIL
                        GRTST 24HR     0.0         6 = FREEZING RAIN OR DRIZZLE
                        GRTST DEPTH:   0           7 = DUSTSTORM OR SANDSTORM:
                                                       VSBY 1/2 MILE OR LESS
                                                   8 = SMOKE OR HAZE
[NO. OF DAYS WITH]      [WEATHER - DAYS WITH]      9 = BLOWING SNOW
                                                   X = TORNADO
MAX 32 OR BELOW:   0    0.01 INCH OR MORE:   5
MAX 90 OR ABOVE:   0    0.10 INCH OR MORE:   2
MIN 32 OR BELOW:   4    0.50 INCH OR MORE:   1
MIN  0 OR BELOW:   0    1.00 INCH OR MORE:   0

[HDD (BASE 65) ]
TOTAL THIS MO.   188    CLEAR  (SCALE 0-3)  21
DPTR FM NORMAL   -23    PTCLDY (SCALE 4-7)   6
TOTAL FM JUL 1   250    CLOUDY (SCALE 8-10)  2
DPTR FM NORMAL   -12

[CDD (BASE 65) ]
TOTAL THIS MO.    38
DPTR FM NORMAL    -1    [PRESSURE DATA]
TOTAL FM JAN 1   342    HIGHEST SLP M ON M
DPTR FM NORMAL  -180    LOWEST  SLP 29.46 ON  4

[REMARKS]
