000
CXUS55 KABR 301400
CF6ABR
PRELIMINARY LOCAL CLIMATOLOGICAL DATA (WS FORM: F-6)

                                          STATION:   ABERDEEN SD
                                          MONTH:     MAY
                                          YEAR:      2016
                                          LATITUDE:   45 27 N
                                          LONGITUDE:  98 26 W

  TEMPERATURE IN F:       :PCPN:    SNOW:  WIND      :SUNSHINE: SKY     :PK WND
================================================================================
1   2   3   4   5  6A  6B    7    8   9   10  11  12  13   14  15   16   17  18
                                     12Z  AVG MX 2MIN
DY MAX MIN AVG DEP HDD CDD  WTR  SNW DPTH SPD SPD DIR MIN PSBL S-S WX    SPD DR
================================================================================

 1  64  31  48  -3  17   0 0.00  0.0    0  8.6 20  20   M    M   0 8      30  20
 2  65  33  49  -3  16   0    T  0.0    0  6.2 21 320   M    M   2        26 330
 3  78  33  56   4   9   0 0.00  0.0    0 13.3 31 350   M    M   0 1      41 350
 4  75  37  56   4   9   0 0.00  0.0    0  7.6 17 320   M    M   0 8      22 330
 5  90  40  65  12   0   0 0.00  0.0    0 11.5 22 210   M    M   0 8      28 200
 6  93  53  73  20   0   8 0.00  0.0    0 13.8 32 360   M    M   0        40 360
 7  73  41  57   3   8   0 0.00  0.0    0  6.1 17 230   M    M   0 8      21 230
 8  78  38  58   4   7   0 0.00  0.0    0  9.2 22 160   M    M   1        26 140
 9  65  51  58   4   7   0 0.42  0.0    0 14.1 28 100   M    M   7 13     35 100
10  72  45  59   4   6   0 0.22  0.0    0  7.4 20 180   M    M   8 1      25 190
11  64  45  55   0  10   0 0.00  0.0    0 11.7 26 230   M    M   5        35 240
12  62  41  52  -3  13   0 0.00  0.0    0 14.4 24 320   M    M   6        33 330
13  48  30  39 -17  26   0 0.02  0.0    0 17.4 31 330   M    M   8        39 320
14  61  26  44 -12  21   0 0.03  0.0    0 12.4 37 320   M    M   5        46 320
15  70  29  50  -6  15   0 0.00  0.0    0  7.0 18 280   M    M   2 8      30 250
16  71  35  53  -3  12   0 0.00  0.0    0  8.3 18  70   M    M   2        24  30
17  70  35  53  -4  12   0 0.00  0.0    0  6.3 14  10   M    M   0        19  30
18  76  39  58   1   7   0 0.00  0.0    0  8.4 18 190   M    M   0        32 170
19  76  48  62   5   3   0 0.00  0.0    0 18.2 31 170   M    M   5        40 160
20  72  52  62   4   3   0 0.00  0.0    0 15.7 28 160   M    M   5        36 160
21  80  52  66   8   0   1 0.00  0.0    0 19.7 33 160   M    M   0        43 160
22  86  57  72  14   0   7 0.15  0.0    0 23.6 46 170   M    M   4 3      57 170
23  82  56  69  10   0   4 0.26  0.0    0  8.7 25 280   M    M   3 138    32 290
24  85  54  70  11   0   5 0.00  0.0    0  8.6 24  20   M    M   0        28  20
25  79  53  66   7   0   1 0.34  0.0    0  8.9 32 210   M    M   5 13     38 210
26  79  47  63   3   2   0 0.12  0.0    0  8.8 21 230   M    M   2 3      29 230
27  74  54  64   4   1   0 0.06  0.0    0  6.0 24 160   M    M   5 13     29 160
28  71  57  64   4   1   0 0.05  0.0    0  6.2 16 330   M    M   6 13     19 330
29  81  53  67   7   0   2 0.00  0.0    0  8.6 20 310   M    M   2        26 340
================================================================================
SM 2140 1265       205  28  1.67     0.0 316.7          M       83
================================================================================
AV 73.8 43.6                              10.9 FASTST   M    M   3    MAX(MPH)
                                 MISC ---->  # 46 170               # 57  170
================================================================================
NOTES:
# LAST OF SEVERAL OCCURRENCES

COLUMN 17 PEAK WIND IN M.P.H.

PRELIMINARY LOCAL CLIMATOLOGICAL DATA (WS FORM: F-6) , PAGE 2

                                          STATION:  ABERDEEN SD
                                          MONTH:    MAY
                                          YEAR:     2016
                                          LATITUDE:   45 27 N
                                          LONGITUDE:  98 26 W

[TEMPERATURE DATA]      [PRECIPITATION DATA]       SYMBOLS USED IN COLUMN 16

AVERAGE MONTHLY: 58.7   TOTAL FOR MONTH:   1.67    1 = FOG OR MIST
DPTR FM NORMAL:   2.6   DPTR FM NORMAL:   -1.24    2 = FOG REDUCING VISIBILITY
HIGHEST:    93 ON  6    GRTST 24HR  0.42 ON  9- 9      TO 1/4 MILE OR LESS
LOWEST:     26 ON 14                               3 = THUNDER
                        SNOW, ICE PELLETS, HAIL    4 = ICE PELLETS
                        TOTAL MONTH:   0.0 INCH    5 = HAIL
                        GRTST 24HR     0.0         6 = FREEZING RAIN OR DRIZZLE
                        GRTST DEPTH:   0           7 = DUSTSTORM OR SANDSTORM:
                                                       VSBY 1/2 MILE OR LESS
                                                   8 = SMOKE OR HAZE
[NO. OF DAYS WITH]      [WEATHER - DAYS WITH]      9 = BLOWING SNOW
                                                   X = TORNADO
MAX 32 OR BELOW:   0    0.01 INCH OR MORE:  10
MAX 90 OR ABOVE:   2    0.10 INCH OR MORE:   6
MIN 32 OR BELOW:   4    0.50 INCH OR MORE:   0
MIN  0 OR BELOW:   0    1.00 INCH OR MORE:   0

[HDD (BASE 65) ]
TOTAL THIS MO.   205    CLEAR  (SCALE 0-3)  17
DPTR FM NORMAL   -70    PTCLDY (SCALE 4-7)  12
TOTAL FM JUL 1  6764    CLOUDY (SCALE 8-10)  0
DPTR FM NORMAL -1682

[CDD (BASE 65) ]
TOTAL THIS MO.    28
DPTR FM NORMAL     9    [PRESSURE DATA]
TOTAL FM JAN 1    29    HIGHEST SLP M ON M
DPTR FM NORMAL     8    LOWEST  SLP 29.48 ON 22

[REMARKS]
