000
CXUS54 KLZK 281130
CF6ADF
PRELIMINARY LOCAL CLIMATOLOGICAL DATA (WS FORM: F-6)

                                          STATION:   Arkadelphia Airport
                                          MONTH:     SEPTEMBER
                                          YEAR:      2016
                                          LATITUDE:   34  9 N
                                          LONGITUDE:  93  4 W

  TEMPERATURE IN F:       :PCPN:    SNOW:  WIND      :SUNSHINE: SKY     :PK WND
================================================================================
1   2   3   4   5  6A  6B    7    8   9   10  11  12  13   14  15   16   17  18
                                     12Z  AVG MX 2MIN
DY MAX MIN AVG DEP HDD CDD  WTR  SNW DPTH SPD SPD DIR MIN PSBL S-S WX    SPD DR
================================================================================

 1  87  74  81   3   0  16 0.00  0.0    0  6.5  9  40   M    M   2         M  M
 2  82  65  74  -4   0   9 0.00  0.0    0  6.6 10  30   M    M   0 8      16  30
 3  83  59  71  -7   0   6 0.00  0.0    0  1.9  7  30   M    M   1 1       M  M
 4  89  61  75  -2   0  10 0.00  0.0    0  0.5  5  99   M    M   0 1       M  M
 5  91  68  80   3   0  15 0.00  0.0    0  1.4  8 200   M    M   3 1       M  M
 6  89  74  82   5   0  17    T  0.0    0  0.8  5  99   M    M   5 13      M  M
 7  92  72  82   6   0  17 0.00  0.0    0  2.5  9 230   M    M   3 128     M  M
 8  92  70  81   5   0  16 0.00  0.0    0  3.4 10 200   M    M   3 12      M  M
 9  92  71  82   6   0  17 0.00  0.0    0  2.8  8 180   M    M   3 12      M  M
10  87  64  76   0   0  11 0.00  0.0    0  3.5 14  10   M    M   2 1      17 360
11  83  58  71  -4   0   6 0.00  0.0    0  2.1  7  30   M    M   0         M  M
12  89  62  76   1   0  11 0.00  0.0    0  0.6  5  99   M    M   3 1       M  M
13  90  66  78   4   0  13 0.00  0.0    0  0.6  5  99   M    M   1 12      M  M
14  93  68  81   7   0  16 0.00  0.0    0  2.0  7 360   M    M   1 1       M  M
15  93  71  82   8   0  17 0.00  0.0    0  1.4  7  30   M    M   1 1       M  M
16  92  70  81   8   0  16 0.00  0.0    0  3.0 12 180   M    M   2 1       M  M
17  89  70  80   7   0  15 0.03  0.0    0  1.2  5 220   M    M   5 123     M  M
18  84  67  76   3   0  11 1.52  0.0    0  0.9  5  99   M    M   1 13      M  M
19  88  65  77   5   0  12 0.00  0.0    0  0.6  4  99   M    M   3 1       M  M
20  89  66  78   6   0  13 0.00  0.0    0  1.0  5  70   M    M   1 12      M  M
21  89  63  76   4   0  11 0.00  0.0    0  1.2  5  30   M    M   0 12      M  M
22  89  63  76   5   0  11 0.00  0.0    0  0.4  5  30   M    M   0 12      M  M
23  91  65  78   7   0  13 0.00  0.0    0  1.2  5  99   M    M   1 12      M  M
24  90  66  78   8   0  13 0.00  0.0    0  1.1  7 190   M    M   2 12      M  M
25  92  66  79   9   0  14 0.00  0.0    0  0.5  6 200   M    M   0 12      M  M
26  75  66  71   1   0   6 0.00  0.0    0  5.2 13  50   M    M   4 1      21  30
27  80  55  68  -1   0   3 0.00  0.0    0  2.5  8  30   M    M   1 1       M  M
================================================================================
SM 2380 1785         0 335  1.55     0.0  55.4          M       48
================================================================================
AV 88.1 66.1                               2.1 FASTST   M    M   2    MAX(MPH)
                                 MISC ---->    14   M                 21    M
================================================================================
NOTES:
# LAST OF SEVERAL OCCURRENCES

COLUMN 17 PEAK WIND IN M.P.H.

PRELIMINARY LOCAL CLIMATOLOGICAL DATA (WS FORM: F-6) , PAGE 2

                                          STATION:  Arkadelphia Airport
                                          MONTH:    SEPTEMBER
                                          YEAR:     2016
                                          LATITUDE:   34  9 N
                                          LONGITUDE:  93  4 W

[TEMPERATURE DATA]      [PRECIPITATION DATA]       SYMBOLS USED IN COLUMN 16

AVERAGE MONTHLY: 77.1   TOTAL FOR MONTH:   1.55    1 = FOG OR MIST
DPTR FM NORMAL:   3.2   DPTR FM NORMAL:   -1.60    2 = FOG REDUCING VISIBILITY
HIGHEST:    93 ON 15,14 GRTST 24HR  1.52 ON 18-18      TO 1/4 MILE OR LESS
LOWEST:     55 ON 27                               3 = THUNDER
                        SNOW, ICE PELLETS, HAIL    4 = ICE PELLETS
                        TOTAL MONTH:   0.0 INCH    5 = HAIL
                        GRTST 24HR     0.0         6 = FREEZING RAIN OR DRIZZLE
                        GRTST DEPTH:   0           7 = DUSTSTORM OR SANDSTORM:
                                                       VSBY 1/2 MILE OR LESS
                                                   8 = SMOKE OR HAZE
[NO. OF DAYS WITH]      [WEATHER - DAYS WITH]      9 = BLOWING SNOW
                                                   X = TORNADO
MAX 32 OR BELOW:   0    0.01 INCH OR MORE:   2
MAX 90 OR ABOVE:  11    0.10 INCH OR MORE:   1
MIN 32 OR BELOW:   0    0.50 INCH OR MORE:   1
MIN  0 OR BELOW:   0    1.00 INCH OR MORE:   1

[HDD (BASE 65) ]
TOTAL THIS MO.     0    CLEAR  (SCALE 0-3)  21
DPTR FM NORMAL   -10    PTCLDY (SCALE 4-7)   6
TOTAL FM JUL 1     0    CLOUDY (SCALE 8-10)  0
DPTR FM NORMAL   -10

[CDD (BASE 65) ]
TOTAL THIS MO.   335
DPTR FM NORMAL    80    [PRESSURE DATA]
TOTAL FM JAN 1  1979    HIGHEST SLP M ON M
DPTR FM NORMAL   145    LOWEST  SLP M ON M

[REMARKS]
