000
CXUS54 KLCH 261010
CF6AEX
PRELIMINARY LOCAL CLIMATOLOGICAL DATA (WS FORM: F-6)

                                          STATION:   ALEXANDRIA
                                          MONTH:     SEPTEMBER
                                          YEAR:      2016
                                          LATITUDE:   31 19 N
                                          LONGITUDE:  92 33 W

  TEMPERATURE IN F:       :PCPN:    SNOW:  WIND      :SUNSHINE: SKY     :PK WND
================================================================================
1   2   3   4   5  6A  6B    7    8   9   10  11  12  13   14  15   16   17  18
                                     12Z  AVG MX 2MIN
DY MAX MIN AVG DEP HDD CDD  WTR  SNW DPTH SPD SPD DIR MIN PSBL S-S WX    SPD DR
================================================================================

 1  96  73  85   4   0  20 0.00  0.0    0  5.8 15  30   M    M   0 1      20  40
 2  91  72  82   1   0  17 0.00  0.0    0  5.9 13  10   M    M   1        17 350
 3  91  67  79  -2   0  14 0.00  0.0    0  3.5  9 320   M    M   0        13  60
 4  95  70  83   3   0  18    T  0.0    0  3.2 10 150   M    M   2 13     13 140
 5  94  75  85   5   0  20 1.72  0.0    0  4.4 20 220   M    M   3 13     25 230
 6  90  74  82   2   0  17    T  0.0    0  3.8 13 290   M    M   7 18     16 290
 7  92  73  83   3   0  18 0.09  0.0    0  3.2 15 170   M    M   4 1      18 170
 8  92  75  84   4   0  19    T  0.0    0  3.0 13 160   M    M   4 1      17 150
 9  93  75  84   5   0  19 0.00  0.0    0  5.3 12 130   M    M   3        14 140
10  92  72  82   3   0  17 0.00  0.0    0  3.6 18 330   M    M   0 1      25 320
11  90  71  81   2   0  16 0.60  0.0    0  5.0 22 150   M    M   2 13     29 150
12  90  70  80   2   0  15 0.00  0.0    0  4.0 10 140   M    M   2 12     14 140
13  91  72  82   4   0  17 0.00  0.0    0  4.6 13 110   M    M   0 1      17 120
14  93  72  83   5   0  18 0.09  0.0    0  3.2 14  70   M    M   1 1      18  60
15  93  72  83   6   0  18    T  0.0    0  5.0 16 110   M    M   1 1      21  80
16  92  74  83   6   0  18    T  0.0    0  5.8 17 130   M    M   4 13     22 140
17  87  75  81   4   0  16 0.95  0.0    0  4.4 14 110   M    M   6 13     16 110
18  92  73  83   7   0  18 0.01  0.0    0  2.4  8 180   M    M   5 128    10  70
19  93  73  83   7   0  18 0.00  0.0    0  2.5 10  30   M    M   2 18     13  40
20  93  69  81   5   0  16 0.00  0.0    0  3.4 10  30   M    M   1 1      14  80
21  95  67  81   6   0  16 0.00  0.0    0  2.5 10  70   M    M   0 18     19  60
22  91  69  80   5   0  15 0.00  0.0    0  2.7 10 150   M    M   2 18     15 150
23  93  72  83   8   0  18 0.00  0.0    0  3.6 13 160   M    M   2 18     16 160
24  93  70  82   8   0  17 0.00  0.0    0  4.6 15 150   M    M   1 18     20  90
25  92  69  81   7   0  16 0.00  0.0    0  3.4 13 150   M    M   0 18     17 140
================================================================================
SM 2304 1794         0 431  3.46     0.0  98.8          M       53
================================================================================
AV 92.2 71.8                               4.0 FASTST   M    M   2    MAX(MPH)
                                 MISC ---->  # 22 150               # 29  150
================================================================================
NOTES:
# LAST OF SEVERAL OCCURRENCES

COLUMN 17 PEAK WIND IN M.P.H.

PRELIMINARY LOCAL CLIMATOLOGICAL DATA (WS FORM: F-6) , PAGE 2

                                          STATION:  ALEXANDRIA
                                          MONTH:    SEPTEMBER
                                          YEAR:     2016
                                          LATITUDE:   31 19 N
                                          LONGITUDE:  92 33 W

[TEMPERATURE DATA]      [PRECIPITATION DATA]       SYMBOLS USED IN COLUMN 16

AVERAGE MONTHLY: 82.0   TOTAL FOR MONTH:   3.46    1 = FOG OR MIST
DPTR FM NORMAL:   4.1   DPTR FM NORMAL:    1.29    2 = FOG REDUCING VISIBILITY
HIGHEST:    96 ON  1    GRTST 24HR  1.72 ON  5- 5      TO 1/4 MILE OR LESS
LOWEST:     67 ON 21, 3                            3 = THUNDER
                        SNOW, ICE PELLETS, HAIL    4 = ICE PELLETS
                        TOTAL MONTH:   0.0 INCH    5 = HAIL
                        GRTST 24HR     0.0         6 = FREEZING RAIN OR DRIZZLE
                        GRTST DEPTH:   0           7 = DUSTSTORM OR SANDSTORM:
                                                       VSBY 1/2 MILE OR LESS
                                                   8 = SMOKE OR HAZE
[NO. OF DAYS WITH]      [WEATHER - DAYS WITH]      9 = BLOWING SNOW
                                                   X = TORNADO
MAX 32 OR BELOW:   0    0.01 INCH OR MORE:   6
MAX 90 OR ABOVE:  24    0.10 INCH OR MORE:   3
MIN 32 OR BELOW:   0    0.50 INCH OR MORE:   3
MIN  0 OR BELOW:   0    1.00 INCH OR MORE:   1

[HDD (BASE 65) ]
TOTAL THIS MO.     0    CLEAR  (SCALE 0-3)  18
DPTR FM NORMAL     0    PTCLDY (SCALE 4-7)   7
TOTAL FM JUL 1     0    CLOUDY (SCALE 8-10)  0
DPTR FM NORMAL     0

[CDD (BASE 65) ]
TOTAL THIS MO.   431
DPTR FM NORMAL   111    [PRESSURE DATA]
TOTAL FM JAN 1  2534    HIGHEST SLP M ON M
DPTR FM NORMAL   227    LOWEST  SLP 29.83 ON  1

[REMARKS]
