000
CXUS55 KCAE 011400
CF6AGS
PRELIMINARY LOCAL CLIMATOLOGICAL DATA (WS FORM: F-6)

                                          STATION:   AUGUSTA BUSH FIELD GA
                                          MONTH:     FEBRUARY
                                          YEAR:      2015
                                          LATITUDE:   33 22 N
                                          LONGITUDE:  81 58 W

  TEMPERATURE IN F:       :PCPN:    SNOW:  WIND      :SUNSHINE: SKY     :PK WND
================================================================================
1   2   3   4   5  6A  6B    7    8   9   10  11  12  13   14  15   16   17  18
                                     12Z  AVG MX 2MIN
DY MAX MIN AVG DEP HDD CDD  WTR  SNW DPTH SPD SPD DIR MIN PSBL S-S WX    SPD DR
================================================================================

 1  70  33  52   5  13   0 0.01  0.0    0  6.1 22 170   M    M   3        29 170
 2  61  32  47   0  18   0 0.15  0.0    0 16.6 35 280   M    M   5 1      44 300
 3  51  23  37 -10  28   0 0.00  0.0    0  2.7  8 360   M    M   0        11 350
 4  54  27  41  -6  24   0 0.05  0.0    0  0.9  8 150   M    M   3 1      10 160
 5  62  35  49   2  16   0 0.02  0.0    0  9.2 23 330   M    M   4 1      30 340
 6  53  20  37 -10  28   0 0.00  0.0    0  2.8 12  40   M    M   0        16  50
 7  65  22  44  -4  21   0 0.00  0.0    0  3.5 16 220   M    M   0 1      20 220
 8  70  28  49   1  16   0 0.00  0.0    0  6.5 21 230   M    M   0 18     29 230
 9  68  46  57   9   8   0 0.33  0.0    0  5.1 24 260   M    M   8 138    30 310
10  59  35  47  -1  18   0    T  0.0    0  9.7 25  30   M    M   7 1      33  10
11  61  29  45  -3  20   0 0.00  0.0    0  3.1 14 330   M    M   1 1      20 310
12  63  29  46  -2  19   0 0.00  0.0    0 12.1 29 330   M    M   0 1      39 280
13  47  24  36 -13  29   0 0.00  0.0    0  4.2 13  20   M    M   0        17  20
14  60  21  41  -8  24   0 0.00  0.0    0  8.9 21 250   M    M   0        32 260
15  54  30  42  -7  23   0 0.00  0.0    0  8.6 29 300   M    M   0        39 310
16  49  27  38 -11  27   0 0.03  0.0    0  5.6 14 330   M    M   7 1      18 140
17  44  35  40 -10  25   0 0.55  0.0    0  7.7 21 340   M    M   9 1      25 320
18  50  26  38 -12  27   0 0.00  0.0    0 13.6 33 290   M    M   2        40 300
19  34  19  27 -23  38   0 0.00  0.0    0 14.0 24 290   M    M   0        29 300
20  41  13  27 -23  38   0 0.00  0.0    0  4.7 10 310   M    M   3        13 310
21  68  29  49  -1  16   0 0.00  0.0    0  7.7 23 210   M    M   4        31 210
22  62  47  55   4  10   0 0.74  0.0    0  2.7 14 350   M    M   9 1      15 350
23  57  46  52   1  13   0 1.19  0.0    0  6.8 15  30   M    M  10 18     19  30
24  46  36  41 -10  24   0 0.04  0.0    0  6.3 13 100   M    M  10 1      16 100
25  43  30  37 -14  28   0 1.49  0.0    0  4.3 18  90   M    M   6 18     25 100
26  47  36  42 -10  23   0 0.06    T    0  6.9 15 350   M    M  10 1      18 340
27  57  35  46  -6  19   0 0.00  0.0    0  2.3  9  10   M    M   5        12  70
28  55  31  43  -9  22   0 0.04  0.0    0  7.9 18  50   M    M   4 1      23  50
================================================================================
SM 1551  844       615   0  4.70    T    190.5          M      110
================================================================================
AV 55.4 30.1                               6.8 FASTST   M    M   4    MAX(MPH)
                                 MISC ---->  # 35 280               # 44  300
================================================================================
NOTES:
# LAST OF SEVERAL OCCURRENCES

COLUMN 17 PEAK WIND IN M.P.H.

PRELIMINARY LOCAL CLIMATOLOGICAL DATA (WS FORM: F-6) , PAGE 2

                                          STATION:  AUGUSTA BUSH FIELD GA
                                          MONTH:    FEBRUARY
                                          YEAR:     2015
                                          LATITUDE:   33 22 N
                                          LONGITUDE:  81 58 W

[TEMPERATURE DATA]      [PRECIPITATION DATA]       SYMBOLS USED IN COLUMN 16

AVERAGE MONTHLY: 42.8   TOTAL FOR MONTH:   4.70    1 = FOG OR MIST
DPTR FM NORMAL:  -6.3   DPTR FM NORMAL:    0.78    2 = FOG REDUCING VISIBILITY
HIGHEST:    70 ON  8, 1 GRTST 24HR  1.91 ON 22-23      TO 1/4 MILE OR LESS
LOWEST:     13 ON 20                               3 = THUNDER
                        SNOW, ICE PELLETS, HAIL    4 = ICE PELLETS
                        TOTAL MONTH:    T          5 = HAIL
                        GRTST 24HR    T  ON 26-26  6 = FREEZING RAIN OR DRIZZLE
                        GRTST DEPTH:   0           7 = DUSTSTORM OR SANDSTORM:
                                                       VSBY 1/2 MILE OR LESS
                                                   8 = SMOKE OR HAZE
[NO. OF DAYS WITH]      [WEATHER - DAYS WITH]      9 = BLOWING SNOW
                                                   X = TORNADO
MAX 32 OR BELOW:   0    0.01 INCH OR MORE:  13
MAX 90 OR ABOVE:   0    0.10 INCH OR MORE:   6
MIN 32 OR BELOW:  18    0.50 INCH OR MORE:   4
MIN  0 OR BELOW:   0    1.00 INCH OR MORE:   2

[HDD (BASE 65) ]
TOTAL THIS MO.   615    CLEAR  (SCALE 0-3)  13
DPTR FM NORMAL   168    PTCLDY (SCALE 4-7)   9
TOTAL FM JUL 1  2286    CLOUDY (SCALE 8-10)  6
DPTR FM NORMAL   254

[CDD (BASE 65) ]
TOTAL THIS MO.     0
DPTR FM NORMAL    -2    [PRESSURE DATA]
TOTAL FM JAN 1     0    HIGHEST SLP 30.64 ON 28
DPTR FM NORMAL    -3    LOWEST  SLP 29.61 ON 26

[REMARKS]
#FINAL-02-15#
