000
CXUS55 KCAE 221400
CF6AGS
PRELIMINARY LOCAL CLIMATOLOGICAL DATA (WS FORM: F-6)

                                          STATION:   AUGUSTA BUSH FIELD GA
                                          MONTH:     JUNE
                                          YEAR:      2017
                                          LATITUDE:   33 22 N
                                          LONGITUDE:  81 58 W

  TEMPERATURE IN F:       :PCPN:    SNOW:  WIND      :SUNSHINE: SKY     :PK WND
================================================================================
1   2   3   4   5  6A  6B    7    8   9   10  11  12  13   14  15   16   17  18
                                     12Z  AVG MX 2MIN
DY MAX MIN AVG DEP HDD CDD  WTR  SNW DPTH SPD SPD DIR MIN PSBL S-S WX    SPD DR
================================================================================

 1  91  65  78   2   0  13    T  0.0    0  2.7 15 160   M    M   1 18     19 160
 2  93  67  80   4   0  15    T  0.0    0  3.3 12 210   M    M   1        15 200
 3  94  68  81   5   0  16 0.00  0.0    0  3.1 10 140   M    M   2 12     14 210
 4  91  69  80   4   0  15 0.36  0.0    0  3.5 22 180   M    M   0 18     29 170
 5  90  74  82   5   0  17 0.08  0.0    0  6.3 16 230   M    M   8 138    22 240
 6  86  73  80   3   0  15 0.04  0.0    0  3.8 13 360   M    M   5        15 340
 7  76  66  71  -6   0   6    T  0.0    0  8.1 17  80   M    M   6        23  20
 8  85  62  74  -3   0   9 0.00  0.0    0  7.0 17  30   M    M   1        22  10
 9  89  59  74  -4   0   9 0.00  0.0    0  3.5 13 240   M    M   5 1      17 240
10  91  62  77  -1   0  12 0.00  0.0    0  3.5 12 150   M    M   1 1      15 150
11  91  63  77  -1   0  12 0.00  0.0    0  4.2 12 160   M    M   0        17 150
12  89  67  78   0   0  13 0.00  0.0    0  2.9 10 130   M    M   0        13 160
13  93  71  82   4   0  17 0.00  0.0    0  2.9 10 120   M    M   1        14 140
14  95  65  80   2   0  15 0.00  0.0    0  5.1 13 230   M    M   0 12     19 240
15  98  72  85   6   0  20 0.58  0.0    0  5.9 26 300   M    M   3 13     33 300
16  92  73  83   4   0  18 0.01  0.0    0  3.7 18 360   M    M   6 3      23 360
17  96  72  84   5   0  19 0.00  0.0    0  4.4 13 180   M    M   5 128    18 200
18  95  69  82   3   0  17 0.58  0.0    0  5.9 13 210   M    M   2 123    21 210
19  94  73  84   5   0  19 0.02  0.0    0  8.0 20 200   M    M   3 1      27 200
20  80  74  77  -3   0  12 0.22  0.0    0  4.2 10 170   M    M   7 1      15 190
21  86  74  80   0   0  15 0.11  0.0    0  4.4 12 140   M    M   6 1      14 100
================================================================================
SM 1895 1438         0 304  2.00     0.0  96.4          M       63
================================================================================
AV 90.2 68.5                               4.6 FASTST   M    M   3    MAX(MPH)
                                 MISC ---->  # 26 300               # 33  300
================================================================================
NOTES:
# LAST OF SEVERAL OCCURRENCES

COLUMN 17 PEAK WIND IN M.P.H.

PRELIMINARY LOCAL CLIMATOLOGICAL DATA (WS FORM: F-6) , PAGE 2

                                          STATION:  AUGUSTA BUSH FIELD GA
                                          MONTH:    JUNE
                                          YEAR:     2017
                                          LATITUDE:   33 22 N
                                          LONGITUDE:  81 58 W

[TEMPERATURE DATA]      [PRECIPITATION DATA]       SYMBOLS USED IN COLUMN 16

AVERAGE MONTHLY: 79.4   TOTAL FOR MONTH:   2.00    1 = FOG OR MIST
DPTR FM NORMAL:   1.5   DPTR FM NORMAL:   -1.38    2 = FOG REDUCING VISIBILITY
HIGHEST:    98 ON 15    GRTST 24HR  0.58 ON 18-18      TO 1/4 MILE OR LESS
LOWEST:     59 ON  9                               3 = THUNDER
                        SNOW, ICE PELLETS, HAIL    4 = ICE PELLETS
                        TOTAL MONTH:   0.0 INCH    5 = HAIL
                        GRTST 24HR     0.0         6 = FREEZING RAIN OR DRIZZLE
                        GRTST DEPTH:   0           7 = DUSTSTORM OR SANDSTORM:
                                                       VSBY 1/2 MILE OR LESS
                                                   8 = SMOKE OR HAZE
[NO. OF DAYS WITH]      [WEATHER - DAYS WITH]      9 = BLOWING SNOW
                                                   X = TORNADO
MAX 32 OR BELOW:   0    0.01 INCH OR MORE:   9
MAX 90 OR ABOVE:  14    0.10 INCH OR MORE:   5
MIN 32 OR BELOW:   0    0.50 INCH OR MORE:   2
MIN  0 OR BELOW:   0    1.00 INCH OR MORE:   0

[HDD (BASE 65) ]
TOTAL THIS MO.     0    CLEAR  (SCALE 0-3)  13
DPTR FM NORMAL     0    PTCLDY (SCALE 4-7)   8
TOTAL FM JUL 1  1407    CLOUDY (SCALE 8-10)  0
DPTR FM NORMAL -1064

[CDD (BASE 65) ]
TOTAL THIS MO.   304
DPTR FM NORMAL    33    [PRESSURE DATA]
TOTAL FM JAN 1   845    HIGHEST SLP M ON M
DPTR FM NORMAL   291    LOWEST  SLP 29.70 ON M

[REMARKS]
