000
CXUS53 KGRB 190730
CF6AIG
PRELIMINARY LOCAL CLIMATOLOGICAL DATA (WS FORM: F-6)

                                          STATION:   ANTIGO AWOS
                                          MONTH:     SEPTEMBER
                                          YEAR:      2016
                                          LATITUDE:   45  9 N
                                          LONGITUDE:  89  8 W

  TEMPERATURE IN F:       :PCPN:    SNOW:  WIND      :SUNSHINE: SKY     :PK WND
================================================================================
1   2   3   4   5  6A  6B    7    8   9   10  11  12  13   14  15   16   17  18
                                     12Z  AVG MX 2MIN
DY MAX MIN AVG DEP HDD CDD  WTR  SNW DPTH SPD SPD DIR MIN PSBL S-S WX    SPD DR
================================================================================

 1  68  49  59  -3   6   0 0.00  0.0    0  4.4 13  30   M    M   5        18  30
 2  72  40  56  -6   9   0 0.00  0.0    0  1.1  7 170   M    M   0         M  M
 3  73  43  58  -3   7   0 0.00  0.0    0  3.9 10 190   M    M   2         M  M
 4  76  52  64   3   1   0 0.00  0.0    0  5.3 16 180   M    M   4        21 200
 5  80  58  69   8   0   4 0.00  0.0    0  7.6 21 180   M    M   4        24 200
 6  78  66  72  12   0   7 0.34  0.0    0  2.5 13 180   M    M   5        22 300
 7  72  65  69   9   0   4 0.26  0.0    0  0.0  M   M   M    M  10 12      M  M
 8  75  55  65   5   0   0 0.00  0.0    0  6.3 15 290   M    M   5 1      22 280
 9  66  48  57  -2   8   0 0.06    M    0  0.9  9 200   M    M   5 1       M  M
10  64  46  55  -4  10   0 0.23    M    0  5.9 15 320   M    M   7 1      25 310
11  72  40  56  -2   9   0 0.00  0.0    0  6.2 16 210   M    M   2 1      22 210
12  75  49  62   4   3   0 0.00  0.0    0  6.0 18 190   M    M   2        24 200
13  67  54  61   4   4   0 0.07  0.0    0  3.4 10 360   M    M   7         M  M
14  67  43  55  -2  10   0 0.00  0.0    0  0.4  7 250   M    M   1 1       M  M
15  72  45  59   3   6   0 0.00  0.0    0  5.9 14 150   M    M   7 12      M  M
16  69  58  64   8   1   0 0.34  0.0    0  4.8 13 130   M    M   7 1       M  M
17  69  56  63   7   2   0 0.00  0.0    0  6.5 18 280   M    M   8 12     24 280
18  74  47  61   6   4   0 0.00  0.0    0  3.7 10 210   M    M   3 1      16 230
================================================================================
SM 1289  914        80  15  1.30     0.0  74.8          M       84
================================================================================
AV 71.6 50.8                               4.2 FASTST   M    M   5    MAX(MPH)
                                 MISC ---->    21   M                 25    M
================================================================================
NOTES:
# LAST OF SEVERAL OCCURRENCES

COLUMN 17 PEAK WIND IN M.P.H.

PRELIMINARY LOCAL CLIMATOLOGICAL DATA (WS FORM: F-6) , PAGE 2

                                          STATION:  ANTIGO AWOS
                                          MONTH:    SEPTEMBER
                                          YEAR:     2016
                                          LATITUDE:   45  9 N
                                          LONGITUDE:  89  8 W

[TEMPERATURE DATA]      [PRECIPITATION DATA]       SYMBOLS USED IN COLUMN 16

AVERAGE MONTHLY: 61.2   TOTAL FOR MONTH:   1.30    1 = FOG OR MIST
DPTR FM NORMAL:   2.4   DPTR FM NORMAL:   -0.87    2 = FOG REDUCING VISIBILITY
HIGHEST:    80 ON  5    GRTST 24HR  0.34 ON 16-16      TO 1/4 MILE OR LESS
LOWEST:     40 ON 11, 2                            3 = THUNDER
                        SNOW, ICE PELLETS, HAIL    4 = ICE PELLETS
                        TOTAL MONTH:   0.0 INCH    5 = HAIL
                        GRTST 24HR     0.0         6 = FREEZING RAIN OR DRIZZLE
                        GRTST DEPTH:   0           7 = DUSTSTORM OR SANDSTORM:
                                                       VSBY 1/2 MILE OR LESS
                                                   8 = SMOKE OR HAZE
[NO. OF DAYS WITH]      [WEATHER - DAYS WITH]      9 = BLOWING SNOW
                                                   X = TORNADO
MAX 32 OR BELOW:   0    0.01 INCH OR MORE:   6
MAX 90 OR ABOVE:   0    0.10 INCH OR MORE:   4
MIN 32 OR BELOW:   0    0.50 INCH OR MORE:   0
MIN  0 OR BELOW:   0    1.00 INCH OR MORE:   0

[HDD (BASE 65) ]
TOTAL THIS MO.    80    CLEAR  (SCALE 0-3)   5
DPTR FM NORMAL   -49    PTCLDY (SCALE 4-7)  12
TOTAL FM JUL 1   146    CLOUDY (SCALE 8-10)  1
DPTR FM NORMAL  -110

[CDD (BASE 65) ]
TOTAL THIS MO.    15
DPTR FM NORMAL    -2    [PRESSURE DATA]
TOTAL FM JAN 1   272    HIGHEST SLP M ON M
DPTR FM NORMAL    17    LOWEST  SLP M ON M

[REMARKS]
