000
CXUS53 KGRB 240653
CF6AIG
PRELIMINARY LOCAL CLIMATOLOGICAL DATA (WS FORM: F-6)

                                          STATION:   ANTIGO AWOS
                                          MONTH:     SEPTEMBER
                                          YEAR:      2017
                                          LATITUDE:   45  9 N
                                          LONGITUDE:  89  8 W

  TEMPERATURE IN F:       :PCPN:    SNOW:  WIND      :SUNSHINE: SKY     :PK WND
================================================================================
1   2   3   4   5  6A  6B    7    8   9   10  11  12  13   14  15   16   17  18
                                     12Z  AVG MX 2MIN
DY MAX MIN AVG DEP HDD CDD  WTR  SNW DPTH SPD SPD DIR MIN PSBL S-S WX    SPD DR
================================================================================

 1  66  44  55  -7  10   0 0.00  0.0    0  7.0 12 160   M    M   1         M  M
 2  55  46  51 -11  14   0 0.57    M    0  6.1 12 230   M    M   8 1       M  M
 3  76  45  61   0   4   0 0.00  0.0    0  7.6 14 230   M    M   3 12     22 230
 4  67  51  59  -2   6   0 0.00  0.0    0 11.0 21 320   M    M   5        27 330
 5  56  44  50 -11  15   0 0.02    M    0 10.1 18 320   M    M   8        25 330
 6  61  41  51  -9  14   0 0.34    M    0  5.9 13 300   M    M   9 1      21 340
 7  57  46  52  -8  13   0 0.00  0.0    0  3.9 10 300   M    M   8 1       M  M
 8  62  36  49 -11  16   0 0.00  0.0    0  5.4 12  50   M    M   1         M  M
 9  66  37  52  -7  13   0 0.00  0.0    0  7.2 12 130   M    M   2        17 150
10  69  44  57  -2   8   0 0.00  0.0    0  6.5 12 150   M    M   0         M  M
11  73  43  58   0   7   0 0.00  0.0    0  6.2 14 240   M    M   0        17 240
12  76  47  62   4   3   0 0.00  0.0    0  0.9  6  50   M    M   3 12      M  M
13  78  47  63   6   2   0 0.00  0.0    0  2.1  7 160   M    M   2 12      M  M
14  79  47  63   6   2   0 0.00  0.0    0  5.1 12 180   M    M   0 1      16 190
15  80  58  69  13   0   4 0.00  0.0    0  7.5 13 180   M    M   2        20 190
16  80  61  71  15   0   6 0.00  0.0    0  7.4 10 200   M    M   3         M  M
17  70  46  58   2   7   0 0.08    M    0  7.8 15 300   M    M   4 1      18 290
18  64  40  52  -3  13   0 0.04    M    0  4.3 10 150   M    M   6         M  M
19  73  53  63   8   2   0 0.00  0.0    0  8.4 15 140   M    M   5        18 120
20  71  56  64  10   1   0 0.49  0.0    0  7.5 17 130   M    M  10 12     23 140
21  77  56  67  13   0   2 0.00  0.0    0  7.1 10 140   M    M   5 12      M  M
22  82  64  73  20   0   8 0.00  0.0    0  8.8 18  10   M    M   2 1      27  10
23  86  61  74  21   0   9 0.00  0.0    0  7.2 15 230   M    M   0        20 240
================================================================================
SM 1624 1113       150  29  1.54     0.0 151.0          M       87
================================================================================
AV 70.6 48.4                               6.6 FASTST   M    M   4    MAX(MPH)
                                 MISC ---->  # 21 320               # 27  330
================================================================================
NOTES:
# LAST OF SEVERAL OCCURRENCES

COLUMN 17 PEAK WIND IN M.P.H.

PRELIMINARY LOCAL CLIMATOLOGICAL DATA (WS FORM: F-6) , PAGE 2

                                          STATION:  ANTIGO AWOS
                                          MONTH:    SEPTEMBER
                                          YEAR:     2017
                                          LATITUDE:   45  9 N
                                          LONGITUDE:  89  8 W

[TEMPERATURE DATA]      [PRECIPITATION DATA]       SYMBOLS USED IN COLUMN 16

AVERAGE MONTHLY: 59.5   TOTAL FOR MONTH:   1.54    1 = FOG OR MIST
DPTR FM NORMAL:   1.8   DPTR FM NORMAL:   -1.29    2 = FOG REDUCING VISIBILITY
HIGHEST:    86 ON 23    GRTST 24HR  0.57 ON  2- 2      TO 1/4 MILE OR LESS
LOWEST:     36 ON  8                               3 = THUNDER
                        SNOW, ICE PELLETS, HAIL    4 = ICE PELLETS
                        TOTAL MONTH:   0.0 INCH    5 = HAIL
                        GRTST 24HR     0.0         6 = FREEZING RAIN OR DRIZZLE
                        GRTST DEPTH:   0           7 = DUSTSTORM OR SANDSTORM:
                                                       VSBY 1/2 MILE OR LESS
                                                   8 = SMOKE OR HAZE
[NO. OF DAYS WITH]      [WEATHER - DAYS WITH]      9 = BLOWING SNOW
                                                   X = TORNADO
MAX 32 OR BELOW:   0    0.01 INCH OR MORE:   6
MAX 90 OR ABOVE:   0    0.10 INCH OR MORE:   3
MIN 32 OR BELOW:   0    0.50 INCH OR MORE:   1
MIN  0 OR BELOW:   0    1.00 INCH OR MORE:   0

[HDD (BASE 65) ]
TOTAL THIS MO.   150    CLEAR  (SCALE 0-3)  11
DPTR FM NORMAL   -36    PTCLDY (SCALE 4-7)   9
TOTAL FM JUL 1   310    CLOUDY (SCALE 8-10)  3
DPTR FM NORMAL    -3

[CDD (BASE 65) ]
TOTAL THIS MO.    29
DPTR FM NORMAL    12    [PRESSURE DATA]
TOTAL FM JAN 1   158    HIGHEST SLP M ON M
DPTR FM NORMAL   -97    LOWEST  SLP M ON M

[REMARKS]
