000
CXAK56 PAJK 281245
CF6AJN
PRELIMINARY LOCAL CLIMATOLOGICAL DATA (WS FORM: F-6)

                                          STATION:   JUNEAU
                                          MONTH:     JULY
                                          YEAR:      2015
                                          LATITUDE:   58 22 N
                                          LONGITUDE: 134 35 W

  TEMPERATURE IN F:       :PCPN:    SNOW:  WIND      :SUNSHINE: SKY     :PK WND
================================================================================
1   2   3   4   5  6A  6B    7    8   9   10  11  12  13   14  15   16   17  18
                                     12Z  AVG MX 2MIN
DY MAX MIN AVG DEP HDD CDD  WTR  SNW DPTH SPD SPD DIR MIN PSBL S-S WX    SPD DR
================================================================================

 1  64  46  55  -1  10   0 0.42  0.0    0  7.2 26 120   M    M   8 1      36 140
 2  57  52  55  -1  10   0 0.20  0.0    0 17.3 30 110   M    M   9 1      42 120
 3  58  48  53  -3  12   0 0.09  0.0    0  5.3 12  90   M    M   9 12     14 100
 4  74  44  59   3   6   0 0.00  0.0    0  5.3 13 240   M    M   5 12     15 240
 5  76  48  62   6   3   0 0.00  0.0    0  5.6 14 230   M    M   4 1      17 230
 6  84  53  69  13   0   4 0.00  0.0    0  5.6 13 230   M    M   4        14 230
 7  76  55  66  10   0   1    T  0.0    0  6.1 14 280   M    M   9 1      18 310
 8  63  55  59   2   6   0 0.64  0.0    0  3.7 10 300   M    M  10 1      11 300
 9  66  55  61   4   4   0 0.01  0.0    0  5.3 13 100   M    M   9 1      14 110
10  61  54  58   1   7   0 0.34  0.0    0  6.6 16 100   M    M  10 1      19 100
11  62  54  58   1   7   0 0.40  0.0    0 11.0 17 100   M    M  10 1      25 100
12  63  56  60   3   5   0 0.92  0.0    0  7.6 15 130   M    M  10 1      19 140
13  58  54  56  -1   9   0 1.26  0.0    0  7.2 15 110   M    M  10 1      20 120
14  60  52  56  -1   9   0 0.66  0.0    0 11.1 17 120   M    M  10 1      22 120
15  59  52  56  -1   9   0 0.38  0.0    0  8.6 14 110   M    M   9 1      16 110
16  59  52  56  -1   9   0 0.04  0.0    0 11.0 20 110   M    M  10 1      24 110
17  59  53  56  -1   9   0 0.26  0.0    0 12.2 18 100   M    M  10 1      24 110
18  67  54  61   4   4   0 0.08  0.0    0  6.6 15 260   M    M  10 1      18  90
19  59  51  55  -2  10   0 0.63  0.0    0  3.3  9 100   M    M  10 1      11 100
20  66  50  58   1   7   0 0.04  0.0    0  3.6  9  90   M    M   9 1      11  80
21  76  46  61   4   4   0 0.00  0.0    0  4.3 12  70   M    M   5 12     16  60
22  65  55  60   3   5   0    T  0.0    0  5.4 13  90   M    M  10        16  90
23  59  53  56  -1   9   0 2.00  0.0    0 10.2 21 110   M    M  10 1      24 120
24  66  49  58   0   7   0 0.07  0.0    0  5.3 12 240   M    M   8 1      16 250
25  64  46  55  -3  10   0 0.00  0.0    0  2.9 10  90   M    M   9 1      14 110
26  58  54  56  -2   9   0 0.14  0.0    0  9.3 21 110   M    M  10 1      26 120
27  57  54  56  -2   9   0 0.59  0.0    0 14.0 23 120   M    M   9 1      30 110
================================================================================
SM 1736 1395       189   5  9.17     0.0 201.6          M      236
================================================================================
AV 64.3 51.7                               7.5 FASTST   M    M   9    MAX(MPH)
                                 MISC ---->  # 30 110               # 42  120
================================================================================
NOTES:
# LAST OF SEVERAL OCCURRENCES

COLUMN 17 PEAK WIND IN M.P.H.

PRELIMINARY LOCAL CLIMATOLOGICAL DATA (WS FORM: F-6) , PAGE 2

                                          STATION:  JUNEAU
                                          MONTH:    JULY
                                          YEAR:     2015
                                          LATITUDE:   58 22 N
                                          LONGITUDE: 134 35 W

[TEMPERATURE DATA]      [PRECIPITATION DATA]       SYMBOLS USED IN COLUMN 16

AVERAGE MONTHLY: 58.0   TOTAL FOR MONTH:   9.17    1 = FOG OR MIST
DPTR FM NORMAL:   1.2   DPTR FM NORMAL:    5.22    2 = FOG REDUCING VISIBILITY
HIGHEST:    84 ON  6    GRTST 24HR  2.07 ON 23-24      TO 1/4 MILE OR LESS
LOWEST:     44 ON  4                               3 = THUNDER
                        SNOW, ICE PELLETS, HAIL    4 = ICE PELLETS
                        TOTAL MONTH:   0.0 INCH    5 = HAIL
                        GRTST 24HR     0.0         6 = FREEZING RAIN OR DRIZZLE
                        GRTST DEPTH:   0           7 = DUSTSTORM OR SANDSTORM:
                                                       VSBY 1/2 MILE OR LESS
                                                   8 = SMOKE OR HAZE
[NO. OF DAYS WITH]      [WEATHER - DAYS WITH]      9 = BLOWING SNOW
                                                   X = TORNADO
MAX 32 OR BELOW:   0    0.01 INCH OR MORE:  20
MAX 90 OR ABOVE:   0    0.10 INCH OR MORE:  14
MIN 32 OR BELOW:   0    0.50 INCH OR MORE:   7
MIN  0 OR BELOW:   0    1.00 INCH OR MORE:   2

[HDD (BASE 65) ]
TOTAL THIS MO.   189    CLEAR  (SCALE 0-3)   0
DPTR FM NORMAL   -34    PTCLDY (SCALE 4-7)   5
TOTAL FM JUL 1   189    CLOUDY (SCALE 8-10) 22
DPTR FM NORMAL   -34

[CDD (BASE 65) ]
TOTAL THIS MO.     5
DPTR FM NORMAL     5    [PRESSURE DATA]
TOTAL FM JAN 1     7    HIGHEST SLP M ON M
DPTR FM NORMAL     6    LOWEST  SLP 29.57 ON 23

[REMARKS]
