000
CXUS56 KSGX 281445
CF6AJO
PRELIMINARY LOCAL CLIMATOLOGICAL DATA (WS FORM: F-6)

                                          STATION:   CORONA AIRPORT CA
                                          MONTH:     JULY
                                          YEAR:      2015
                                          LATITUDE:   33 53 N
                                          LONGITUDE: 117 36 W

  TEMPERATURE IN F:       :PCPN:    SNOW:  WIND      :SUNSHINE: SKY     :PK WND
================================================================================
1   2   3   4   5  6A  6B    7    8   9   10  11  12  13   14  15   16   17  18
                                     12Z  AVG MX 2MIN
DY MAX MIN AVG DEP HDD CDD  WTR  SNW DPTH SPD SPD DIR MIN PSBL S-S WX    SPD DR
================================================================================

 1  90  70  80   M   0  15 0.00  0.0    0  3.9 13 280   M    M   6 3      18 280
 2  91  67  79   M   0  14 0.00  0.0    0  6.6 17 300   M    M   7        20 300
 3  90  63  77   M   0  12 0.00  0.0    0  6.9 17 280   M    M   6        21 280
 4  85  60  73   M   0   8 0.00  0.0    0  7.0 20 270   M    M   8        24 280
 5  82  58  70   M   0   5 0.00  0.0    0  5.9 16 290   M    M   7 1      24 280
 6  82  59  71   M   0   6 0.00  0.0    0  6.2 16 300   M    M   9        21 280
 7  81  57  69   M   0   4 0.00  0.0    0  5.9 15 270   M    M   2 8      21 270
 8  79  60  70   M   0   5 0.00  0.0    0  5.3 14 290   M    M   4        22 290
 9  77  62  70   M   0   5 0.00  0.0    0  8.1 17 280   M    M   5        23 280
10  80  61  71   M   0   6 0.00  0.0    0  5.4 15 270   M    M   3        21 260
11  83  52  68   M   0   3 0.00  0.0    0  6.0 15 300   M    M   0        22 270
12  88  54  71   M   0   6 0.00  0.0    0  5.5 17 280   M    M   0        22 280
13  89  54  72   M   0   7 0.00  0.0    0  5.4 16 290   M    M   0        22 290
14  88  58  73   M   0   8 0.00  0.0    0  7.3 17 270   M    M   0 1      25 280
15  87  56  72   M   0   7 0.00  0.0    0  6.1 15 290   M    M   2        21 290
16  87  55  71   M   0   6 0.00  0.0    0  5.8 16 280   M    M   1        22 280
17  91  56  74   M   0   9 0.00  0.0    0  7.3 17 270   M    M   0        22 270
18  81  59  70   M   0   5 0.41  0.0    0  3.5 10 120   M    M   2 13      M  M
19  93  67  80   M   0  15 0.59  0.0    0  2.5 10 260   M    M   3 13     17 260
20  86  70  78   M   0  13 0.03  0.0    0  4.6 14 270   M    M   1 1      20 280
21  82  69  76   M   0  11 0.05  0.0    0  6.0 16 280   M    M   4        21 250
22  84  67  76   M   0  11 0.03  0.0    0  6.2 16 260   M    M   3        22 270
23  87  63  75   M   0  10 0.00  0.0    0  3.9 12 290   M    M   3        21 270
24  91  64  78   M   0  13 0.01  0.0    0  4.5 15 290   M    M   0        20 270
25  94  61  78   M   0  13 0.00  0.0    0  4.7 14 280   M    M   0        20 280
26  88  61  75   M   0  10    T  0.0    0  5.0 16 270   M    M   0        23 270
27  85  59  72   M   0   7 0.00  0.0    0  4.3 16 270   M    M   1        21 270
================================================================================
SM 2321 1642         0 234  1.12     0.0 149.8          M       77
================================================================================
AV 86.0 60.8                               5.5 FASTST   M    M   3    MAX(MPH)
                                 MISC ---->    20   M                 25    M
================================================================================
NOTES:
# LAST OF SEVERAL OCCURRENCES

COLUMN 17 PEAK WIND IN M.P.H.

PRELIMINARY LOCAL CLIMATOLOGICAL DATA (WS FORM: F-6) , PAGE 2

                                          STATION:  CORONA AIRPORT CA
                                          MONTH:    JULY
                                          YEAR:     2015
                                          LATITUDE:   33 53 N
                                          LONGITUDE: 117 36 W

[TEMPERATURE DATA]      [PRECIPITATION DATA]       SYMBOLS USED IN COLUMN 16

AVERAGE MONTHLY: 73.4   TOTAL FOR MONTH:   1.12    1 = FOG OR MIST
DPTR FM NORMAL:     M   DPTR FM NORMAL:       M    2 = FOG REDUCING VISIBILITY
HIGHEST:    94 ON 25    GRTST 24HR  0.59 ON 19-19      TO 1/4 MILE OR LESS
LOWEST:     52 ON 11                               3 = THUNDER
                        SNOW, ICE PELLETS, HAIL    4 = ICE PELLETS
                        TOTAL MONTH:   0.0 INCH    5 = HAIL
                        GRTST 24HR     0.0         6 = FREEZING RAIN OR DRIZZLE
                        GRTST DEPTH:   0           7 = DUSTSTORM OR SANDSTORM:
                                                       VSBY 1/2 MILE OR LESS
                                                   8 = SMOKE OR HAZE
[NO. OF DAYS WITH]      [WEATHER - DAYS WITH]      9 = BLOWING SNOW
                                                   X = TORNADO
MAX 32 OR BELOW:   0    0.01 INCH OR MORE:   6
MAX 90 OR ABOVE:   7    0.10 INCH OR MORE:   2
MIN 32 OR BELOW:   0    0.50 INCH OR MORE:   1
MIN  0 OR BELOW:   0    1.00 INCH OR MORE:   0

[HDD (BASE 65) ]
TOTAL THIS MO.     0    CLEAR  (SCALE 0-3)  17
DPTR FM NORMAL     M    PTCLDY (SCALE 4-7)   9
TOTAL FM JUL 1     0    CLOUDY (SCALE 8-10)  1
DPTR FM NORMAL     M

[CDD (BASE 65) ]
TOTAL THIS MO.   234
DPTR FM NORMAL     M    [PRESSURE DATA]
TOTAL FM JAN 1   548    HIGHEST SLP M ON M
DPTR FM NORMAL     M    LOWEST  SLP M ON M

[REMARKS]
