380
CXUS55 KBOU 231122
CF6AKO
PRELIMINARY LOCAL CLIMATOLOGICAL DATA (WS FORM: F-6)

                                          STATION:   AKRON CO
                                          MONTH:     JULY
                                          YEAR:      2016
                                          LATITUDE:   40 10 N
                                          LONGITUDE: 103 13 W

  TEMPERATURE IN F:       :PCPN:    SNOW:  WIND      :SUNSHINE: SKY     :PK WND
================================================================================
1   2   3   4   5  6A  6B    7    8   9   10  11  12  13   14  15   16   17  18
                                     12Z  AVG MX 2MIN
DY MAX MIN AVG DEP HDD CDD  WTR  SNW DPTH SPD SPD DIR MIN PSBL S-S WX    SPD DR
================================================================================

 1  72  59  66  -6   0   1 0.57    M    M 13.2 25 130   M    M   9 13     30 130
 2  74  58  66  -7   0   1 0.02    M    M  7.0 14 150   M    M   5 1      16 320
 3  85  61  73   0   0   8 0.00    M    M  5.7 14 240   M    M   4 1      16 240
 4  91  56  74   1   0   9    T    M    M  7.9 18 320   M    M   1        27 310
 5  91  62  77   4   0  12 0.01    M    M  9.8 26 340   M    M   0 3      39 330
 6  94  57  76   3   0  11    T    M    M 11.2 31 200   M    M   0 3      49 220
 7  84  55  70  -4   0   5 0.00    M    M 10.9 24  20   M    M   0        30  20
 8  89  60  75   1   0  10 0.00    M    M 12.1 29  50   M    M   1 13     39  50
 9  96  65  81   7   0  16 0.00    M    M 11.5 23 160   M    M   0        28 170
10  98  69  84  10   0  19 0.00    M    M 12.5 23 170   M    M   0        33 130
11  86  59  73  -1   0   8 0.00    M    M 14.7 26 340   M    M   0        33 330
12  90  56  73  -1   0   8    T    M    M 14.0 40 160   M    M   0 3      51 160
13  88  58  73  -1   0   8 0.01    M    M  8.9 20 140   M    M   0 3      24 160
14  82  56  69  -5   0   4 0.00    M    M  9.0 18 120   M    M   3        24  90
15  83  58  71  -3   0   6 0.00    M    M 15.4 37  70   M    M   3        49  80
16  95  57  76   2   0  11 0.00    M    M 11.8 33  10   M    M   1        42  10
17  90  60  75   0   0  10 0.02    M    M 16.2 33  70   M    M   0 3      42  70
18  92  59  76   1   0  11 0.50    M    M 12.6 48 280   M    M   3 123    59 280
19  93  64  79   4   0  14 0.83    M    M  8.6 43 230   M    M   0 3      55 230
20   M   M   M   M   M   M 0.00    M    M   M   M   M   M    M   0         M  M
21  93  72  83   8   0  18 0.00    M    M  6.1 14 230   M    M   0        16 300
22  95  67  81   6   0  16 0.00    M    M  8.0 30 160   M    M   0 3      39 160
================================================================================
SM 1861 1268         0 206  1.96    M    227.1          M       30
================================================================================
AV 88.6 60.4                              10.8 FASTST   M    M   1    MAX(MPH)
                                 MISC ---->  # 48 280               # 59  280
================================================================================
NOTES:
# LAST OF SEVERAL OCCURRENCES

COLUMN 17 PEAK WIND IN M.P.H.

PRELIMINARY LOCAL CLIMATOLOGICAL DATA (WS FORM: F-6) , PAGE 2

                                          STATION:  AKRON CO
                                          MONTH:    JULY
                                          YEAR:     2016
                                          LATITUDE:   40 10 N
                                          LONGITUDE: 103 13 W

[TEMPERATURE DATA]      [PRECIPITATION DATA]       SYMBOLS USED IN COLUMN 16

AVERAGE MONTHLY: 74.5   TOTAL FOR MONTH:   1.96    1 = FOG OR MIST
DPTR FM NORMAL:   0.5   DPTR FM NORMAL:    0.22    2 = FOG REDUCING VISIBILITY
HIGHEST:    98 ON 10    GRTST 24HR  0.83 ON 19-19      TO 1/4 MILE OR LESS
LOWEST:     55 ON  7                               3 = THUNDER
                        SNOW, ICE PELLETS, HAIL    4 = ICE PELLETS
                        TOTAL MONTH:    M          5 = HAIL
                        GRTST 24HR    M  ON   M    6 = FREEZING RAIN OR DRIZZLE
                        GRTST DEPTH:  M  ON   M    7 = DUSTSTORM OR SANDSTORM:
                                                       VSBY 1/2 MILE OR LESS
                                                   8 = SMOKE OR HAZE
[NO. OF DAYS WITH]      [WEATHER - DAYS WITH]      9 = BLOWING SNOW
                                                   X = TORNADO
MAX 32 OR BELOW:   0    0.01 INCH OR MORE:   7
MAX 90 OR ABOVE:  12    0.10 INCH OR MORE:   3
MIN 32 OR BELOW:   0    0.50 INCH OR MORE:   3
MIN  0 OR BELOW:   0    1.00 INCH OR MORE:   0

[HDD (BASE 65) ]
TOTAL THIS MO.     0    CLEAR  (SCALE 0-3)  18
DPTR FM NORMAL     0    PTCLDY (SCALE 4-7)   3
TOTAL FM JUL 1     0    CLOUDY (SCALE 8-10)  1
DPTR FM NORMAL     0

[CDD (BASE 65) ]
TOTAL THIS MO.   206
DPTR FM NORMAL     2    [PRESSURE DATA]
TOTAL FM JAN 1   424    HIGHEST SLP M ON M
DPTR FM NORMAL    67    LOWEST  SLP 29.39 ON 10

[REMARKS]
