000
CXUS54 KCRP 281300
CF6ALI
PRELIMINARY LOCAL CLIMATOLOGICAL DATA (WS FORM: F-6)

                                          STATION:   ALICE
                                          MONTH:     APRIL
                                          YEAR:      2017
                                          LATITUDE:   27 44 N
                                          LONGITUDE:  98  1 W

  TEMPERATURE IN F:       :PCPN:    SNOW:  WIND      :SUNSHINE: SKY     :PK WND
================================================================================
1   2   3   4   5  6A  6B    7    8   9   10  11  12  13   14  15   16   17  18
                                     12Z  AVG MX 2MIN
DY MAX MIN AVG DEP HDD CDD  WTR  SNW DPTH SPD SPD DIR MIN PSBL S-S WX    SPD DR
================================================================================

 1  88  70  79  10   0  14 0.00  0.0    0 16.0 26 120   M    M   9        34 110
 2  91  68  80  11   0  15 0.00  0.0    0 11.3 21 320   M    M   5 18     26 320
 3  93  51  72   2   0   7 0.00  0.0    0  7.7 16 240   M    M   0        23 250
 4  95  55  75   5   0  10 0.00  0.0    0  9.9 21 170   M    M   1 1      27 170
 5  80  51  66  -4   0   1    T  0.0    0 11.8 26 360   M    M   2 12     35  10
 6  83  47  65  -5   0   0 0.00  0.0    0  6.3 20 160   M    M   0        24 150
 7  83  46  65  -5   0   0 0.00  0.0    0  8.9 20 140   M    M   2        30 140
 8  86  56  71   0   0   6 0.00  0.0    0 11.9 24 150   M    M   3        30 130
 9  88  61  75   4   0  10 0.00  0.0    0 13.5 26 140   M    M   6        34 130
10  84  72  78   7   0  13    T  0.0    0 13.3 23 140   M    M  10        28 130
11  87  65  76   4   0  11 0.15  0.0    0 13.8 37  60   M    M   8 13     46  60
12  78  65  72   0   0   7 0.35  0.0    0  9.2 17  90   M    M   8 13     23 110
13  84  66  75   3   0  10 0.01  0.0    0 10.6 25 130   M    M   5 1      32 130
14  86  60  73   1   0   8    T  0.0    0  9.0 21 140   M    M   4 1      27 120
15  86  65  76   4   0  11 0.00  0.0    0 10.5 23 130   M    M   4 1      29 130
16  88  68  78   5   0  13 0.00  0.0    0 10.2 26 130   M    M   7 1      32 130
17  85  64  75   2   0  10 0.54  0.0    0  8.2 29 230   M    M   7 13     35 250
18  87  66  77   4   0  12 0.09  0.0    0  6.4 16 130   M    M   3 1      21 350
19  89  62  76   2   0  11 0.00  0.0    0  6.0 18 130   M    M   5 12     23 140
20  90  67  79   5   0  14    T  0.0    0  9.1 20 130   M    M   5 1      26 130
21  93  66  80   6   0  15 0.00  0.0    0 11.0 21 140   M    M   3 12     27 140
22  92  65  79   5   0  14    T  0.0    0 11.6 24  20   M    M   7        33  10
23  80  55  68  -6   0   3 0.06  0.0    0  8.5 22  30   M    M   4 1      29  30
24  87  49  68  -7   0   3 0.00  0.0    0  8.7 20 140   M    M   0        26 140
25  98  63  81   6   0  16 0.00  0.0    0 13.1 22 150   M    M   3        30 170
26  99  68  84   9   0  19 0.00  0.0    0 13.2 25 310   M    M   3 18     32 320
27  88  58  73  -3   0   8 0.00  0.0    0 11.3 21 140   M    M   2        26 160
================================================================================
SM 2368 1649         0 261  1.20     0.0 281.0          M      116
================================================================================
AV 87.7 61.1                              10.4 FASTST   M    M   4    MAX(MPH)
                                 MISC ---->  # 37  60               # 46   60
================================================================================
NOTES:
# LAST OF SEVERAL OCCURRENCES

COLUMN 17 PEAK WIND IN M.P.H.

PRELIMINARY LOCAL CLIMATOLOGICAL DATA (WS FORM: F-6) , PAGE 2

                                          STATION:  ALICE
                                          MONTH:    APRIL
                                          YEAR:     2017
                                          LATITUDE:   27 44 N
                                          LONGITUDE:  98  1 W

[TEMPERATURE DATA]      [PRECIPITATION DATA]       SYMBOLS USED IN COLUMN 16

AVERAGE MONTHLY: 74.4   TOTAL FOR MONTH:   1.20    1 = FOG OR MIST
DPTR FM NORMAL:   2.1   DPTR FM NORMAL:   -0.19    2 = FOG REDUCING VISIBILITY
HIGHEST:    99 ON 26    GRTST 24HR  0.54 ON 17-17      TO 1/4 MILE OR LESS
LOWEST:     46 ON  7                               3 = THUNDER
                        SNOW, ICE PELLETS, HAIL    4 = ICE PELLETS
                        TOTAL MONTH:   0.0 INCH    5 = HAIL
                        GRTST 24HR     0.0         6 = FREEZING RAIN OR DRIZZLE
                        GRTST DEPTH:   0           7 = DUSTSTORM OR SANDSTORM:
                                                       VSBY 1/2 MILE OR LESS
                                                   8 = SMOKE OR HAZE
[NO. OF DAYS WITH]      [WEATHER - DAYS WITH]      9 = BLOWING SNOW
                                                   X = TORNADO
MAX 32 OR BELOW:   0    0.01 INCH OR MORE:   6
MAX 90 OR ABOVE:   8    0.10 INCH OR MORE:   3
MIN 32 OR BELOW:   0    0.50 INCH OR MORE:   1
MIN  0 OR BELOW:   0    1.00 INCH OR MORE:   0

[HDD (BASE 65) ]
TOTAL THIS MO.     0    CLEAR  (SCALE 0-3)  10
DPTR FM NORMAL   -16    PTCLDY (SCALE 4-7)  14
TOTAL FM JUL 1   366    CLOUDY (SCALE 8-10)  3
DPTR FM NORMAL  -533

[CDD (BASE 65) ]
TOTAL THIS MO.   261
DPTR FM NORMAL    46    [PRESSURE DATA]
TOTAL FM JAN 1   771    HIGHEST SLP M ON M
DPTR FM NORMAL   344    LOWEST  SLP 29.43 ON 26

[REMARKS]
