000
CXUS53 KDMX 290920
CF6ALO
PRELIMINARY LOCAL CLIMATOLOGICAL DATA (WS FORM: F-6)

                                          STATION:   WATERLOO IA
                                          MONTH:     JUNE
                                          YEAR:      2015
                                          LATITUDE:   42 32 N
                                          LONGITUDE:  92 24 W

  TEMPERATURE IN F:       :PCPN:    SNOW:  WIND      :SUNSHINE: SKY     :PK WND
================================================================================
1   2   3   4   5  6A  6B    7    8   9   10  11  12  13   14  15   16   17  18
                                     12Z  AVG MX 2MIN
DY MAX MIN AVG DEP HDD CDD  WTR  SNW DPTH SPD SPD DIR MIN PSBL S-S WX    SPD DR
================================================================================

 1  71  43  57  -9   8   0 0.00  0.0    0  6.6 15 130   M    M   0        19 100
 2  75  50  63  -3   2   0 0.00  0.0    0  9.9 17 190   M    M   2        22 170
 3  81  58  70   4   0   5 0.00  0.0    0 11.4 23 150   M    M   4        30 150
 4  85  56  71   4   0   6 0.00  0.0    0  4.3 14 360   M    M   1 12     16 360
 5  83  62  73   6   0   8 0.00  0.0    0 10.2 20  70   M    M   3        24  60
 6  78  57  68   1   0   3 0.00  0.0    0 11.3 18 170   M    M   3        24 160
 7  84  65  75   7   0  10 0.33  0.0    0 11.4 26 180   M    M   3 13     34 200
 8  83  58  71   3   0   6 0.00  0.0    0  9.6 23 340   M    M   0        27 320
 9  95  57  76   8   0  11 0.00  0.0    0 10.0 21 250   M    M   1 18     26 230
10  87  65  76   7   0  11    T  0.0    0  8.4 16  60   M    M   1        23  10
11  71  61  66  -3   0   1 1.15  0.0    0 11.4 22  90   M    M   9 13     27  80
12  66  59  63  -6   2   0 0.08  0.0    0 10.3 16  60   M    M  10 1      24  40
13  76  62  69  -1   0   4 0.00  0.0    0  6.2 15 180   M    M   8 1      19 180
14  83  65  74   4   0   9 0.00  0.0    0  2.8 15 220   M    M   6 1      19 230
15  74  59  67  -3   0   2 0.75  0.0    0  6.9 22 340   M    M   6 13     27 340
16  79  54  67  -3   0   2 0.00  0.0    0  6.9 13 150   M    M   0        19 120
17  78  64  71   0   0   6 0.11  0.0    0  7.7 14 220   M    M   7 18     18 130
18  80  59  70  -1   0   5 0.00  0.0    0  7.0 15  10   M    M   1 1      19  10
19  80  57  69  -2   0   4 0.00  0.0    0  8.1 16 120   M    M   0        19 160
20  79  60  70  -2   0   5 0.21  0.0    0  7.3 32 340   M    M   5 1238   39 350
21  85  61  73   1   0   8 0.00  0.0    0  5.8 12 180   M    M   2 12     14 180
22  85  65  75   3   0  10 1.57  0.0    0 14.2 44 320   M    M   5 13     59 330
23  77  55  66  -6   0   1 0.00  0.0    0  5.4 16 360   M    M   0        18 360
24  73  57  65  -7   0   0 0.21  0.0    0  6.8 29 130   M    M   4 13     34 130
25  82  65  74   1   0   9    T  0.0    0  5.4 10  30   M    M   6 1      13  30
26  76  60  68  -5   0   3 0.52  0.0    0  4.3 20  20   M    M   5 13     25  20
27  81  56  69  -4   0   4 0.00  0.0    0  2.6 10  10   M    M   3 12     15 320
28  78  62  70  -3   0   5 0.54  0.0    0  8.0 17 160   M    M   5 123    22 190
================================================================================
SM 2225 1652        12 138  5.47     0.0 220.2          M      100
================================================================================
AV 79.5 59.0                               7.9 FASTST   M    M   4    MAX(MPH)
                                 MISC ---->  # 44 320               # 59  330
================================================================================
NOTES:
# LAST OF SEVERAL OCCURRENCES

COLUMN 17 PEAK WIND IN M.P.H.

PRELIMINARY LOCAL CLIMATOLOGICAL DATA (WS FORM: F-6) , PAGE 2

                                          STATION:  WATERLOO IA
                                          MONTH:    JUNE
                                          YEAR:     2015
                                          LATITUDE:   42 32 N
                                          LONGITUDE:  92 24 W

[TEMPERATURE DATA]      [PRECIPITATION DATA]       SYMBOLS USED IN COLUMN 16

AVERAGE MONTHLY: 69.2   TOTAL FOR MONTH:   5.47    1 = FOG OR MIST
DPTR FM NORMAL:  -0.6   DPTR FM NORMAL:    0.84    2 = FOG REDUCING VISIBILITY
HIGHEST:    95 ON  9    GRTST 24HR  1.57 ON 22-22      TO 1/4 MILE OR LESS
LOWEST:     43 ON  1                               3 = THUNDER
                        SNOW, ICE PELLETS, HAIL    4 = ICE PELLETS
                        TOTAL MONTH:   0.0 INCH    5 = HAIL
                        GRTST 24HR     0.0         6 = FREEZING RAIN OR DRIZZLE
                        GRTST DEPTH:   0           7 = DUSTSTORM OR SANDSTORM:
                                                       VSBY 1/2 MILE OR LESS
                                                   8 = SMOKE OR HAZE
[NO. OF DAYS WITH]      [WEATHER - DAYS WITH]      9 = BLOWING SNOW
                                                   X = TORNADO
MAX 32 OR BELOW:   0    0.01 INCH OR MORE:  10
MAX 90 OR ABOVE:   1    0.10 INCH OR MORE:   9
MIN 32 OR BELOW:   0    0.50 INCH OR MORE:   5
MIN  0 OR BELOW:   0    1.00 INCH OR MORE:   2

[HDD (BASE 65) ]
TOTAL THIS MO.    12    CLEAR  (SCALE 0-3)  15
DPTR FM NORMAL   -11    PTCLDY (SCALE 4-7)  11
TOTAL FM JUL 1  7304    CLOUDY (SCALE 8-10)  2
DPTR FM NORMAL   277

[CDD (BASE 65) ]
TOTAL THIS MO.   138
DPTR FM NORMAL   -23    [PRESSURE DATA]
TOTAL FM JAN 1   185    HIGHEST SLP M ON M
DPTR FM NORMAL   -32    LOWEST  SLP 29.63 ON 11

[REMARKS]
