000
CXUS54 KAMA 281015
CF6AMA
PRELIMINARY LOCAL CLIMATOLOGICAL DATA (WS FORM: F-6)

                                          STATION:   AMARILLO
                                          MONTH:     MAY
                                          YEAR:      2016
                                          LATITUDE:   35 13 N
                                          LONGITUDE: 101 42 W

  TEMPERATURE IN F:       :PCPN:    SNOW:  WIND      :SUNSHINE: SKY     :PK WND
================================================================================
1   2   3   4   5  6A  6B    7    8   9   10  11  12  13   14  15   16   17  18
                                     12Z  AVG MX 2MIN
DY MAX MIN AVG DEP HDD CDD  WTR  SNW DPTH SPD SPD DIR MIN PSBL S-S WX    SPD DR
================================================================================

 1  46  39  43 -18  22   0 0.01  0.0    0 19.5 32 350   M    M   9        40 360
 2  63  34  49 -12  16   0 0.00  0.0    0  9.6 17 350   M    M   1 1      24 330
 3  73  39  56  -6   9   0 0.00  0.0    0 10.2 24 350   M    M   2        30 350
 4  79  41  60  -2   5   0 0.00  0.0    0  7.6 16 290   M    M   0        19 290
 5  85  46  66   4   0   1 0.00  0.0    0  9.8 20 130   M    M   0        24 130
 6  85  52  69   6   0   4 0.00  0.0    0 19.0 30 150   M    M   0        39 150
 7  88  55  72   9   0   7 0.00  0.0    0 17.6 30 220   M    M   0        41 230
 8  84  50  67   4   0   2 0.00  0.0    0 13.7 39 220   M    M   0        49 230
 9  80  48  64   0   1   0 0.00  0.0    0 13.3 30 250   M    M   0        38 240
10  88  46  67   3   0   2 0.00  0.0    0 11.1 30 240   M    M   0        36 230
11  76  50  63  -1   2   0 0.38    T    0 15.3 39 310   M    M   0 1358   75  80
12  73  48  61  -3   4   0 0.00  0.0    0 10.3 20  40   M    M   2        25  30
13  86  51  69   4   0   4 0.08  0.0    0 14.8 29 190   M    M   1 3      34 310
14  61  46  54 -11  11   0 0.00  0.0    0 13.8 25  20   M    M   4        32  20
15  51  44  48 -17  17   0 0.04  0.0    0 14.4 22 150   M    M   9 12     26 140
16  74  47  61  -5   4   0 0.05  0.0    0 15.1 26  10   M    M   5 123    37 350
17  53  48  51 -15  14   0 0.15  0.0    0 17.6 28 360   M    M  10 1      35 350
18  64  45  55 -11  10   0 0.08  0.0    0  9.9 21  50   M    M   9 1      25  60
19  65  47  56 -11   9   0 0.02    M    0 12.2 18 160   M    M   8 12     24 180
20  84  50  67   0   0   2 0.00  0.0    0 17.3 25 180   M    M   5 18     31 210
21  85  60  73   6   0   8 0.00  0.0    0 20.2 30 190   M    M   2 12     38 170
22  87  60  74   7   0   9 0.00  0.0    0 22.0 45 130   M    M   6 3      52 130
23  89  60  75   7   0  10 0.00  0.0    0 15.0 32 130   M    M   3 18     39 130
24  90  59  75   7   0  10 0.00  0.0    0 18.2 33 130   M    M   1 1      40 130
25  90  49  70   2   0   5 0.00  0.0    0 11.1 26 240   M    M   0        30 240
26  89  55  72   3   0   7 0.00  0.0    0 14.7 31 220   M    M   0        39 230
27  78  48  63  -6   2   0 0.00  0.0    0  9.8 21 290   M    M   1        33 270
================================================================================
SM 2066 1317       126  71  0.81    T    383.1          M       78
================================================================================
AV 76.5 48.8                              14.2 FASTST   M    M   3    MAX(MPH)
                                 MISC ---->  # 45 130               # 75   80
================================================================================
NOTES:
# LAST OF SEVERAL OCCURRENCES

COLUMN 17 PEAK WIND IN M.P.H.

PRELIMINARY LOCAL CLIMATOLOGICAL DATA (WS FORM: F-6) , PAGE 2

                                          STATION:  AMARILLO
                                          MONTH:    MAY
                                          YEAR:     2016
                                          LATITUDE:   35 13 N
                                          LONGITUDE: 101 42 W

[TEMPERATURE DATA]      [PRECIPITATION DATA]       SYMBOLS USED IN COLUMN 16

AVERAGE MONTHLY: 62.6   TOTAL FOR MONTH:   0.81    1 = FOG OR MIST
DPTR FM NORMAL:  -2.4   DPTR FM NORMAL:   -1.06    2 = FOG REDUCING VISIBILITY
HIGHEST:    90 ON 25,24 GRTST 24HR  0.38 ON 11-11      TO 1/4 MILE OR LESS
LOWEST:     34 ON  2                               3 = THUNDER
                        SNOW, ICE PELLETS, HAIL    4 = ICE PELLETS
                        TOTAL MONTH:    T          5 = HAIL
                        GRTST 24HR    T  ON 11-11  6 = FREEZING RAIN OR DRIZZLE
                        GRTST DEPTH:   0           7 = DUSTSTORM OR SANDSTORM:
                                                       VSBY 1/2 MILE OR LESS
                                                   8 = SMOKE OR HAZE
[NO. OF DAYS WITH]      [WEATHER - DAYS WITH]      9 = BLOWING SNOW
                                                   X = TORNADO
MAX 32 OR BELOW:   0    0.01 INCH OR MORE:   8
MAX 90 OR ABOVE:   2    0.10 INCH OR MORE:   2
MIN 32 OR BELOW:   0    0.50 INCH OR MORE:   0
MIN  0 OR BELOW:   0    1.00 INCH OR MORE:   0

[HDD (BASE 65) ]
TOTAL THIS MO.   126    CLEAR  (SCALE 0-3)  18
DPTR FM NORMAL    47    PTCLDY (SCALE 4-7)   5
TOTAL FM JUL 1  3461    CLOUDY (SCALE 8-10)  4
DPTR FM NORMAL  -706

[CDD (BASE 65) ]
TOTAL THIS MO.    71
DPTR FM NORMAL   -10    [PRESSURE DATA]
TOTAL FM JAN 1    82    HIGHEST SLP M ON M
DPTR FM NORMAL   -20    LOWEST  SLP 29.47 ON  9

[REMARKS]
