000
CXUS53 KDMX 280920
CF6AMW
PRELIMINARY LOCAL CLIMATOLOGICAL DATA (WS FORM: F-6)

                                          STATION:   AMES IA
                                          MONTH:     MARCH
                                          YEAR:      2017
                                          LATITUDE:   41 59 N
                                          LONGITUDE:  93 37 W

  TEMPERATURE IN F:       :PCPN:    SNOW:  WIND      :SUNSHINE: SKY     :PK WND
================================================================================
1   2   3   4   5  6A  6B    7    8   9   10  11  12  13   14  15   16   17  18
                                     12Z  AVG MX 2MIN
DY MAX MIN AVG DEP HDD CDD  WTR  SNW DPTH SPD SPD DIR MIN PSBL S-S WX    SPD DR
================================================================================

 1  41  28  35   5  30   0 0.02    M    M 18.4 35 330   M    M   7 1      43 320
 2  35  23  29  -1  36   0    T    M    M  9.4 18 330   M    M   6 18     22 310
 3  39  15  27  -4  38   0 0.00  0.0    0  8.9 21 150   M    M   2        26 130
 4  60  27  44  13  21   0 0.00  0.0    0 11.7 20 130   M    M   0        26 130
 5  61  39  50  18  15   0 0.00  0.0    0 14.0 26 200   M    M   7        33 190
 6  76  43  60  28   5   0 0.28  0.0    0 21.4 49 250   M    M   7 13     67 260
 7  53  33  43  10  22   0    T  0.0    0 17.7 36 260   M    M   3        45 260
 8  51  30  41   8  24   0 0.00  0.0    0 12.9 28 280   M    M   1        35 280
 9  47  25  36   2  29   0 0.00  0.0    0 11.5 25 340   M    M   3        31 350
10  27  14  21 -13  44   0    M    M    0 11.7 24 340   M    M   M 1      31 340
11  28  19  24 -11  41   0    T    M    M  7.4 13 350   M    M   M 1      16  40
12  31  14  23 -12  42   0    T    M    0  8.7 23 140   M    M   8 1      28 130
13  27  13  20 -16  45   0    T    M    M 14.6 22  30   M    M   9 1      28  10
14  25   6  16 -20  49   0 0.00  0.0    0  6.4 12  40   M    M   1        16 340
15  33   0  17 -19  48   0 0.00  0.0    0  4.5 12 180   M    M   1        15 170
16  45  22  34  -3  31   0    T    M    0 12.5 23 130   M    M   4        29 140
17  61  30  46   9  19   0 0.00  0.0    0 15.4 36 310   M    M   0        44 300
18  50  31  41   3  24   0 0.00  0.0    0 10.4 21 330   M    M   4        27 320
19  68  30  49  11  16   0 0.00  0.0    0 11.7 28 160   M    M   2        33 160
20  66  39  53  14  12   0 0.00  0.0    0 11.6 23  10   M    M   0        32  40
21  50  30  40   1  25   0 0.00  0.0    0 12.8 21  10   M    M   4        26 360
22  45  26  36  -4  29   0 0.00  0.0    0 11.8 21 140   M    M   5        28 120
23  52  38  45   5  20   0 0.00  0.0    0 14.3 26 140   M    M   7 3      32 130
24  56  41  49   8  16   0 0.16    M    0  9.8 21  30   M    M   7 18     26  20
25  42  38  40  -1  25   0 0.84  0.0    0 12.0 20  40   M    M  10 1      27  50
26  47  40  44   2  21   0 0.01    M    0  7.8 13 290   M    M  10 1      15 320
27  51  41  46   4  19   0 0.00  0.0    0  6.8 13 360   M    M  10 1      16  10
================================================================================
SM 1267  735       746   0  1.31     0.0 316.1          M      118
================================================================================
AV 46.9 27.2                              11.7 FASTST   M    M   5    MAX(MPH)
                                 MISC ---->  # 49 250               # 67  260
================================================================================
NOTES:
# LAST OF SEVERAL OCCURRENCES

COLUMN 17 PEAK WIND IN M.P.H.

PRELIMINARY LOCAL CLIMATOLOGICAL DATA (WS FORM: F-6) , PAGE 2

                                          STATION:  AMES IA
                                          MONTH:    MARCH
                                          YEAR:     2017
                                          LATITUDE:   41 59 N
                                          LONGITUDE:  93 37 W

[TEMPERATURE DATA]      [PRECIPITATION DATA]       SYMBOLS USED IN COLUMN 16

AVERAGE MONTHLY: 37.1   TOTAL FOR MONTH:   1.31    1 = FOG OR MIST
DPTR FM NORMAL:   1.1   DPTR FM NORMAL:   -0.42    2 = FOG REDUCING VISIBILITY
HIGHEST:    76 ON  6    GRTST 24HR  0.84 ON 25-25      TO 1/4 MILE OR LESS
LOWEST:      0 ON 15                               3 = THUNDER
                        SNOW, ICE PELLETS, HAIL    4 = ICE PELLETS
                        TOTAL MONTH:   0.0 INCH    5 = HAIL
                        GRTST 24HR     0.0         6 = FREEZING RAIN OR DRIZZLE
                        GRTST DEPTH:   0           7 = DUSTSTORM OR SANDSTORM:
                                                       VSBY 1/2 MILE OR LESS
                                                   8 = SMOKE OR HAZE
[NO. OF DAYS WITH]      [WEATHER - DAYS WITH]      9 = BLOWING SNOW
                                                   X = TORNADO
MAX 32 OR BELOW:   5    0.01 INCH OR MORE:   5
MAX 90 OR ABOVE:   0    0.10 INCH OR MORE:   3
MIN 32 OR BELOW:  18    0.50 INCH OR MORE:   1
MIN  0 OR BELOW:   1    1.00 INCH OR MORE:   0

[HDD (BASE 65) ]
TOTAL THIS MO.   746    CLEAR  (SCALE 0-3)   9
DPTR FM NORMAL   -37    PTCLDY (SCALE 4-7)  11
TOTAL FM JUL 1  4958    CLOUDY (SCALE 8-10)  5
DPTR FM NORMAL -1110

[CDD (BASE 65) ]
TOTAL THIS MO.     0
DPTR FM NORMAL     0    [PRESSURE DATA]
TOTAL FM JAN 1     0    HIGHEST SLP M ON M
DPTR FM NORMAL     0    LOWEST  SLP 29.22 ON  6

[REMARKS]
