000
CXAK56 PAFC 271320
CF6ANC
PRELIMINARY LOCAL CLIMATOLOGICAL DATA (WS FORM: F-6)

                                          STATION:   ANCHORAGE AK
                                          MONTH:     JUNE
                                          YEAR:      2017
                                          LATITUDE:   61 10 N
                                          LONGITUDE: 150  2 W

  TEMPERATURE IN F:       :PCPN:    SNOW:  WIND      :SUNSHINE: SKY     :PK WND
================================================================================
1   2   3   4   5  6A  6B    7    8   9   10  11  12  13   14  15   16   17  18
                                     12Z  AVG MX 2MIN
DY MAX MIN AVG DEP HDD CDD  WTR  SNW DPTH SPD SPD DIR MIN PSBL S-S WX    SPD DR
================================================================================

 1  75  42  59   7   6   0 0.00  0.0    0  7.2 20 160   M    M   5        34 180
 2  62  54  58   5   7   0 0.00  0.0    0  7.5 16 170   M    M   7        28 180
 3  61  48  55   2  10   0 0.01    M    0  7.1 15 160   M    M   6        23 160
 4  59  47  53   0  12   0 0.00  0.0    0  8.1 15 160   M    M   8        33 160
 5  60  46  53   0  12   0 0.14  0.0    0  8.5 17 150   M    M   8 1      28 170
 6  59  46  53  -1  12   0 0.00  0.0    0  5.1 22 150   M    M   8        31 150
 7  64  51  58   4   7   0 0.02  0.0    0 11.0 21 140   M    M   8        38 150
 8  65  51  58   4   7   0 0.01  0.0    0  4.3  9  30   M    M  10         M  M
 9  66  53  60   6   5   0 0.01  0.0    0  6.9 23 150   M    M   7        39 150
10  58  52  55   1  10   0 0.02  0.0    0 18.6 30 150   M    M   8        41 150
11  61  51  56   2   9   0 0.00  0.0    0 16.6 26 150   M    M   8        36 160
12  55  47  51  -4  14   0 0.01  0.0    0  8.9 15 150   M    M   9        24 180
13  59  46  53  -2  12   0 0.05  0.0    0  5.4  9 240   M    M   8         M  M
14  60  47  54  -1  11   0    T  0.0    0  6.7 13 260   M    M   7        20 330
15  65  42  54  -1  11   0 0.00  0.0    0  5.6 12 260   M    M   4         M  M
16  66  48  57   1   8   0 0.00  0.0    0  8.9 22 150   M    M   5        31 150
17  62  49  56   0   9   0    T  0.0    0 12.9 17 150   M    M   8        30 140
18  61  47  54  -2  11   0    T  0.0    0  5.8 10 280   M    M   7         M  M
19  65  44  55  -1  10   0 0.02    M    0  8.4 20 160   M    M   8        36 140
20  57  50  54  -2  11   0 0.37  0.0    0  9.4 20 180   M    M   9 1      28 170
21  60  46  53  -3  12   0    T    M    0  5.8 14 160   M    M   8 18     20 150
22  58  52  55  -1  10   0    T  0.0    0  7.3 13 160   M    M   9 1      22 280
23  56  50  53  -4  12   0    T  0.0    0  3.9 10 300   M    M   9         M  M
24  67  44  56  -1   9   0 0.00  0.0    0  3.9  9 150   M    M   6         M  M
25  67  52  60   3   5   0 0.00  0.0    0  7.0 13 250   M    M   7         M  M
26  59  52  56  -1   9   0    T  0.0    0  7.4 12 140   M    M   8        24 150
================================================================================
SM 1607 1257       251   0  0.66     0.0 208.2          M      195
================================================================================
AV 61.8 48.4                               8.0 FASTST   M    M   8    MAX(MPH)
                                 MISC ---->  # 30 150               # 41  150
================================================================================
NOTES:
# LAST OF SEVERAL OCCURRENCES

COLUMN 17 PEAK WIND IN M.P.H.

PRELIMINARY LOCAL CLIMATOLOGICAL DATA (WS FORM: F-6) , PAGE 2

                                          STATION:  ANCHORAGE AK
                                          MONTH:    JUNE
                                          YEAR:     2017
                                          LATITUDE:   61 10 N
                                          LONGITUDE: 150  2 W

[TEMPERATURE DATA]      [PRECIPITATION DATA]       SYMBOLS USED IN COLUMN 16

AVERAGE MONTHLY: 55.1   TOTAL FOR MONTH:   0.66    1 = FOG OR MIST
DPTR FM NORMAL:   0.2   DPTR FM NORMAL:   -0.16    2 = FOG REDUCING VISIBILITY
HIGHEST:    75 ON  1    GRTST 24HR  0.37 ON 20-20      TO 1/4 MILE OR LESS
LOWEST:     42 ON 15, 1                            3 = THUNDER
                        SNOW, ICE PELLETS, HAIL    4 = ICE PELLETS
                        TOTAL MONTH:   0.0 INCH    5 = HAIL
                        GRTST 24HR     0.0         6 = FREEZING RAIN OR DRIZZLE
                        GRTST DEPTH:   0           7 = DUSTSTORM OR SANDSTORM:
                                                       VSBY 1/2 MILE OR LESS
                                                   8 = SMOKE OR HAZE
[NO. OF DAYS WITH]      [WEATHER - DAYS WITH]      9 = BLOWING SNOW
                                                   X = TORNADO
MAX 32 OR BELOW:   0    0.01 INCH OR MORE:  10
MAX 90 OR ABOVE:   0    0.10 INCH OR MORE:   2
MIN 32 OR BELOW:   0    0.50 INCH OR MORE:   0
MIN  0 OR BELOW:   0    1.00 INCH OR MORE:   0

[HDD (BASE 65) ]
TOTAL THIS MO.   251    CLEAR  (SCALE 0-3)   0
DPTR FM NORMAL   -12    PTCLDY (SCALE 4-7)  18
TOTAL FM JUL 1  9954    CLOUDY (SCALE 8-10)  8
DPTR FM NORMAL  -209

[CDD (BASE 65) ]
TOTAL THIS MO.     0
DPTR FM NORMAL     0    [PRESSURE DATA]
TOTAL FM JAN 1     0    HIGHEST SLP M ON M
DPTR FM NORMAL     0    LOWEST  SLP 29.50 ON  1

[REMARKS]
