000
CXUS52 KGSP 010817
CF6AND
PRELIMINARY LOCAL CLIMATOLOGICAL DATA (WS FORM: F-6)

                                          STATION:   ANDERSON SC
                                          MONTH:     JUNE
                                          YEAR:      2015
                                          LATITUDE:   34 30 N
                                          LONGITUDE:  82 43 W

  TEMPERATURE IN F:       :PCPN:    SNOW:  WIND      :SUNSHINE: SKY     :PK WND
================================================================================
1   2   3   4   5  6A  6B    7    8   9   10  11  12  13   14  15   16   17  18
                                     12Z  AVG MX 2MIN
DY MAX MIN AVG DEP HDD CDD  WTR  SNW DPTH SPD SPD DIR MIN PSBL S-S WX    SPD DR
================================================================================

 1  86  67  77   4   0  12 0.23    M    M  4.5 18 320   M    M   5 123    21 320
 2  83  66  75   2   0  10 0.20    M    M  6.2 18 310   M    M   6 13     23 300
 3  81  61  71  -3   0   6 1.56    M    M  8.4 26 340   M    M   5 13     35 330
 4  79  62  71  -3   0   6    T    M    M  4.9 14  70   M    M   7        17  60
 5  83  62  73  -1   0   8 0.04    M    M  3.5 12  30   M    M   5        17  20
 6  89  65  77   3   0  12 0.00    M    M  2.9  9 360   M    M   1 1      14  10
 7  88  68  78   3   0  13 0.33    M    M  5.8 20 130   M    M   2 3      26 150
 8  84  70  77   2   0  12 0.05    M    M  7.2 20 170   M    M   5 13     27 320
 9  86  66  76   1   0  11 0.14    M    M  6.2 18  20   M    M   2 13     25  30
10  83  67  75   0   0  10 0.00    M    M  3.6 13 200   M    M   4 1      19 200
11  86  66  76   0   0  11    T    M    M  4.1 15 220   M    M   3 1      19 200
12  88  70  79   3   0  14    T    M    M  8.1 16 220   M    M   7 1      20 210
13  91  72  82   6   0  17 0.00    M    M  8.2 17 280   M    M   1 8      23 260
14  94  70  82   6   0  17 0.00    M    M  4.7 14 240   M    M   0        18 260
15  96  69  83   7   0  18 0.00    M    M  3.9 13 230   M    M   0        16 330
16  96  70  83   6   0  18 0.00    M    M  4.4 15 270   0    0   0        19 260
17  97  71  84   7   0  19 0.00    M    M  3.5 14 220   M    M   1 3      18 200
18  98  73  86   9   0  21 0.08    M    M  4.6 22 250   M    M   1 13     30 240
19  94  70  82   5   0  17 0.00    M    M  6.0 16 230   M    M   1        22 230
20  93  72  83   6   0  18 0.09    M    M  9.4 26 240   M    M   1 3      31 290
21  95  72  84   6   0  19 0.00    M    M  7.4 16 280   M    M   1        21 280
22  97  70  84   6   0  19 0.00    M    M  3.0 14 360   M    M   1        19 360
23  97  70  84   6   0  19 0.00    M    M  6.3 16 260   M    M   1        20 240
24  97  74  86   8   0  21 0.00    M    M  4.0 23 270   M    M   1 38     29 270
25  97  71  84   6   0  19 0.00    M    M  5.1 13 310   M    M   1        16 270
26  99  73  86   8   0  21    T    M    M  7.2 24 170   M    M   2 3      30 320
27  90  71  81   3   0  16 0.01    M    M  9.2 21 250   M    M   4 3      29 240
28  86  66  76  -2   0  11 0.00    M    M  5.5 10 240   M    M   0        15 280
29  88  59  74  -5   0   9 0.00    M    M  5.3 15 230   M    M   2        21 250
30  91  66  79   0   0  14 0.70    M    M  6.9 38 300   M    M   1 138    54 310
================================================================================
SM 2712 2049         0 438  3.43    M    170.0            0     71
================================================================================
AV 90.4 68.3                               5.7 FASTST    0   0   2    MAX(MPH)
                                 MISC ---->  # 38 300               # 54  310
================================================================================
NOTES:
# LAST OF SEVERAL OCCURRENCES

COLUMN 17 PEAK WIND IN M.P.H.

PRELIMINARY LOCAL CLIMATOLOGICAL DATA (WS FORM: F-6) , PAGE 2

                                          STATION:  ANDERSON SC
                                          MONTH:    JUNE
                                          YEAR:     2015
                                          LATITUDE:   34 30 N
                                          LONGITUDE:  82 43 W

[TEMPERATURE DATA]      [PRECIPITATION DATA]       SYMBOLS USED IN COLUMN 16

AVERAGE MONTHLY: 79.4   TOTAL FOR MONTH:   3.43    1 = FOG OR MIST
DPTR FM NORMAL:   3.0   DPTR FM NORMAL:   -0.29    2 = FOG REDUCING VISIBILITY
HIGHEST:    99 ON 26    GRTST 24HR  1.56 ON  3- 3      TO 1/4 MILE OR LESS
LOWEST:     59 ON 29                               3 = THUNDER
                        SNOW, ICE PELLETS, HAIL    4 = ICE PELLETS
                        TOTAL MONTH:    M          5 = HAIL
                        GRTST 24HR    M  ON   M    6 = FREEZING RAIN OR DRIZZLE
                        GRTST DEPTH:  M  ON   M    7 = DUSTSTORM OR SANDSTORM:
                                                       VSBY 1/2 MILE OR LESS
                                                   8 = SMOKE OR HAZE
[NO. OF DAYS WITH]      [WEATHER - DAYS WITH]      9 = BLOWING SNOW
                                                   X = TORNADO
MAX 32 OR BELOW:   0    0.01 INCH OR MORE:  11
MAX 90 OR ABOVE:  16    0.10 INCH OR MORE:   6
MIN 32 OR BELOW:   0    0.50 INCH OR MORE:   2
MIN  0 OR BELOW:   0    1.00 INCH OR MORE:   1

[HDD (BASE 65) ]
TOTAL THIS MO.     0    CLEAR  (SCALE 0-3)  21
DPTR FM NORMAL    -1    PTCLDY (SCALE 4-7)   9
TOTAL FM JUL 1  2996    CLOUDY (SCALE 8-10)  0
DPTR FM NORMAL  -102

[CDD (BASE 65) ]
TOTAL THIS MO.   438
DPTR FM NORMAL    96    [PRESSURE DATA]
TOTAL FM JAN 1   741    HIGHEST SLP 30.14 ON 14
DPTR FM NORMAL   212    LOWEST  SLP 29.78 ON 27

[REMARKS]
#FINAL-06-15#
