000
CXUS52 KGSP 300817
CF6AND
PRELIMINARY LOCAL CLIMATOLOGICAL DATA (WS FORM: F-6)

                                          STATION:   ANDERSON SC
                                          MONTH:     APRIL
                                          YEAR:      2016
                                          LATITUDE:   34 30 N
                                          LONGITUDE:  82 43 W

  TEMPERATURE IN F:       :PCPN:    SNOW:  WIND      :SUNSHINE: SKY     :PK WND
================================================================================
1   2   3   4   5  6A  6B    7    8   9   10  11  12  13   14  15   16   17  18
                                     12Z  AVG MX 2MIN
DY MAX MIN AVG DEP HDD CDD  WTR  SNW DPTH SPD SPD DIR MIN PSBL S-S WX    SPD DR
================================================================================

 1  69  63  66   9   0   1 0.46    M    M  9.5 22 200   M    M   7 13     26 180
 2  68  54  61   4   4   0 0.05    M    M 12.7 28 260   M    M   1 1      39 250
 3  70  46  58   1   7   0 0.00    M    M  5.3 17 290   M    M   0        22 300
 4  77  39  58   1   7   0 0.00    M    M  9.1 23 230   M    M   0        29 210
 5  68  47  58   0   7   0 0.00    M    M  8.3 15 100   M    M   0        20 300
 6  62  37  50  -8  15   0 0.00    M    M  7.8 23 160   M    M   1 13     31 170
 7  72  48  60   2   5   0 0.50    M    M 12.6 26 300   M    M   6 13     34 250
 8  65  46  56  -2   9   0 0.00    M    M 10.4 25 290   M    M   5        32 290
 9  64  36  50  -9  15   0 0.00    M    M 11.3 29 280   M    M   0 8      35 290
10  58  35  47 -12  18   0 0.00    M    M  3.9 12 140   M    M   2        14  70
11  72  42  57  -2   8   0 0.04    M    M  3.9 17 170   M    M   9 1      21 170
12  74  58  66   7   0   1 0.01    M    M  5.2 21  40   M    M   6 13     30  30
13  68  54  61   1   4   0 0.00    M    M  9.6 24  70   M    M   4        30  60
14  70  52  61   1   4   0 0.00    M    M  9.1 15  80   M    M   2 8      18  60
15  68  48  58  -2   7   0 0.00    M    M 11.8 25  70   M    M   3        31  80
16  71  47  59  -1   6   0 0.00    M    M  8.6 20  70   M    M   3        25  80
17  76  41  59  -2   6   0 0.00    M    M  4.7 15  70   M    M   0        23  70
18  85  43  64   3   1   0 0.00    M    M  2.3 14 110   M    M   0        18 150
19  87  48  68   7   0   3 0.00    M    M  3.6 12 230   M    M   0        16 230
20  83  58  71  10   0   6 0.00    M    M  7.1 25  60   M    M   0        36  50
21  79  58  69   7   0   4 0.00    M    M  8.1 20 180   M    M   3        25 200
22  71  58  65   3   0   0 0.25    M    M  5.3 18 210   M    M   7 13     23 210
23  79  53  66   4   0   1 0.00    M    M  5.3 15  50   M    M   3 12     20 330
24  79  50  65   3   0   0 0.00    M    M  3.4 15  50   M    M   0        18  90
25  82  53  68   5   0   3 0.00    M    M  4.8 14 180   M    M   2 1      17 160
26  85  59  72   9   0   7 0.00    M    M  8.2 17 220   M    M   1        22 220
27  87  58  73  10   0   8    T    M    M  6.2 21 220   M    M   1        26 220
28  87  66  77  13   0  12 0.00    M    M  9.4 22 230   M    M   3        27 270
29  88  56  72   8   0   7 0.00    M    M  2.8 12 210   M    M   0        16 240
================================================================================
SM 2164 1453       123  53  1.31    M    210.3          M       69
================================================================================
AV 74.6 50.1                               7.3 FASTST   M    M   2    MAX(MPH)
                                 MISC ---->  # 29 280               # 39  250
================================================================================
NOTES:
# LAST OF SEVERAL OCCURRENCES

COLUMN 17 PEAK WIND IN M.P.H.

PRELIMINARY LOCAL CLIMATOLOGICAL DATA (WS FORM: F-6) , PAGE 2

                                          STATION:  ANDERSON SC
                                          MONTH:    APRIL
                                          YEAR:     2016
                                          LATITUDE:   34 30 N
                                          LONGITUDE:  82 43 W

[TEMPERATURE DATA]      [PRECIPITATION DATA]       SYMBOLS USED IN COLUMN 16

AVERAGE MONTHLY: 62.4   TOTAL FOR MONTH:   1.31    1 = FOG OR MIST
DPTR FM NORMAL:   2.2   DPTR FM NORMAL:   -1.71    2 = FOG REDUCING VISIBILITY
HIGHEST:    88 ON 29    GRTST 24HR  0.50 ON  7- 7      TO 1/4 MILE OR LESS
LOWEST:     35 ON 10                               3 = THUNDER
                        SNOW, ICE PELLETS, HAIL    4 = ICE PELLETS
                        TOTAL MONTH:    M          5 = HAIL
                        GRTST 24HR    M  ON   M    6 = FREEZING RAIN OR DRIZZLE
                        GRTST DEPTH:  M  ON   M    7 = DUSTSTORM OR SANDSTORM:
                                                       VSBY 1/2 MILE OR LESS
                                                   8 = SMOKE OR HAZE
[NO. OF DAYS WITH]      [WEATHER - DAYS WITH]      9 = BLOWING SNOW
                                                   X = TORNADO
MAX 32 OR BELOW:   0    0.01 INCH OR MORE:   6
MAX 90 OR ABOVE:   0    0.10 INCH OR MORE:   3
MIN 32 OR BELOW:   0    0.50 INCH OR MORE:   1
MIN  0 OR BELOW:   0    1.00 INCH OR MORE:   0

[HDD (BASE 65) ]
TOTAL THIS MO.   123    CLEAR  (SCALE 0-3)  22
DPTR FM NORMAL   -48    PTCLDY (SCALE 4-7)   6
TOTAL FM JUL 1  2335    CLOUDY (SCALE 8-10)  1
DPTR FM NORMAL  -722

[CDD (BASE 65) ]
TOTAL THIS MO.    53
DPTR FM NORMAL    20    [PRESSURE DATA]
TOTAL FM JAN 1    78    HIGHEST SLP  0.00 ON 14
DPTR FM NORMAL    40    LOWEST  SLP  0.00 ON 14

[REMARKS]
