000
CXUS53 KAPX 230631
CF6ANJ
PRELIMINARY LOCAL CLIMATOLOGICAL DATA (WS FORM: F-6)

                                          STATION:   SAULT STE MARIE MI
                                          MONTH:     FEBRUARY
                                          YEAR:      2017
                                          LATITUDE:   46 28 N
                                          LONGITUDE:  84 21 W

  TEMPERATURE IN F:       :PCPN:    SNOW:  WIND      :SUNSHINE: SKY     :PK WND
================================================================================
1   2   3   4   5  6A  6B    7    8   9   10  11  12  13   14  15   16   17  18
                                     12Z  AVG MX 2MIN
DY MAX MIN AVG DEP HDD CDD  WTR  SNW DPTH SPD SPD DIR MIN PSBL S-S WX    SPD DR
================================================================================

 1  29  13  21   6  44   0 0.07  1.2   13 10.5 24 310   M    M   9 18     34 320
 2  18  12  15   0  50   0 0.05  0.8   14 15.7 22 260   M    M  10 18     33 250
 3  22   9  16   0  49   0 0.09  1.2   13 14.2 22 250   M    M   9 189    31 280
 4  26  13  20   4  45   0 0.21  3.7   14  9.2 20 240   M    M   9 1      25 260
 5  28  19  24   8  41   0 0.07  1.6   18 13.0 25 310   M    M  10 18     34 300
 6  24  17  21   5  44   0 0.07  1.4   17  5.5 13 240   M    M  10 1      16 250
 7  23  18  21   5  44   0 0.17  1.7   17  8.0 15  90   M    M  10 168    22  90
 8  20   9  15  -1  50   0 0.19  4.8   19  9.4 24 310   M    M  10 128    36 310
 9  19   5  12  -4  53   0 0.27  4.7   21 12.3 23 290   M    M   9 128    32 270
10  26  11  19   2  46   0 0.48  6.2   23  7.1 18 130   M    M  10 128    25 140
11  35  25  30  13  35   0 0.00  0.0   25  3.1 13 270   M    M  10        17 270
12  32  24  28  11  37   0 0.33  4.1   22 11.9 29 300   M    M  10 128    44 320
13  36  19  28  11  37   0    T    T   25  5.9 23 320   M    M   4        35 320
14  37  23  30  13  35   0 0.06  1.2   24  8.9 22 280   M    M  10 1      32 270
15  33  13  23   5  42   0    T  0.1   24 11.7 20 330   M    M   8 1      27 330
16  23   2  13  -5  52   0 0.00  0.0   23  3.3 12 340   M    M   0        15 340
17  37  13  25   7  40   0 0.00  0.0   22  7.0 14 130   M    M   3 1      19 120
18  49  21  35  17  30   0 0.00  0.0   22  8.3 22 290   M    M   1 128    29 280
19  44  29  37  19  28   0 0.00  0.0   20  7.0 16 310   M    M   0        23 300
20  36  28  32  13  33   0    T  0.0   18  9.9 20 120   M    M   1        29 120
21  46  33  40  21  25   0 0.30  0.0   18  5.4 16 100   M    M   8 126    24 100
22  47  35  41  22  24   0 0.38  0.0   17  4.4  8  80   M    M   9 12      M  M
================================================================================
SM  690  391       884   0  2.74    32.7 191.7          M      160
================================================================================
AV 31.4 17.8                               8.7 FASTST   M    M   7    MAX(MPH)
                                 MISC ---->  # 29 300               # 44  320
================================================================================
NOTES:
# LAST OF SEVERAL OCCURRENCES

COLUMN 17 PEAK WIND IN M.P.H.

PRELIMINARY LOCAL CLIMATOLOGICAL DATA (WS FORM: F-6) , PAGE 2

                                          STATION:  SAULT STE MARIE MI
                                          MONTH:    FEBRUARY
                                          YEAR:     2017
                                          LATITUDE:   46 28 N
                                          LONGITUDE:  84 21 W

[TEMPERATURE DATA]      [PRECIPITATION DATA]       SYMBOLS USED IN COLUMN 16

AVERAGE MONTHLY: 24.6   TOTAL FOR MONTH:   2.74    1 = FOG OR MIST
DPTR FM NORMAL:   7.6   DPTR FM NORMAL:    1.70    2 = FOG REDUCING VISIBILITY
HIGHEST:    49 ON 18    GRTST 24HR  0.54 ON  9-10      TO 1/4 MILE OR LESS
LOWEST:      2 ON 16                               3 = THUNDER
                        SNOW, ICE PELLETS, HAIL    4 = ICE PELLETS
                        TOTAL MONTH:  32.7 INCHES  5 = HAIL
                        GRTST 24HR   6.2 ON   M    6 = FREEZING RAIN OR DRIZZLE
                        GRTST DEPTH:  25 ON 13,11  7 = DUSTSTORM OR SANDSTORM:
                                                       VSBY 1/2 MILE OR LESS
                                                   8 = SMOKE OR HAZE
[NO. OF DAYS WITH]      [WEATHER - DAYS WITH]      9 = BLOWING SNOW
                                                   X = TORNADO
MAX 32 OR BELOW:  12    0.01 INCH OR MORE:  14
MAX 90 OR ABOVE:   0    0.10 INCH OR MORE:   8
MIN 32 OR BELOW:  20    0.50 INCH OR MORE:   0
MIN  0 OR BELOW:   0    1.00 INCH OR MORE:   0

[HDD (BASE 65) ]
TOTAL THIS MO.   884    CLEAR  (SCALE 0-3)   5
DPTR FM NORMAL  -172    PTCLDY (SCALE 4-7)   3
TOTAL FM JUL 1  4652    CLOUDY (SCALE 8-10) 14
DPTR FM NORMAL -1204

[CDD (BASE 65) ]
TOTAL THIS MO.     0
DPTR FM NORMAL     0    [PRESSURE DATA]
TOTAL FM JAN 1     0    HIGHEST SLP M ON M
DPTR FM NORMAL     0    LOWEST  SLP 29.28 ON  7

[REMARKS]
