000
CXUS53 KAPX 220631
CF6APX
PRELIMINARY LOCAL CLIMATOLOGICAL DATA (WS FORM: F-6)

                                          STATION:   GAYLORD  WFO
                                          MONTH:     JUNE
                                          YEAR:      2017
                                          LATITUDE:   45  4 N
                                          LONGITUDE:  84 43 W

  TEMPERATURE IN F:       :PCPN:    SNOW:  WIND      :SUNSHINE: SKY     :PK WND
================================================================================
1   2   3   4   5  6A  6B    7    8   9   10  11  12  13   14  15   16   17  18
                                     12Z  AVG MX 2MIN
DY MAX MIN AVG DEP HDD CDD  WTR  SNW DPTH SPD SPD DIR MIN PSBL S-S WX    SPD DR
================================================================================

 1  65  37  51  -7  14   0 0.00  0.0    0   M   M   M   M    M   M         M  M
 2  73  43  58   0   7   0 0.00  0.0    0   M   M   M   M    M   M         M  M
 3  78  52  65   6   0   0 0.33  0.0    0   M   M   M   M    M   M         M  M
 4  78  56  67   8   0   2 0.02  0.0    0   M   M   M   M    M   M         M  M
 5  70  50  60   1   5   0 0.26  0.0    0   M   M   M   M    M   M         M  M
 6  71  48  60   0   5   0 0.00  0.0    0   M   M   M   M    M   M         M  M
 7  76  48  62   2   3   0 0.00  0.0    0   M   M   M   M    M   M         M  M
 8  80  51  66   6   0   1 0.00  0.0    0   M   M   M   M    M   M         M  M
 9  75  55  65   5   0   0    T  0.0    0   M   M   M   M    M   M         M  M
10  85  55  70   9   0   5 0.00  0.0    0   M   M   M   M    M   M         M  M
11  84  72  78  17   0  13 0.00  0.0    0   M   M   M   M    M   M         M  M
12  81  64  73  12   0   8 0.32  0.0    0   M   M   M   M    M   M         M  M
13  79  61  70   8   0   5 0.10  0.0    0   M   M   M   M    M   M         M  M
14  80  59  70   8   0   5 0.61  0.0    0   M   M   M   M    M   M         M  M
15  81  51  66   4   0   1 0.04  0.0    0   M   M   M   M    M   M         M  M
16  83  59  71   9   0   6 0.00  0.0    0   M   M   M   M    M   M         M  M
17  81  62  72   9   0   7 1.69  0.0    0   M   M   M   M    M   M         M  M
18  72  59  66   3   0   1 0.26  0.0    0   M   M   M   M    M   M         M  M
19  69  56  63   0   2   0 0.02  0.0    0   M   M   M   M    M   M         M  M
20  69  50  60  -4   5   0 0.07  0.0    0   M   M   M   M    M   M         M  M
21  74  49  62  -2   3   0    T  0.0    0   M   M   M   M    M   M 1       M  M
================================================================================
SM 1604 1137        44  54  3.72     0.0     M          M        M
================================================================================
AV 76.4 54.1                                 M FASTST   M    M   4    MAX(MPH)
                                 MISC ---->     M   M                  M    M
================================================================================
NOTES:
# LAST OF SEVERAL OCCURRENCES

COLUMN 17 PEAK WIND IN M.P.H.

PRELIMINARY LOCAL CLIMATOLOGICAL DATA (WS FORM: F-6) , PAGE 2

                                          STATION:  GAYLORD  WFO
                                          MONTH:    JUNE
                                          YEAR:     2017
                                          LATITUDE:   45  4 N
                                          LONGITUDE:  84 43 W

[TEMPERATURE DATA]      [PRECIPITATION DATA]       SYMBOLS USED IN COLUMN 16

AVERAGE MONTHLY: 65.3   TOTAL FOR MONTH:   3.72    1 = FOG OR MIST
DPTR FM NORMAL:   4.3   DPTR FM NORMAL:    1.15    2 = FOG REDUCING VISIBILITY
HIGHEST:    85 ON 10    GRTST 24HR  1.69 ON 17-17      TO 1/4 MILE OR LESS
LOWEST:     37 ON  1                               3 = THUNDER
                        SNOW, ICE PELLETS, HAIL    4 = ICE PELLETS
                        TOTAL MONTH:   0.0 INCH    5 = HAIL
                        GRTST 24HR     0.0         6 = FREEZING RAIN OR DRIZZLE
                        GRTST DEPTH:   0           7 = DUSTSTORM OR SANDSTORM:
                                                       VSBY 1/2 MILE OR LESS
                                                   8 = SMOKE OR HAZE
[NO. OF DAYS WITH]      [WEATHER - DAYS WITH]      9 = BLOWING SNOW
                                                   X = TORNADO
MAX 32 OR BELOW:   0    0.01 INCH OR MORE:  11
MAX 90 OR ABOVE:   0    0.10 INCH OR MORE:   7
MIN 32 OR BELOW:   0    0.50 INCH OR MORE:   2
MIN  0 OR BELOW:   0    1.00 INCH OR MORE:   1

[HDD (BASE 65) ]
TOTAL THIS MO.    44    CLEAR  (SCALE 0-3)   0
DPTR FM NORMAL   -75    PTCLDY (SCALE 4-7)   0
TOTAL FM JUL 1  7095    CLOUDY (SCALE 8-10)  0
DPTR FM NORMAL -1336

[CDD (BASE 65) ]
TOTAL THIS MO.    54
DPTR FM NORMAL    21    [PRESSURE DATA]
TOTAL FM JAN 1    65    HIGHEST SLP M ON M
DPTR FM NORMAL    19    LOWEST  SLP M ON M

[REMARKS]
