000
CXUS54 KEWX 010910
CF6AQO
PRELIMINARY LOCAL CLIMATOLOGICAL DATA (WS FORM: F-6)

                                          STATION:   Llano Municipal Airport
                                          MONTH:     FEBRUARY
                                          YEAR:      2015
                                          LATITUDE:   30 47 N
                                          LONGITUDE:  98 40 W

  TEMPERATURE IN F:       :PCPN:    SNOW:  WIND      :SUNSHINE: SKY     :PK WND
================================================================================
1   2   3   4   5  6A  6B    7    8   9   10  11  12  13   14  15   16   17  18
                                     12Z  AVG MX 2MIN
DY MAX MIN AVG DEP HDD CDD  WTR  SNW DPTH SPD SPD DIR MIN PSBL S-S WX    SPD DR
================================================================================

 1  64  41  53   M  12   0    M    M    M  6.9 16  10   M    M   6 12     22 350
 2  48  30  39   M  26   0    M    M    M  3.3  9  20   M    M   0        16  20
 3  50  37  44   M  21   0    M    M    M  4.8  8 140   M    M   6 1       M  M
 4  66  45  56   M   9   0    M    M    M  4.6  8 120   M    M   6         M  M
 5  45  34  40   M  25   0    M    M    M  7.8 20 360   M    M  10        27  10
 6  64  32  48   M  17   0    M    M    M  3.1  8 180   M    M   4         M  M
 7  73  32  53   M  12   0    M    M    M  3.7 12 190   M    M   0 12     17 180
 8  81  37  59   M   6   0    M    M    M  2.8 12 290   M    M   1 12      M  M
 9  81  37  59   M   6   0    M    M    M  1.1  6 100   M    M   0         M  M
10  82  39  61   M   4   0    M    M    M  4.6 15 190   M    M   0        20 190
11  77  46  62   M   3   0    M    M    M  3.5 13  40   M    M   1        23  40
12  61  39  50   M  15   0    M    M    M  6.3 10  10   M    M   5         M  M
13  70  34  52   M  13   0    M    M    M  1.6  6 120   M    M   1         M  M
14  77  37  57   M   8   0    M    M    M  2.0  8 150   M    M   0         M  M
15  72  50  61   M   4   0    M    M    M  4.7 15 210   M    M   4 1      18 210
16  64  32  48   M  17   0    M    M    M 10.7 23 350   M    M   6 1      21 360
17  54  32  43   M  22   0    M    M    M  5.2 10  10   M    M   4         M  M
18  64  28  46   M  19   0    M    M    M  2.4 12 180   M    M   0        16 200
19  70  32  51   M  14   0    M    M    M  6.0 20 190   M    M   0        24 190
20  75  55  65   M   0   0    M    M    M 10.2 18 210   M    M   5        23 210
21  70  48  59   M   6   0    M    M    M  4.7 13 360   M    M   2         M  M
22  54  34  44   M  21   0    M    M    M  7.7 16  20   M    M  10 1      24  20
23  34  30  32   M  33   0    M    M    M  1.8 15  20   M    M  10 1      22  20
24  36  30  33   M  32   0    M    M    M  0.7  6  10   M    M  10 1       M  M
25  63  34  49   M  16   0    M    M    M  5.0 15 340   M    M   4 1      22 330
26  45  32  39   M  26   0    M    M    M  7.4 14  10   M    M   6        22  50
27  34  30  32   M  33   0    M    M    M  7.1 10  90   M    M  10 18     16  60
28  34  30  32   M  33   0 0.00  0.0    0  0.0  M   M   M    M  10 1       M  M
================================================================================
SM 1708 1017       453   0  0.00     0.0 129.7          M      121
================================================================================
AV 61.0 36.3                               4.6 FASTST   M    M   4    MAX(MPH)
                                 MISC ---->  # 23 350               # 27   10
================================================================================
NOTES:
# LAST OF SEVERAL OCCURRENCES

COLUMN 17 PEAK WIND IN M.P.H.

PRELIMINARY LOCAL CLIMATOLOGICAL DATA (WS FORM: F-6) , PAGE 2

                                          STATION:  Llano Municipal Airport
                                          MONTH:    FEBRUARY
                                          YEAR:     2015
                                          LATITUDE:   30 47 N
                                          LONGITUDE:  98 40 W

[TEMPERATURE DATA]      [PRECIPITATION DATA]       SYMBOLS USED IN COLUMN 16

AVERAGE MONTHLY: 48.7   TOTAL FOR MONTH:   0.00    1 = FOG OR MIST
DPTR FM NORMAL:     M   DPTR FM NORMAL:       M    2 = FOG REDUCING VISIBILITY
HIGHEST:    82 ON 10    GRTST 24HR  0.00 ON 28-28      TO 1/4 MILE OR LESS
LOWEST:     28 ON 18                               3 = THUNDER
                        SNOW, ICE PELLETS, HAIL    4 = ICE PELLETS
                        TOTAL MONTH:   0.0 INCH    5 = HAIL
                        GRTST 24HR     0.0         6 = FREEZING RAIN OR DRIZZLE
                        GRTST DEPTH:   0           7 = DUSTSTORM OR SANDSTORM:
                                                       VSBY 1/2 MILE OR LESS
                                                   8 = SMOKE OR HAZE
[NO. OF DAYS WITH]      [WEATHER - DAYS WITH]      9 = BLOWING SNOW
                                                   X = TORNADO
MAX 32 OR BELOW:   0    0.01 INCH OR MORE:   0
MAX 90 OR ABOVE:   0    0.10 INCH OR MORE:   0
MIN 32 OR BELOW:  12    0.50 INCH OR MORE:   0
MIN  0 OR BELOW:   0    1.00 INCH OR MORE:   0

[HDD (BASE 65) ]
TOTAL THIS MO.   453    CLEAR  (SCALE 0-3)  11
DPTR FM NORMAL     M    PTCLDY (SCALE 4-7)  11
TOTAL FM JUL 1  1787    CLOUDY (SCALE 8-10)  6
DPTR FM NORMAL     M

[CDD (BASE 65) ]
TOTAL THIS MO.     0
DPTR FM NORMAL     M    [PRESSURE DATA]
TOTAL FM JAN 1     0    HIGHEST SLP M ON M
DPTR FM NORMAL     M    LOWEST  SLP M ON M

[REMARKS]
#FINAL-02-15#
