000
CXUS54 KLCH 271251
CF6ARA
PRELIMINARY LOCAL CLIMATOLOGICAL DATA (WS FORM: F-6)

                                          STATION:   NEW IBERIA
                                          MONTH:     FEBRUARY
                                          YEAR:      2017
                                          LATITUDE:   30  1 N
                                          LONGITUDE:  91 53 W

  TEMPERATURE IN F:       :PCPN:    SNOW:  WIND      :SUNSHINE: SKY     :PK WND
================================================================================
1   2   3   4   5  6A  6B    7    8   9   10  11  12  13   14  15   16   17  18
                                     12Z  AVG MX 2MIN
DY MAX MIN AVG DEP HDD CDD  WTR  SNW DPTH SPD SPD DIR MIN PSBL S-S WX    SPD DR
================================================================================

 1  78  52  65  11   0   0 0.00  0.0    0  9.0 21 210   M    M   3 1      26 210
 2  79  54  67  13   0   2    T  0.0    0  7.1 15  10   M    M   7 12     18  10
 3  62  48  55   1  10   0 0.00  0.0    0 12.0 21  10   M    M   6 1      25  10
 4  64  41  53  -1  12   0 0.00  0.0    0  6.7 14  40   M    M   4        18  50
 5  78  50  64  10   1   0 0.00  0.0    0  8.6 20 200   M    M   2 12     26 200
 6  77  57  67  13   0   2 0.00  0.0    0 11.9 23 180   M    M   7 128    28 180
 7  79  66  73  19   0   8 0.06  0.0    0 15.3 32 240   M    M   8 138    41 230
 8  82  64  73  19   0   8    T  0.0    0 10.7 25 230   M    M   7 18     30 220
 9  70  47  59   5   6   0 0.00  0.0    0 10.2 33  20   M    M   0 1      43  20
10  75  44  60   5   5   0 0.00    M    0 11.5 25 160   M    M   3        32 170
11  80  67  74  19   0   9 0.00  0.0    0 13.7 25 200   M    M   9 1      32 200
12  81  65  73  18   0   8 0.00  0.0    0  7.6 16 210   M    M   7 12     20 220
13  73  61  67  12   0   2 0.00  0.0    0  5.7 14  30   M    M   9 12     16  30
14  75  55  65  10   0   0 0.06  0.0    0 12.8 28 310   M    M   8 18     35 310
15  59  46  53  -3  12   0    T    M    0 11.7 25 330   M    M   7        31 340
16  68  38  53  -3  12   0 0.00  0.0    0  3.5 15 200   M    M   0        19 200
17  60  45  53  -3  12   0 0.04    M    0  7.4 17 140   M    M   4 1      22 120
18  75  50  63   7   2   0    T  0.0    0  5.4 13 130   M    M   6 12     17 140
19  81  62  72  16   0   7    T  0.0    0  8.5 18 140   M    M   8 12     23 140
20  79  60  70  13   0   5 0.04  0.0    0 13.8 25 150   M    M  10 1      34 150
21  71  56  64   7   1   0 0.08  0.0    0  4.5 24 300   M    M   6 13     32 290
22  74  56  65   8   0   0 0.02  0.0    0  6.3 13 360   M    M   5 1      17 270
23  77  51  64   7   1   0 0.01  0.0    0  6.0 15 180   M    M   0 1      21 180
24  78  58  68  10   0   3 0.01  0.0    0  9.3 20 200   M    M   5 12     25 200
25  68  50  59   1   6   0    T  0.0    0 12.2 23 350   M    M   1        30 350
26  73  45  59   1   6   0 0.00  0.0    0 11.9 21 140   M    M   3        26 130
================================================================================
SM 1916 1388        86  54  0.32     0.0 243.3          M      135
================================================================================
AV 73.7 53.4                               9.4 FASTST   M    M   5    MAX(MPH)
                                 MISC ---->  # 33  20               # 43   20
================================================================================
NOTES:
# LAST OF SEVERAL OCCURRENCES

COLUMN 17 PEAK WIND IN M.P.H.

PRELIMINARY LOCAL CLIMATOLOGICAL DATA (WS FORM: F-6) , PAGE 2

                                          STATION:  NEW IBERIA
                                          MONTH:    FEBRUARY
                                          YEAR:     2017
                                          LATITUDE:   30  1 N
                                          LONGITUDE:  91 53 W

[TEMPERATURE DATA]      [PRECIPITATION DATA]       SYMBOLS USED IN COLUMN 16

AVERAGE MONTHLY: 63.5   TOTAL FOR MONTH:   0.32    1 = FOG OR MIST
DPTR FM NORMAL:   8.0   DPTR FM NORMAL:   -3.57    2 = FOG REDUCING VISIBILITY
HIGHEST:    82 ON  8    GRTST 24HR  0.12 ON 20-21      TO 1/4 MILE OR LESS
LOWEST:     38 ON 16                               3 = THUNDER
                        SNOW, ICE PELLETS, HAIL    4 = ICE PELLETS
                        TOTAL MONTH:   0.0 INCH    5 = HAIL
                        GRTST 24HR     0.0         6 = FREEZING RAIN OR DRIZZLE
                        GRTST DEPTH:   0           7 = DUSTSTORM OR SANDSTORM:
                                                       VSBY 1/2 MILE OR LESS
                                                   8 = SMOKE OR HAZE
[NO. OF DAYS WITH]      [WEATHER - DAYS WITH]      9 = BLOWING SNOW
                                                   X = TORNADO
MAX 32 OR BELOW:   0    0.01 INCH OR MORE:   8
MAX 90 OR ABOVE:   0    0.10 INCH OR MORE:   0
MIN 32 OR BELOW:   0    0.50 INCH OR MORE:   0
MIN  0 OR BELOW:   0    1.00 INCH OR MORE:   0

[HDD (BASE 65) ]
TOTAL THIS MO.    86    CLEAR  (SCALE 0-3)   7
DPTR FM NORMAL  -178    PTCLDY (SCALE 4-7)  16
TOTAL FM JUL 1   629    CLOUDY (SCALE 8-10)  3
DPTR FM NORMAL  -572

[CDD (BASE 65) ]
TOTAL THIS MO.    54
DPTR FM NORMAL    32    [PRESSURE DATA]
TOTAL FM JAN 1   118    HIGHEST SLP M ON M
DPTR FM NORMAL    84    LOWEST  SLP 29.71 ON 24

[REMARKS]
