000
CXUS54 KLCH 230322
CF6ARA
PRELIMINARY LOCAL CLIMATOLOGICAL DATA (WS FORM: F-6)

                                          STATION:   NEW IBERIA
                                          MONTH:     AUGUST
                                          YEAR:      2017
                                          LATITUDE:   30  1 N
                                          LONGITUDE:  91 53 W

  TEMPERATURE IN F:       :PCPN:    SNOW:  WIND      :SUNSHINE: SKY     :PK WND
================================================================================
1   2   3   4   5  6A  6B    7    8   9   10  11  12  13   14  15   16   17  18
                                     12Z  AVG MX 2MIN
DY MAX MIN AVG DEP HDD CDD  WTR  SNW DPTH SPD SPD DIR MIN PSBL S-S WX    SPD DR
================================================================================

 1  92  75  84   1   0  19 0.00  0.0    0  5.8 14 120   M    M   3        18 120
 2  89  73  81  -2   0  16 0.10  0.0    0  5.7 15 120   M    M   2 3      18 110
 3  86  76  81  -2   0  16 0.19  0.0    0  6.6 12  80   M    M   9 13     15  40
 4  91  75  83   0   0  18    T  0.0    0  4.5 13 210   M    M   5 12     16 210
 5  92  74  83   0   0  18 0.25  0.0    0  3.4 15 220   M    M   3 13     19 200
 6  90  75  83   0   0  18 1.12  0.0    0  7.1 30 250   M    M   3 123    36 240
 7  89  74  82  -1   0  17 3.35  0.0    0  5.8 16  30   M    M   4 123    21  40
 8  90  75  83   0   0  18 0.02  0.0    0  3.8 13  80   M    M   3 123    15  80
 9  87  76  82  -1   0  17 0.31  0.0    0  3.8 21 160   M    M   2 13     27 150
10  90  75  83   0   0  18 0.01  0.0    0  3.5 17 240   M    M   1 3      23 240
11  91  76  84   1   0  19    T  0.0    0  4.1 20 300   M    M   1 13     24 310
12  92  74  83   0   0  18 0.27  0.0    0  4.5 22 360   M    M   4 13     30 350
13  91  74  83   0   0  18    T  0.0    0  4.2 14 260   M    M   2 3      19 260
14  93  76  85   2   0  20    T  0.0    0  5.4 21 210   M    M   1 38     25 210
15  90  76  83   0   0  18 0.51  0.0    0  3.7 21 230   M    M   3 138    28 220
16  92  76  84   1   0  19 0.06  0.0    0  5.9 21 160   M    M   1 38     26 160
17  93  76  85   2   0  20 0.00  0.0    0  4.4 13 190   M    M   1        17 190
18  95  74  85   2   0  20 0.00  0.0    0  3.5  9 200   M    M   1 1      12 300
19  96  74  85   2   0  20 0.92  0.0    0  4.2 23  60   M    M   2 138    32  90
20  94  73  84   1   0  19 0.16  0.0    0  3.2 37 100   M    M   0 138    53  90
21  93  74  84   1   0  19 0.00  0.0    0  4.3 17 150   M    M   1 3      23 130
================================================================================
SM 1916 1571         0 385  7.27     0.0  97.4          M       52
================================================================================
AV 91.2 74.8                               4.6 FASTST   M    M   2    MAX(MPH)
                                 MISC ---->  # 37 100               # 53   90
================================================================================
NOTES:
# LAST OF SEVERAL OCCURRENCES

COLUMN 17 PEAK WIND IN M.P.H.

PRELIMINARY LOCAL CLIMATOLOGICAL DATA (WS FORM: F-6) , PAGE 2

                                          STATION:  NEW IBERIA
                                          MONTH:    AUGUST
                                          YEAR:     2017
                                          LATITUDE:   30  1 N
                                          LONGITUDE:  91 53 W

[TEMPERATURE DATA]      [PRECIPITATION DATA]       SYMBOLS USED IN COLUMN 16

AVERAGE MONTHLY: 83.0   TOTAL FOR MONTH:   7.27    1 = FOG OR MIST
DPTR FM NORMAL:   0.0   DPTR FM NORMAL:    3.98    2 = FOG REDUCING VISIBILITY
HIGHEST:    96 ON 19    GRTST 24HR  3.35 ON  7- 7      TO 1/4 MILE OR LESS
LOWEST:     73 ON 20, 2                            3 = THUNDER
                        SNOW, ICE PELLETS, HAIL    4 = ICE PELLETS
                        TOTAL MONTH:   0.0 INCH    5 = HAIL
                        GRTST 24HR     0.0         6 = FREEZING RAIN OR DRIZZLE
                        GRTST DEPTH:   0           7 = DUSTSTORM OR SANDSTORM:
                                                       VSBY 1/2 MILE OR LESS
                                                   8 = SMOKE OR HAZE
[NO. OF DAYS WITH]      [WEATHER - DAYS WITH]      9 = BLOWING SNOW
                                                   X = TORNADO
MAX 32 OR BELOW:   0    0.01 INCH OR MORE:  13
MAX 90 OR ABOVE:  17    0.10 INCH OR MORE:  10
MIN 32 OR BELOW:   0    0.50 INCH OR MORE:   4
MIN  0 OR BELOW:   0    1.00 INCH OR MORE:   2

[HDD (BASE 65) ]
TOTAL THIS MO.     0    CLEAR  (SCALE 0-3)  17
DPTR FM NORMAL     0    PTCLDY (SCALE 4-7)   3
TOTAL FM JUL 1     0    CLOUDY (SCALE 8-10)  1
DPTR FM NORMAL     0

[CDD (BASE 65) ]
TOTAL THIS MO.   385
DPTR FM NORMAL     7    [PRESSURE DATA]
TOTAL FM JAN 1  2148    HIGHEST SLP M ON M
DPTR FM NORMAL   182    LOWEST  SLP 29.87 ON 14

[REMARKS]
