000
CXUS55 KGJT 311000
CF6ASE
PRELIMINARY LOCAL CLIMATOLOGICAL DATA (WS FORM: F-6)

                                          STATION:   ASPEN CO
                                          MONTH:     AUGUST
                                          YEAR:      2015
                                          LATITUDE:   39 13 N
                                          LONGITUDE: 106 52 W

  TEMPERATURE IN F:       :PCPN:    SNOW:  WIND      :SUNSHINE: SKY     :PK WND
================================================================================
1   2   3   4   5  6A  6B    7    8   9   10  11  12  13   14  15   16   17  18
                                     12Z  AVG MX 2MIN
DY MAX MIN AVG DEP HDD CDD  WTR  SNW DPTH SPD SPD DIR MIN PSBL S-S WX    SPD DR
================================================================================

 1  83  50  67   3   0   2 0.00    M    M  6.0 14 320   M    M   2        18 310
 2  77  55  66   3   0   1 0.34    M    M  4.1 22 140   M    M   6 13     30 140
 3  74  50  62  -1   3   0 0.01    M    M  4.8 23 340   M    M   6 38     36 320
 4  77  47  62  -1   3   0    T    M    M  8.1 18 330   M    M   3 3      25 350
 5  84  48  66   3   0   1 0.00    M    M  7.4 18 220   M    M   1        24 220
 6  81  48  65   2   0   0 0.00    M    M  7.2 15 220   M    M   0        22 260
 7  75  47  61  -2   4   0 0.01    M    M  4.2 14 120   M    M   5        19 120
 8  75  49  62  -1   3   0 0.00    M    M  6.0 21 310   M    M   3        27 320
 9  78  43  61  -2   4   0 0.00    M    M  6.6 15 310   M    M   1        22 330
10  83  45  64   2   1   0 0.00    M    M  5.2 16 320   M    M   1        21 330
11  72  56  64   2   1   0 0.08    M    M  6.3 13 230   M    M   6 13     17 240
12  75  52  64   2   1   0 0.05    M    M  6.0 17 330   M    M   4        28 330
13  82  50  66   4   0   1 0.00    M    M  6.2 17 360   M    M   1        24 350
14  86  50  68   6   0   3 0.00    M    M  7.9 20 130   M    M   2 3      26 310
15  87  52  70   8   0   5 0.00    M    M  6.6 15 350   M    M   3 3      21 330
16  85  53  69   7   0   4 0.02    M    M  6.0 24 330   M    M   3 3      35 350
17  80  49  65   4   0   0 0.27    M    M  6.8 32 330   M    M   5 38     46 340
18  76  43  60  -1   5   0 0.00    M    M  7.6 22 350   M    M   2        39 350
19  72  40  56  -5   9   0 0.00    M    M  7.4 17 350   M    M   1 8      24  10
20  78  41  60  -1   5   0 0.00    M    M  7.7 18 360   M    M   0 8      26 360
21  82  43  63   2   2   0 0.00    M    M  6.9 21 350   M    M   2 8      27 250
22  83  47  65   5   0   0    T    M    M  7.9 18 340   M    M   3 8      27 340
23  81  45  63   3   2   0 0.00    M    M  7.8 18 350   M    M   0 8      25 350
24  85  46  66   6   0   1 0.00    M    M  6.7 16 330   M    M   0 8      22 330
25  86  46  66   6   0   1 0.00    M    M  6.9 24 150   M    M   1        34 150
26  81  51  66   6   0   1 0.01    M    M  5.7 30 170   M    M   4        37 160
27  66  50  58  -1   7   0 0.58    M    M  5.1 16 130   M    M   7 138    25 280
28  76  43  60   1   5   0 0.00    M    M  5.6 13 330   M    M   1        17 310
29  81  44  63   4   2   0 0.00    M    M  5.2 13 220   M    M   1        16 220
30  83  49  66   7   0   1 0.15    M    M  6.6 24 330   M    M   4 1      31 340
================================================================================
SM 2384 1432        57  21  1.52    M    192.5          M       78
================================================================================
AV 79.5 47.7                               6.4 FASTST   M    M   3    MAX(MPH)
                                 MISC ---->  # 32 330               # 46  340
================================================================================
NOTES:
# LAST OF SEVERAL OCCURRENCES

COLUMN 17 PEAK WIND IN M.P.H.

PRELIMINARY LOCAL CLIMATOLOGICAL DATA (WS FORM: F-6) , PAGE 2

                                          STATION:  ASPEN CO
                                          MONTH:    AUGUST
                                          YEAR:     2015
                                          LATITUDE:   39 13 N
                                          LONGITUDE: 106 52 W

[TEMPERATURE DATA]      [PRECIPITATION DATA]       SYMBOLS USED IN COLUMN 16

AVERAGE MONTHLY: 63.6   TOTAL FOR MONTH:   1.52    1 = FOG OR MIST
DPTR FM NORMAL:   2.2   DPTR FM NORMAL:   -0.11    2 = FOG REDUCING VISIBILITY
HIGHEST:    87 ON 15    GRTST 24HR  0.59 ON 26-27      TO 1/4 MILE OR LESS
LOWEST:     40 ON 19                               3 = THUNDER
                        SNOW, ICE PELLETS, HAIL    4 = ICE PELLETS
                        TOTAL MONTH:    M          5 = HAIL
                        GRTST 24HR    M  ON   M    6 = FREEZING RAIN OR DRIZZLE
                        GRTST DEPTH:  M  ON   M    7 = DUSTSTORM OR SANDSTORM:
                                                       VSBY 1/2 MILE OR LESS
                                                   8 = SMOKE OR HAZE
[NO. OF DAYS WITH]      [WEATHER - DAYS WITH]      9 = BLOWING SNOW
                                                   X = TORNADO
MAX 32 OR BELOW:   0    0.01 INCH OR MORE:  10
MAX 90 OR ABOVE:   0    0.10 INCH OR MORE:   4
MIN 32 OR BELOW:   0    0.50 INCH OR MORE:   1
MIN  0 OR BELOW:   0    1.00 INCH OR MORE:   0

[HDD (BASE 65) ]
TOTAL THIS MO.    57    CLEAR  (SCALE 0-3)  20
DPTR FM NORMAL   -60    PTCLDY (SCALE 4-7)  10
TOTAL FM JUL 1   161    CLOUDY (SCALE 8-10)  0
DPTR FM NORMAL   -27

[CDD (BASE 65) ]
TOTAL THIS MO.    21
DPTR FM NORMAL    12    [PRESSURE DATA]
TOTAL FM JAN 1    73    HIGHEST SLP M ON M
DPTR FM NORMAL    35    LOWEST  SLP 29.71 ON 18

[REMARKS]
