000
CXUS56 KPQR 011230
CF6AST
PRELIMINARY LOCAL CLIMATOLOGICAL DATA (WS FORM: F-6)

                                          STATION:   ASTORIA OR
                                          MONTH:     AUGUST
                                          YEAR:      2014
                                          LATITUDE:   46  9 N
                                          LONGITUDE: 123 53 W

  TEMPERATURE IN F:       :PCPN:    SNOW:  WIND      :SUNSHINE: SKY     :PK WND
================================================================================
1   2   3   4   5  6A  6B    7    8   9   10  11  12  13   14  15   16   17  18
                                     12Z  AVG MX 2MIN
DY MAX MIN AVG DEP HDD CDD  WTR  SNW DPTH SPD SPD DIR MIN PSBL S-S WX    SPD DR
================================================================================

 1  74  55  65   4   0   0 0.00  0.0    0  7.1 18 300   M    M   3        23 300
 2  66  58  62   1   3   0 0.00  0.0    0  6.7 13 290   M    M  10        17 260
 3  74  58  66   5   0   1 0.00  0.0    0  5.4 14 280   M    M   5        18 290
 4  66  56  61   0   4   0    T  0.0    0  9.9 23 300   M    M   8 1      27 280
 5  70  58  64   3   1   0 0.02  0.0    0  6.6 15 290   M    M  10 1      21 290
 6  71  58  65   4   0   0 0.00  0.0    0  8.3 17 310   M    M   6 1      21 310
 7  69  58  64   3   1   0 0.00  0.0    0 10.9 20 320   M    M   6        25 300
 8  69  58  64   3   1   0 0.00  0.0    0 11.3 17 320   M    M   6        21 320
 9  71  54  63   2   2   0 0.00  0.0    0 10.7 24 320   M    M   3        30 330
10  78  49  64   3   1   0 0.00  0.0    0  7.6 18 310   M    M   0 1      24 320
11  78  53  66   5   0   1 0.00  0.0    0  6.0 15 240   M    M   2 1      17 240
12  64  56  60  -1   5   0 0.15  0.0    0  6.9 17 220   M    M  10 123    22 220
13  62  57  60  -1   5   0 0.39  0.0    0  7.7 14 230   M    M  10 1      19 220
14  69  59  64   3   1   0    T  0.0    0  4.5 12 340   M    M   8 1      15 330
15  68  58  63   2   2   0    T  0.0    0  3.5  8 300   M    M  10        12 310
16  72  55  64   3   1   0 0.00  0.0    0  7.0 20 310   M    M   2 1      23 310
17  71  56  64   3   1   0 0.00  0.0    0  8.8 22 310   M    M   6 12     26 320
18  74  56  65   4   0   0 0.00  0.0    0  7.0 18 300   M    M   5        23 300
19  66  55  61   0   4   0 0.00  0.0    0  6.8 14 330   M    M   8 1      18 330
20  68  52  60  -1   5   0 0.00  0.0    0  5.7 14 280   M    M   6        20 300
21  71  52  62   1   3   0    T  0.0    0  4.6 13 260   M    M   7        15 250
22  66  56  61   0   4   0 0.01  0.0    0  6.4 15 330   M    M   7 1      19 310
23  77  56  67   6   0   2 0.00  0.0    0  6.6 14 280   M    M   6 1      19 300
24  71  55  63   2   2   0 0.00  0.0    0  7.5 16 310   M    M   6 1      20 310
25  79  53  66   5   0   1 0.00  0.0    0  5.0 16 300   M    M   4 12     20 310
26  74  56  65   4   0   0 0.00  0.0    0  5.5 14 280   M    M   6 1      17 290
27  71  56  64   3   1   0    T  0.0    0  8.5 20 300   M    M   6 1      24 320
28  72  59  66   5   0   1 0.00  0.0    0  5.0 13 340   M    M   9 1      15 330
29  69  58  64   4   1   0 0.00  0.0    0  5.6 15 240   M    M   9 1      19 240
30  67  57  62   2   3   0 0.13  0.0    0  6.1 18 220   M    M   8 1      25 210
31  69  57  63   3   2   0 0.00  0.0    0  5.6 14 230   M    M   5        18 240
================================================================================
SM 2186 1734        53   6  0.70     0.0 214.8          M      197
================================================================================
AV 70.5 55.9                               6.9 FASTST   M    M   6    MAX(MPH)
                                 MISC ---->  # 24 320               # 30  330
================================================================================
NOTES:
# LAST OF SEVERAL OCCURRENCES

COLUMN 17 PEAK WIND IN M.P.H.

PRELIMINARY LOCAL CLIMATOLOGICAL DATA (WS FORM: F-6) , PAGE 2

                                          STATION:  ASTORIA OR
                                          MONTH:    AUGUST
                                          YEAR:     2014
                                          LATITUDE:   46  9 N
                                          LONGITUDE: 123 53 W

[TEMPERATURE DATA]      [PRECIPITATION DATA]       SYMBOLS USED IN COLUMN 16

AVERAGE MONTHLY: 63.2   TOTAL FOR MONTH:   0.70    1 = FOG OR MIST
DPTR FM NORMAL:   2.3   DPTR FM NORMAL:   -0.46    2 = FOG REDUCING VISIBILITY
HIGHEST:    79 ON 25    GRTST 24HR  0.49 ON 12-13      TO 1/4 MILE OR LESS
LOWEST:     49 ON 10                               3 = THUNDER
                        SNOW, ICE PELLETS, HAIL    4 = ICE PELLETS
                        TOTAL MONTH:   0.0 INCH    5 = HAIL
                        GRTST 24HR     0.0         6 = FREEZING RAIN OR DRIZZLE
                        GRTST DEPTH:   0           7 = DUSTSTORM OR SANDSTORM:
                                                       VSBY 1/2 MILE OR LESS
                                                   8 = SMOKE OR HAZE
[NO. OF DAYS WITH]      [WEATHER - DAYS WITH]      9 = BLOWING SNOW
                                                   X = TORNADO
MAX 32 OR BELOW:   0    0.01 INCH OR MORE:   5
MAX 90 OR ABOVE:   0    0.10 INCH OR MORE:   3
MIN 32 OR BELOW:   0    0.50 INCH OR MORE:   0
MIN  0 OR BELOW:   0    1.00 INCH OR MORE:   0

[HDD (BASE 65) ]
TOTAL THIS MO.    53    CLEAR  (SCALE 0-3)   5
DPTR FM NORMAL   -78    PTCLDY (SCALE 4-7)  17
TOTAL FM JUL 1   158    CLOUDY (SCALE 8-10)  9
DPTR FM NORMAL  -123

[CDD (BASE 65) ]
TOTAL THIS MO.     6
DPTR FM NORMAL     2    [PRESSURE DATA]
TOTAL FM JAN 1    25    HIGHEST SLP 30.17 ON  6
DPTR FM NORMAL    18    LOWEST  SLP 29.83 ON 12

[REMARKS]
#FINAL-08-14#
