000
CXUS51 KGYX 280900
CF6AUG
PRELIMINARY LOCAL CLIMATOLOGICAL DATA (WS FORM: F-6)
STATION: AUGUSTA
MONTH: MARCH
YEAR: 2024
LATITUDE: 44 18 N
LONGITUDE: 69 48 W
TEMPERATURE IN F: :PCPN: SNOW: WIND :SUNSHINE: SKY :PK WND
================================================================================
1 2 3 4 5 6A 6B 7 8 9 10 11 12 13 14 15 16 17 18
12Z AVG MX 2MIN
DY MAX MIN AVG DEP HDD CDD WTR SNW DPTH SPD SPD DIR MIN PSBL S-S WX SPD DR
================================================================================
1 34 9 22 -5 43 0 0.00 M M 6.5 20 300 M M 0 33 280
2 46 27 37 9 28 0 0.41 M M 4.9 13 200 M M 6 12 26 220
3 55 40 48 20 17 0 0.64 M M 9.5 20 340 M M 8 12 31 350
4 54 38 46 18 19 0 0.00 M M 6.9 15 140 M M 4 22 130
5 41 35 38 10 27 0 0.31 M M 3.2 7 30 M M 10 1 10 160
6 57 38 48 19 17 0 0.46 M M 3.7 14 10 M M 8 1 20 30
7 44 35 40 11 25 0 1.24 M M 14.4 23 20 M M 9 1 37 20
8 49 29 39 10 26 0 0.00 M M 8.8 16 340 M M 0 22 360
9 39 25 32 2 33 0 0.01 M M 5.5 14 150 M M 6 1 20 150
10 48 34 41 11 24 0 1.56 M M 10.4 26 120 M M 9 13 45 110
11 41 31 36 6 29 0 0.00 M M 15.7 26 320 M M 8 44 300
12 45 31 38 7 27 0 0.00 M M 13.9 25 320 M M 1 43 310
13 55 30 43 12 22 0 0.00 M M 4.9 14 320 M M 3 22 330
14 52 37 45 14 20 0 T M M 5.9 12 170 M M 4 20 170
15 39 38 39 7 26 0 0.53 M M 5.2 12 10 M M 10 1 17 20
16 51 31 41 9 24 0 T M M 3.9 12 310 M M 7 12 17 200
17 51 36 44 12 21 0 0.36 M M 7.2 16 260 M M 9 13 31 330
18 47 32 40 8 25 0 0.00 M M 6.7 17 290 M M 6 28 260
19 42 32 37 4 28 0 0.00 M M 8.0 20 290 M M 7 31 310
20 45 28 37 4 28 0 0.13 M M 5.5 20 290 M M 8 1 34 290
21 32 23 28 -6 37 0 0.05 M M 16.2 26 280 M M 7 18 48 270
22 35 17 26 -8 39 0 0.00 M M 10.0 24 290 M M 1 41 280
23 28 22 25 -9 40 0 1.59 M M 11.2 28 350 M M 10 1268 39 350
24 39 21 30 -5 35 0 0.02 M M 11.1 25 330 M M 1 18 36 340
25 40 24 32 -3 33 0 0.00 M M 7.8 13 130 M M 0 18 10
26 37 29 33 -2 32 0 0.06 M M 10.4 18 10 M M 9 168 24 30
27 48 34 41 5 24 0 0.31 M M 4.8 13 30 M M 9 12 17 40
================================================================================
SM 1194 806 749 0 7.68 M 222.2 M 160
================================================================================
AV 44.2 29.9 8.2 FASTST M M 6 MAX(MPH)
MISC ----> 28 350 48 270
================================================================================
NOTES:
# LAST OF SEVERAL OCCURRENCES
COLUMN 17 PEAK WIND IN M.P.H.
PRELIMINARY LOCAL CLIMATOLOGICAL DATA (WS FORM: F-6) , PAGE 2
STATION: AUGUSTA
MONTH: MARCH
YEAR: 2024
LATITUDE: 44 18 N
LONGITUDE: 69 48 W
[TEMPERATURE DATA] [PRECIPITATION DATA] SYMBOLS USED IN COLUMN 16
AVERAGE MONTHLY: 37.0 TOTAL FOR MONTH: 7.68 1 = FOG OR MIST
DPTR FM NORMAL: 5.7 DPTR FM NORMAL: 4.89 2 = FOG REDUCING VISIBILITY
HIGHEST: 57 ON 6 GRTST 24HR 1.63 ON 6- 7 TO 1/4 MILE OR LESS
LOWEST: 9 ON 1 3 = THUNDER
SNOW, ICE PELLETS, HAIL 4 = ICE PELLETS
TOTAL MONTH: M 5 = HAIL
GRTST 24HR M ON M 6 = FREEZING RAIN OR DRIZZLE
GRTST DEPTH: M ON M 7 = DUSTSTORM OR SANDSTORM:
VSBY 1/2 MILE OR LESS
8 = SMOKE OR HAZE
[NO. OF DAYS WITH] [WEATHER - DAYS WITH] 9 = BLOWING SNOW
X = TORNADO
MAX 32 OR BELOW: 2 0.01 INCH OR MORE: 15
MAX 90 OR ABOVE: 0 0.10 INCH OR MORE: 11
MIN 32 OR BELOW: 17 0.50 INCH OR MORE: 5
MIN 0 OR BELOW: 0 1.00 INCH OR MORE: 3
[HDD (BASE 65) ]
TOTAL THIS MO. 749 CLEAR (SCALE 0-3) 7
DPTR FM NORMAL -161 PTCLDY (SCALE 4-7) 11
TOTAL FM JUL 1 5168 CLOUDY (SCALE 8-10) 9
DPTR FM NORMAL -961
[CDD (BASE 65) ]
TOTAL THIS MO. 0
DPTR FM NORMAL 0 [PRESSURE DATA]
TOTAL FM JAN 1 0 HIGHEST SLP M ON M
DPTR FM NORMAL 0 LOWEST SLP 29.10 ON 10
[REMARKS]