000
CXUS51 KGYX 301100
CF6AUG
PRELIMINARY LOCAL CLIMATOLOGICAL DATA (WS FORM: F-6)

                                          STATION:   AUGUSTA
                                          MONTH:     JANUARY
                                          YEAR:      2015
                                          LATITUDE:   44 18 N
                                          LONGITUDE:  69 48 W

  TEMPERATURE IN F:       :PCPN:    SNOW:  WIND      :SUNSHINE: SKY     :PK WND
================================================================================
1   2   3   4   5  6A  6B    7    8   9   10  11  12  13   14  15   16   17  18
                                     12Z  AVG MX 2MIN
DY MAX MIN AVG DEP HDD CDD  WTR  SNW DPTH SPD SPD DIR MIN PSBL S-S WX    SPD DR
================================================================================

 1  27  13  20  -1  45   0 0.00  0.0    M  7.5 16 230   M    M   1        24 240
 2  32  15  24   4  41   0    T    T    M 11.1 28 290   M    M   3 8      39 300
 3  18   6  12  -8  53   0 0.18    M    M  5.3 13  40   M    M   4 1      20 320
 4  27  14  21   1  44   0 0.11    M    M  7.0 15 340   M    M  10 126    19 350
 5  37   3  20   0  45   0    T    M    M 16.1 33 280   M    M   3 1      51 290
 6  11  -3   4 -16  61   0 0.00  0.0    M  4.1 15 280   M    M   4        21 300
 7  19  -4   8 -12  57   0    T    T    M  6.6 24 330   M    M   7 1      32 310
 8   9 -12  -1 -20  66   0 0.00  0.0    M  6.5 15 310   M    M   0        21 300
 9  25   8  17  -2  48   0    T    M    M  9.4 24 220   M    M   5 1      40 170
10  22   4  13  -6  52   0 0.00  0.0    M  4.8 16 290   M    M   0        24 270
11  22   4  13  -6  52   0 0.00  0.0    M  4.2 10 230   M    M   5        16 230
12  25  19  22   3  43   0 0.18    M    M  2.4 12 350   M    M  10 128    14 350
13  26  -1  13  -6  52   0 0.00  0.0    M 12.1 25 350   M    M   1 8      32 340
14  21 -10   6 -13  59   0 0.00  0.0    M  2.3  7 340   M    M   4 18      8 340
15  21  17  19   0  46   0 0.01    M    M  6.6 12 360   M    M  10 18     14 360
16  32   4  18  -1  47   0    T    M    M  8.5 25 260   M    M   4 18     38 250
17  14  -3   6 -13  59   0 0.00  0.0    M  6.4 22 300   M    M   2        33 310
18  45   9  27   8  38   0 0.35  0.0    M  5.9 22 140   M    M   8 16     31 140
19  48  31  40  21  25   0 0.31    M    M 10.3 26 150   M    M   7 1      37 160
20  32  14  23   4  42   0 0.00  0.0    M  9.5 20 290   M    M   0        30 280
21  28  10  19   0  46   0 0.00  0.0    M  3.7 12 290   M    M   0        16 280
22  30  11  21   2  44   0 0.00  0.0    M  4.5  9 290   M    M   0        13 310
23  29  16  23   4  42   0 0.00  0.0    M  5.9 12 240   M    M   1        18 330
24  28  19  24   5  41   0 0.11    M    M  5.7 16 340   M    M   6 1      21 350
25  32   6  19   0  46   0    T    M    M 12.0 25 290   M    M   3 8      38 290
26  14   0   7 -12  58   0 0.00  0.0    M  8.1 22  30   M    M   2        29  30
27  13   6  10  -9  55   0 0.06    M    M 24.8 37  10   M    M  10 1289   55  30
28  23   8  16  -3  49   0    T    M    0 14.5 29 340   M    M   5 189    39 350
29  29  -2  14  -6  51   0 0.00  0.0    0  2.9  8 340   M    M   0        10 150
================================================================================
SM  739  202      1407   0  1.31    T    228.7          M      115
================================================================================
AV 25.5  7.0                               7.9 FASTST   M    M   4    MAX(MPH)
                                 MISC ---->  # 37  10               # 55   30
================================================================================
NOTES:
# LAST OF SEVERAL OCCURRENCES

COLUMN 17 PEAK WIND IN M.P.H.

PRELIMINARY LOCAL CLIMATOLOGICAL DATA (WS FORM: F-6) , PAGE 2

                                          STATION:  AUGUSTA
                                          MONTH:    JANUARY
                                          YEAR:     2015
                                          LATITUDE:   44 18 N
                                          LONGITUDE:  69 48 W

[TEMPERATURE DATA]      [PRECIPITATION DATA]       SYMBOLS USED IN COLUMN 16

AVERAGE MONTHLY: 16.2   TOTAL FOR MONTH:   1.31    1 = FOG OR MIST
DPTR FM NORMAL:  -3.1   DPTR FM NORMAL:   -1.13    2 = FOG REDUCING VISIBILITY
HIGHEST:    48 ON 19    GRTST 24HR  0.66 ON 18-19      TO 1/4 MILE OR LESS
LOWEST:    -12 ON  8                               3 = THUNDER
                        SNOW, ICE PELLETS, HAIL    4 = ICE PELLETS
                        TOTAL MONTH:    T          5 = HAIL
                        GRTST 24HR    T  ON  7- 7  6 = FREEZING RAIN OR DRIZZLE
                        GRTST DEPTH:   0           7 = DUSTSTORM OR SANDSTORM:
                                                       VSBY 1/2 MILE OR LESS
                                                   8 = SMOKE OR HAZE
[NO. OF DAYS WITH]      [WEATHER - DAYS WITH]      9 = BLOWING SNOW
                                                   X = TORNADO
MAX 32 OR BELOW:  26    0.01 INCH OR MORE:   8
MAX 90 OR ABOVE:   0    0.10 INCH OR MORE:   6
MIN 32 OR BELOW:  29    0.50 INCH OR MORE:   0
MIN  0 OR BELOW:   8    1.00 INCH OR MORE:   0

[HDD (BASE 65) ]
TOTAL THIS MO.  1407    CLEAR  (SCALE 0-3)  13
DPTR FM NORMAL    83    PTCLDY (SCALE 4-7)  12
TOTAL FM JUL 1  4002    CLOUDY (SCALE 8-10)  4
DPTR FM NORMAL   -77

[CDD (BASE 65) ]
TOTAL THIS MO.     0
DPTR FM NORMAL     0    [PRESSURE DATA]
TOTAL FM JAN 1     0    HIGHEST SLP M ON M
DPTR FM NORMAL     0    LOWEST  SLP 29.13 ON 24

[REMARKS]
