918
CXUS53 KGRB 010738
CF6AUW
PRELIMINARY LOCAL CLIMATOLOGICAL DATA (WS FORM: F-6)

                                          STATION:   WAUSAU WI
                                          MONTH:     APRIL
                                          YEAR:      2016
                                          LATITUDE:   44 55 N
                                          LONGITUDE:  89 37 W

  TEMPERATURE IN F:       :PCPN:    SNOW:  WIND      :SUNSHINE: SKY     :PK WND
================================================================================
1   2   3   4   5  6A  6B    7    8   9   10  11  12  13   14  15   16   17  18
                                     12Z  AVG MX 2MIN
DY MAX MIN AVG DEP HDD CDD  WTR  SNW DPTH SPD SPD DIR MIN PSBL S-S WX    SPD DR
================================================================================

 1  41  29  35  -2  30   0 0.04    T    0  7.8 25 310   M    M   5 1      33 310
 2  33  22  28 -10  37   0 0.09  1.5    T 10.4 26 350   M    M   7 1      38 340
 3  47  25  36  -2  29   0    T    T    0  9.0 20 140   M    M   8        25 130
 4  38  24  31  -8  34   0    T    T    0  6.3 17 300   M    M   8        21 290
 5  42  20  31  -8  34   0 0.28  0.5    T 10.2 24 180   M    M   4 168    29 180
 6  40  32  36  -4  29   0 0.26  1.3    0  6.8 14 140   M    M  10 1268   18 140
 7  39  32  36  -4  29   0    T    T    0  8.1 15 310   M    M  10 18     21  10
 8  33  21  27 -14  38   0 0.23  2.5    1  9.6 24 340   M    M   8 128    35 350
 9  36  17  27 -14  38   0 0.00  0.0    0  8.1 20 150   M    M   4        25 150
10  58  30  44   2  21   0 0.00  0.0    0 12.1 21 150   M    M   5        27 140
11  43  31  37  -5  28   0 0.00  0.0    0 14.3 28 280   M    M   8        35 290
12  49  27  38  -4  27   0 0.04    T    0  5.6 15 230   M    M   3 1      23 210
13  51  35  43   0  22   0 0.08    T    0 11.3 18 170   M    M   6 1      23 160
14  67  34  51   7  14   0 0.00  0.0    0 10.5 21 180   M    M   1        26 170
15  72  39  56  12   9   0 0.00  0.0    0 10.4 20 150   M    M   0        24 160
16  79  42  61  17   4   0 0.00  0.0    0  7.4 17 150   M    M   1        23 180
17  81  51  66  21   0   1 0.00  0.0    0  5.7 15 200   M    M   4        19 150
18  82  50  66  21   0   1 0.00  0.0    0  5.5 16  90   M    M   1        23  30
19  55  44  50   4  15   0 0.03  0.0    0  8.4 18  90   M    M   9        24  80
20  65  48  57  11   8   0    T  0.0    0  9.2 16 100   M    M   7        21 120
21  71  50  61  14   4   0 0.10  0.0    0  5.1 14  10   M    M   8        21  10
22  62  40  51   4  14   0 0.00  0.0    0  7.7 15  10   M    M   4        20  20
23  63  35  49   1  16   0 0.00  0.0    0  7.8 15 110   M    M   4        20 120
24  50  42  46  -2  19   0 1.11  0.0    0  9.5 17 110   M    M  10 1      21 110
25  48  39  44  -4  21   0 0.05  0.0    0 11.1 18  80   M    M  10 138    25  80
26  51  37  44  -5  21   0 0.00  0.0    0  8.3 16  80   M    M   7 1      22  90
27  57  33  45  -4  20   0 0.00  0.0    0 11.7 23  90   M    M   2        29  80
28  48  39  44  -6  21   0 0.08    M    0  9.2 18  70   M    M   9 1      25  70
29  58  39  49  -1  16   0    T  0.0    0  5.8 12  80   M    M   7        16  10
30  58  38  48  -2  17   0 0.00  0.0    0  9.3 20  80   M    M   1        27 110
================================================================================
SM 1617 1045       615   2  2.39     5.8 262.2          M      171
================================================================================
AV 53.9 34.8                               8.7 FASTST   M    M   6    MAX(MPH)
                                 MISC ---->  # 28 280               # 38  340
================================================================================
NOTES:
# LAST OF SEVERAL OCCURRENCES

COLUMN 17 PEAK WIND IN M.P.H.

PRELIMINARY LOCAL CLIMATOLOGICAL DATA (WS FORM: F-6) , PAGE 2

                                          STATION:  WAUSAU WI
                                          MONTH:    APRIL
                                          YEAR:     2016
                                          LATITUDE:   44 55 N
                                          LONGITUDE:  89 37 W

[TEMPERATURE DATA]      [PRECIPITATION DATA]       SYMBOLS USED IN COLUMN 16

AVERAGE MONTHLY: 44.4   TOTAL FOR MONTH:   2.39    1 = FOG OR MIST
DPTR FM NORMAL:   0.3   DPTR FM NORMAL:   -0.34    2 = FOG REDUCING VISIBILITY
HIGHEST:    82 ON 18    GRTST 24HR  1.11 ON 24-24      TO 1/4 MILE OR LESS
LOWEST:     17 ON  9                               3 = THUNDER
                        SNOW, ICE PELLETS, HAIL    4 = ICE PELLETS
                        TOTAL MONTH:   5.8 INCHES  5 = HAIL
                        GRTST 24HR   2.5 ON  8- 8  6 = FREEZING RAIN OR DRIZZLE
                        GRTST DEPTH:   1 ON  8     7 = DUSTSTORM OR SANDSTORM:
                                                       VSBY 1/2 MILE OR LESS
                                                   8 = SMOKE OR HAZE
[NO. OF DAYS WITH]      [WEATHER - DAYS WITH]      9 = BLOWING SNOW
                                                   X = TORNADO
MAX 32 OR BELOW:   0    0.01 INCH OR MORE:  12
MAX 90 OR ABOVE:   0    0.10 INCH OR MORE:   5
MIN 32 OR BELOW:  12    0.50 INCH OR MORE:   1
MIN  0 OR BELOW:   0    1.00 INCH OR MORE:   1

[HDD (BASE 65) ]
TOTAL THIS MO.   615    CLEAR  (SCALE 0-3)   7
DPTR FM NORMAL   -16    PTCLDY (SCALE 4-7)  16
TOTAL FM JUL 1  6546    CLOUDY (SCALE 8-10)  7
DPTR FM NORMAL -1306

[CDD (BASE 65) ]
TOTAL THIS MO.     2
DPTR FM NORMAL     0    [PRESSURE DATA]
TOTAL FM JAN 1     2    HIGHEST SLP M ON M
DPTR FM NORMAL     0    LOWEST  SLP 29.51 ON  6

[REMARKS]
#FINAL-04-16#
