000
CXUS53 KMPX 171000
CF6AXN
PRELIMINARY LOCAL CLIMATOLOGICAL DATA (WS FORM: F-6)

                                          STATION:   ALEXANDRIA MN
                                          MONTH:     SEPTEMBER
                                          YEAR:      2014
                                          LATITUDE:   45 52 N
                                          LONGITUDE:  95 23 W

  TEMPERATURE IN F:       :PCPN:    SNOW:  WIND      :SUNSHINE: SKY     :PK WND
================================================================================
1   2   3   4   5  6A  6B    7    8   9   10  11  12  13   14  15   16   17  18
                                     12Z  AVG MX 2MIN
DY MAX MIN AVG DEP HDD CDD  WTR  SNW DPTH SPD SPD DIR MIN PSBL S-S WX    SPD DR
================================================================================

 1  74  57  66   1   0   1 0.05    M    M  7.9 25 350   M    M   2 13     30 350
 2  76  53  65   1   0   0 0.00    M    M  9.1 20 210   M    M   0        25 210
 3  67  62  65   1   0   0 0.42    M    M 11.0 21 200   M    M   7 13     28 180
 4  74  57  66   2   0   1 0.02    M    M 12.7 24 120   M    M   6 13     33  30
 5  66  52  59  -4   6   0 0.00    M    M 10.6 18 340   M    M   2        24 320
 6  75  51  63   0   2   0 0.00    M    M  8.3 13 260   M    M   0         M  M
 7  78  57  68   6   0   3 0.00    M    M 12.3 18 200   M    M   1        23 170
 8  78  57  68   6   0   3 0.00    M    M 11.2 21 180   M    M   1        25 190
 9  70  53  62   0   3   0 0.64    M    M  9.0 23  10   M    M   9 123    30 360
10  53  47  50 -11  15   0 0.01    M    M 13.3 24  20   M    M   9 1      33  10
11  56  42  49 -12  16   0 0.00    M    M  7.7 16  10   M    M   8        21 360
12  52  39  46 -14  19   0 0.15    M    M  4.8 12 290   M    M   6        16 280
13  60  36  48 -12  17   0 0.00    M    M 12.5 25 200   M    M   4        32 210
14  57  43  50 -10  15   0 0.00    M    M  8.0 16 280   M    M   3        20 320
15  61  44  53  -6  12   0 0.00    M    M  6.0 14 330   M    M   2        18 330
16  67  42  55  -4  10   0 0.00    M    M  8.1 14 190   M    M   2        17 200
================================================================================
SM 1064  792       115   8  1.29    M    152.5          M       62
================================================================================
AV 66.5 49.5                               9.5 FASTST   M    M   4    MAX(MPH)
                                 MISC ---->  # 25 350               # 33   30
================================================================================
NOTES:
# LAST OF SEVERAL OCCURRENCES

COLUMN 17 PEAK WIND IN M.P.H.

PRELIMINARY LOCAL CLIMATOLOGICAL DATA (WS FORM: F-6) , PAGE 2

                                          STATION:  ALEXANDRIA MN
                                          MONTH:    SEPTEMBER
                                          YEAR:     2014
                                          LATITUDE:   45 52 N
                                          LONGITUDE:  95 23 W

[TEMPERATURE DATA]      [PRECIPITATION DATA]       SYMBOLS USED IN COLUMN 16

AVERAGE MONTHLY: 58.0   TOTAL FOR MONTH:   1.29    1 = FOG OR MIST
DPTR FM NORMAL:  -3.8   DPTR FM NORMAL:   -0.42    2 = FOG REDUCING VISIBILITY
HIGHEST:    78 ON  8, 7 GRTST 24HR  0.65 ON  9-10      TO 1/4 MILE OR LESS
LOWEST:     36 ON 13                               3 = THUNDER
                        SNOW, ICE PELLETS, HAIL    4 = ICE PELLETS
                        TOTAL MONTH:    M          5 = HAIL
                        GRTST 24HR    M  ON   M    6 = FREEZING RAIN OR DRIZZLE
                        GRTST DEPTH:  M  ON   M    7 = DUSTSTORM OR SANDSTORM:
                                                       VSBY 1/2 MILE OR LESS
                                                   8 = SMOKE OR HAZE
[NO. OF DAYS WITH]      [WEATHER - DAYS WITH]      9 = BLOWING SNOW
                                                   X = TORNADO
MAX 32 OR BELOW:   0    0.01 INCH OR MORE:   6
MAX 90 OR ABOVE:   0    0.10 INCH OR MORE:   3
MIN 32 OR BELOW:   0    0.50 INCH OR MORE:   1
MIN  0 OR BELOW:   0    1.00 INCH OR MORE:   0

[HDD (BASE 65) ]
TOTAL THIS MO.   115    CLEAR  (SCALE 0-3)   9
DPTR FM NORMAL    36    PTCLDY (SCALE 4-7)   5
TOTAL FM JUL 1   146    CLOUDY (SCALE 8-10)  2
DPTR FM NORMAL    16

[CDD (BASE 65) ]
TOTAL THIS MO.     8
DPTR FM NORMAL   -18    [PRESSURE DATA]
TOTAL FM JAN 1   416    HIGHEST SLP M ON M
DPTR FM NORMAL   -55    LOWEST  SLP 29.52 ON  4

[REMARKS]
