000
CXUS53 KMPX 281000
CF6AXN
PRELIMINARY LOCAL CLIMATOLOGICAL DATA (WS FORM: F-6)

                                          STATION:   ALEXANDRIA MN
                                          MONTH:     DECEMBER
                                          YEAR:      2014
                                          LATITUDE:   45 52 N
                                          LONGITUDE:  95 23 W

  TEMPERATURE IN F:       :PCPN:    SNOW:  WIND      :SUNSHINE: SKY     :PK WND
================================================================================
1   2   3   4   5  6A  6B    7    8   9   10  11  12  13   14  15   16   17  18
                                     12Z  AVG MX 2MIN
DY MAX MIN AVG DEP HDD CDD  WTR  SNW DPTH SPD SPD DIR MIN PSBL S-S WX    SPD DR
================================================================================

 1   5 -12  -3 -23  68   0    M    M    M 12.4 26 310   M    M   0        34 310
 2  23   5  14  -6  51   0    M    M    M 12.7 24 170   M    M   4        31 180
 3  16   8  12  -8  53   0    M    M    M 10.5 21 290   M    M   1        28 300
 4  30  15  23   4  42   0    M    M    M 12.8 22 170   M    M   2        28 180
 5  35  17  26   7  39   0    M    M    M  6.4 14 190   M    M   4        17 180
 6  25  11  18   0  47   0    M    M    M  9.2 17 160   M    M   4        24 160
 7  34  24  29  11  36   0    M    M    M 18.0 28 160   M    M   9 18     35 160
 8  35  14  25   8  40   0    M    M    M 15.5 25 310   M    M  10 1      32 310
 9  22  14  18   1  47   0    M    M    M  9.1 18 160   M    M  10 1      22 160
10  28  21  25   9  40   0    M    M    M 14.5 20 160   M    M  10 1      23 150
11  31  26  29  13  36   0    M    M    M 11.5 17 180   M    M  10 12     21 160
12  36  31  34  18  31   0    M    M    M 12.9 22 160   M    M  10 12     27 170
13  45  36  41  26  24   0    M    M    M  9.5 16 190   M    M   7 12     20 200
14  46  34  40  25  25   0    M    M    M  8.8 15 270   M    M  10 12     18 270
15  34  18  26  11  39   0    M    M    M 15.4 26 350   M    M  10 12     35 340
16  18   7  13  -1  52   0    M    M    M 13.7 24 340   M    M   8 18     32 340
17  18   4  11  -3  54   0    M    M    M  6.0 12 360   M    M   1        14 290
18  20   8  14   0  51   0    M    M    M  7.6 13 160   M    M   4 8      15 130
19  30  20  25  12  40   0    M    M    M 11.6 17 180   M    M  10 1      23 180
20  30  29  30  17  35   0 0.00    M    M 13.8 23 170   M    M  10 1      28 170
21  35  29  32  19  33   0    M    M    M 13.3 22 180   M    M  10 12     26 180
22   M   M   M   M   M   M    M    M    M 13.0 15 110   M    M  10 1      24 110
23  37  32  35  23  30   0    M    M    M 11.6 18 350   M    M  10 1      22  20
24  32  28  30  18  35   0    M    M    M  9.6 16 210   M    M  10 12     19 210
25  31  27  29  17  36   0    M    M    M  8.3 16 200   M    M  10 1      20 200
26  27  22  25  13  40   0    M    M    M 11.4 17  10   M    M  10 1      21  10
27  22   9  16   4  49   0    M    M    M  8.5 15 300   M    M   5        19 300
================================================================================
SM  745  477      1073   0  0.00    M    307.6          M      199
================================================================================
AV 28.7 18.3                              11.4 FASTST   M    M   7    MAX(MPH)
                                 MISC ---->  # 28 160               # 35  160
================================================================================
NOTES:
# LAST OF SEVERAL OCCURRENCES

COLUMN 17 PEAK WIND IN M.P.H.

PRELIMINARY LOCAL CLIMATOLOGICAL DATA (WS FORM: F-6) , PAGE 2

                                          STATION:  ALEXANDRIA MN
                                          MONTH:    DECEMBER
                                          YEAR:     2014
                                          LATITUDE:   45 52 N
                                          LONGITUDE:  95 23 W

[TEMPERATURE DATA]      [PRECIPITATION DATA]       SYMBOLS USED IN COLUMN 16

AVERAGE MONTHLY: 23.5   TOTAL FOR MONTH:   0.00    1 = FOG OR MIST
DPTR FM NORMAL:   8.2   DPTR FM NORMAL:   -0.42    2 = FOG REDUCING VISIBILITY
HIGHEST:    46 ON 14    GRTST 24HR  0.05 ON 14-15      TO 1/4 MILE OR LESS
LOWEST:    -12 ON  1                               3 = THUNDER
                        SNOW, ICE PELLETS, HAIL    4 = ICE PELLETS
                        TOTAL MONTH:    M          5 = HAIL
                        GRTST 24HR    M  ON   M    6 = FREEZING RAIN OR DRIZZLE
                        GRTST DEPTH:  M  ON   M    7 = DUSTSTORM OR SANDSTORM:
                                                       VSBY 1/2 MILE OR LESS
                                                   8 = SMOKE OR HAZE
[NO. OF DAYS WITH]      [WEATHER - DAYS WITH]      9 = BLOWING SNOW
                                                   X = TORNADO
MAX 32 OR BELOW:  17    0.01 INCH OR MORE:   0
MAX 90 OR ABOVE:   0    0.10 INCH OR MORE:   0
MIN 32 OR BELOW:  24    0.50 INCH OR MORE:   0
MIN  0 OR BELOW:   1    1.00 INCH OR MORE:   0

[HDD (BASE 65) ]
TOTAL THIS MO.  1073    CLEAR  (SCALE 0-3)   4
DPTR FM NORMAL  -267    PTCLDY (SCALE 4-7)   6
TOTAL FM JUL 1  3137    CLOUDY (SCALE 8-10) 17
DPTR FM NORMAL  -156

[CDD (BASE 65) ]
TOTAL THIS MO.     0
DPTR FM NORMAL     0    [PRESSURE DATA]
TOTAL FM JAN 1   429    HIGHEST SLP M ON M
DPTR FM NORMAL   -51    LOWEST  SLP 29.60 ON 25

[REMARKS]
