000
CXUS54 KEWX 200910
CF6BAZ
PRELIMINARY LOCAL CLIMATOLOGICAL DATA (WS FORM: F-6)

                                          STATION:   NEW BRAUNFELS
                                          MONTH:     OCTOBER
                                          YEAR:      2014
                                          LATITUDE:   29 43 N
                                          LONGITUDE:  98  3 W

  TEMPERATURE IN F:       :PCPN:    SNOW:  WIND      :SUNSHINE: SKY     :PK WND
================================================================================
1   2   3   4   5  6A  6B    7    8   9   10  11  12  13   14  15   16   17  18
                                     12Z  AVG MX 2MIN
DY MAX MIN AVG DEP HDD CDD  WTR  SNW DPTH SPD SPD DIR MIN PSBL S-S WX    SPD DR
================================================================================

 1  92  74  83   8   0  18 0.00    M    M  8.3 15 180   M    M   5        22 200
 2  95  74  85  10   0  20 0.05    M    M 12.8 24 190   M    M   7 13     31 190
 3  88  60  74   0   0   9 0.00    M    M  9.7 20  20   M    M   1        23  30
 4  82  59  71  -3   0   6 0.00    M    M  9.1 18  50   M    M   0        22  60
 5  88  57  73  -1   0   8 0.00    M    M 10.3 22 180   M    M   2 1      30 160
 6  92  72  82   8   0  17 0.00    M    M  7.5 20 120   M    M   7 1      23 120
 7  93  73  83  10   0  18 0.00    M    M  9.4 17 160   M    M   4        23 170
 8  92  73  83  10   0  18 0.00    M    M 10.2 17 170   M    M   5 1      22 170
 9  93  75  84  11   0  19 0.00    M    M 12.8 22 180   M    M   5        29 170
10  94  75  85  13   0  20 0.00    M    M 15.0 25 180   M    M   6        30 190
11  78  63  71  -1   0   6 0.39    M    M 10.4 21 360   M    M   9 13     26 360
12  80  62  71  -1   0   6    T    M    M  6.2 20 190   M    M   8 18     29 190
13  80  52  66  -6   0   1 0.02    M    M 14.5 29 310   M    M   2 1      35 320
14  82  50  66  -5   0   1 0.00    M    M  8.5 18 340   M    M   0        27 350
15  88  49  69  -2   0   4 0.00    M    M  6.3 14 260   M    M   0        19 260
16  90  52  71   0   0   6 0.00    M    M  8.9 20 200   M    M   0        26 190
17  90  55  73   2   0   8 0.00    M    M  6.0 16 200   M    M   0 128    20 220
18  91  65  78   8   0  13 0.00    M    M  5.5 15  50   M    M   6        18  50
19  87  62  75   5   0  10 0.00    M    M  6.3 16  70   M    M   3 1      21 110
================================================================================
SM 1675 1202         0 208  0.46    M    177.7          M       70
================================================================================
AV 88.2 63.3                               9.4 FASTST   M    M   4    MAX(MPH)
                                 MISC ---->  # 29 310               # 35  320
================================================================================
NOTES:
# LAST OF SEVERAL OCCURRENCES

COLUMN 17 PEAK WIND IN M.P.H.

PRELIMINARY LOCAL CLIMATOLOGICAL DATA (WS FORM: F-6) , PAGE 2

                                          STATION:  NEW BRAUNFELS
                                          MONTH:    OCTOBER
                                          YEAR:     2014
                                          LATITUDE:   29 43 N
                                          LONGITUDE:  98  3 W

[TEMPERATURE DATA]      [PRECIPITATION DATA]       SYMBOLS USED IN COLUMN 16

AVERAGE MONTHLY: 75.7   TOTAL FOR MONTH:   0.46    1 = FOG OR MIST
DPTR FM NORMAL:   3.2   DPTR FM NORMAL:   -2.27    2 = FOG REDUCING VISIBILITY
HIGHEST:    95 ON  2    GRTST 24HR  0.39 ON 11-11      TO 1/4 MILE OR LESS
LOWEST:     49 ON 15                               3 = THUNDER
                        SNOW, ICE PELLETS, HAIL    4 = ICE PELLETS
                        TOTAL MONTH:    M          5 = HAIL
                        GRTST 24HR    M  ON   M    6 = FREEZING RAIN OR DRIZZLE
                        GRTST DEPTH:  M  ON   M    7 = DUSTSTORM OR SANDSTORM:
                                                       VSBY 1/2 MILE OR LESS
                                                   8 = SMOKE OR HAZE
[NO. OF DAYS WITH]      [WEATHER - DAYS WITH]      9 = BLOWING SNOW
                                                   X = TORNADO
MAX 32 OR BELOW:   0    0.01 INCH OR MORE:   3
MAX 90 OR ABOVE:  10    0.10 INCH OR MORE:   1
MIN 32 OR BELOW:   0    0.50 INCH OR MORE:   0
MIN  0 OR BELOW:   0    1.00 INCH OR MORE:   0

[HDD (BASE 65) ]
TOTAL THIS MO.     0    CLEAR  (SCALE 0-3)   8
DPTR FM NORMAL   -11    PTCLDY (SCALE 4-7)   9
TOTAL FM JUL 1     0    CLOUDY (SCALE 8-10)  2
DPTR FM NORMAL   -12

[CDD (BASE 65) ]
TOTAL THIS MO.   208
DPTR FM NORMAL    54    [PRESSURE DATA]
TOTAL FM JAN 1  2974    HIGHEST SLP M ON M
DPTR FM NORMAL   132    LOWEST  SLP 29.67 ON 13

[REMARKS]
