000
CXUS55 KLBF 211200
CF6BBW
PRELIMINARY LOCAL CLIMATOLOGICAL DATA (WS FORM: F-6)

                                          STATION:   BROKEN BOW
                                          MONTH:     NOVEMBER
                                          YEAR:      2017
                                          LATITUDE:   41 26 N
                                          LONGITUDE:  99 39 W

  TEMPERATURE IN F:       :PCPN:    SNOW:  WIND      :SUNSHINE: SKY     :PK WND
================================================================================
1   2   3   4   5  6A  6B    7    8   9   10  11  12  13   14  15   16   17  18
                                     12Z  AVG MX 2MIN
DY MAX MIN AVG DEP HDD CDD  WTR  SNW DPTH SPD SPD DIR MIN PSBL S-S WX    SPD DR
================================================================================

 1  61  28  45   2  20   0 0.00    M    M  6.7 17 200   M    M   2        21 200
 2  47  29  38  -5  27   0 0.00    M    M 13.0 25 360   M    M   3        31  10
 3  43  25  34  -8  31   0 0.00    M    M  9.1 20 150   M    M   7        23 150
 4  56  37  47   5  18   0    T    M    0 10.8 26  10   M    M   7        32  10
 5  43  29  36  -5  29   0    T    M    M  9.9 22 350   M    M   7        27  10
 6  43  26  35  -6  30   0 0.00    M    M  6.0 17 160   M    M   8        20 160
 7  36  18  27 -13  38   0 0.03    M    M  5.2 15 360   M    M   8 1      29 330
 8  52  16  34  -6  31   0 0.00    M    M  8.2 23 210   M    M   0 1      29 230
 9  37  21  29 -10  36   0 0.00    M    M  8.1 14  70   M    M   2        17  10
10  38  21  30  -9  35   0 0.00    M    M 13.7 22 190   M    M   9        28 180
11  54  35  45   7  20   0 0.00    M    M  4.4 12  20   M    M   7        16  30
12  52  22  37  -1  28   0 0.00    M    M  6.3 14 360   M    M   1        16 360
13  52  31  42   5  23   0 0.00    M    M 12.6 28 210   M    M   6 1      33 210
14  59  40  50  13  15   0 0.00    M    M 10.1 24 350   M    M   6 1      30 350
15  55  25  40   4  25   0 0.00    M    M 10.2 31 340   M    M   0        37 340
16  58  27  43   7  22   0 0.00    M    M 15.8 32 180   M    M   0        43 170
17  52  33  43   8  22   0 0.10    M    M 13.3 28 360   M    M   3        35 360
18  48  25  37   3  28   0 0.05    M    M 15.4 29 330   M    M   2        37 310
19  58  24  41   7  24   0 0.00    M    M  6.9 23 240   M    M   0        27 240
20  68  29  49  16  16   0 0.00    M    M 11.4 28 300   M    M   0        38 290
================================================================================
SM 1012  541       518   0  0.18    M    197.1          M       78
================================================================================
AV 50.6 27.1                               9.9 FASTST   M    M   4    MAX(MPH)
                                 MISC ---->  # 32 180               # 43  170
================================================================================
NOTES:
# LAST OF SEVERAL OCCURRENCES

COLUMN 17 PEAK WIND IN M.P.H.

PRELIMINARY LOCAL CLIMATOLOGICAL DATA (WS FORM: F-6) , PAGE 2

                                          STATION:  BROKEN BOW
                                          MONTH:    NOVEMBER
                                          YEAR:     2017
                                          LATITUDE:   41 26 N
                                          LONGITUDE:  99 39 W

[TEMPERATURE DATA]      [PRECIPITATION DATA]       SYMBOLS USED IN COLUMN 16

AVERAGE MONTHLY: 38.8   TOTAL FOR MONTH:   0.18    1 = FOG OR MIST
DPTR FM NORMAL:   0.4   DPTR FM NORMAL:   -0.51    2 = FOG REDUCING VISIBILITY
HIGHEST:    68 ON 20    GRTST 24HR  0.10 ON 17-17      TO 1/4 MILE OR LESS
LOWEST:     16 ON  8                               3 = THUNDER
                        SNOW, ICE PELLETS, HAIL    4 = ICE PELLETS
                        TOTAL MONTH:    M          5 = HAIL
                        GRTST 24HR    M  ON   M    6 = FREEZING RAIN OR DRIZZLE
                        GRTST DEPTH:   0           7 = DUSTSTORM OR SANDSTORM:
                                                       VSBY 1/2 MILE OR LESS
                                                   8 = SMOKE OR HAZE
[NO. OF DAYS WITH]      [WEATHER - DAYS WITH]      9 = BLOWING SNOW
                                                   X = TORNADO
MAX 32 OR BELOW:   0    0.01 INCH OR MORE:   3
MAX 90 OR ABOVE:   0    0.10 INCH OR MORE:   1
MIN 32 OR BELOW:  16    0.50 INCH OR MORE:   0
MIN  0 OR BELOW:   0    1.00 INCH OR MORE:   0

[HDD (BASE 65) ]
TOTAL THIS MO.   518    CLEAR  (SCALE 0-3)   9
DPTR FM NORMAL   -14    PTCLDY (SCALE 4-7)   9
TOTAL FM JUL 1  1072    CLOUDY (SCALE 8-10)  2
DPTR FM NORMAL  -117

[CDD (BASE 65) ]
TOTAL THIS MO.     0
DPTR FM NORMAL     0    [PRESSURE DATA]
TOTAL FM JAN 1   919    HIGHEST SLP M ON M
DPTR FM NORMAL   151    LOWEST  SLP 29.46 ON  1

[REMARKS]
