000
CXUS51 KBOX 211200
CF6BDL
PRELIMINARY LOCAL CLIMATOLOGICAL DATA (WS FORM: F-6)

                                          STATION:   HARTFORD CT
                                          MONTH:     OCTOBER
                                          YEAR:      2014
                                          LATITUDE:   41 55 N
                                          LONGITUDE:  72 41 W

  TEMPERATURE IN F:       :PCPN:    SNOW:  WIND      :SUNSHINE: SKY     :PK WND
================================================================================
1   2   3   4   5  6A  6B    7    8   9   10  11  12  13   14  15   16   17  18
                                     12Z  AVG MX 2MIN
DY MAX MIN AVG DEP HDD CDD  WTR  SNW DPTH SPD SPD DIR MIN PSBL S-S WX    SPD DR
================================================================================

 1  63  58  61   3   4   0 0.47  0.0    0  8.2 15  10   M    M   9 1      18 360
 2  64  52  58   1   7   0 0.12  0.0    0  6.8 13  30   M    M   8 1      17  10
 3  71  46  59   2   6   0 0.00  0.0    0  6.1 14 150   M    M   3 1      17 120
 4  62  51  57   1   8   0 1.05  0.0    0  4.4 15 330   M    M   9 1      20 320
 5  62  41  52  -4  13   0 0.00  0.0    0  5.5 15 270   M    M   2        20 290
 6  70  36  53  -3  12   0 0.00  0.0    0  6.4 22 190   M    M   2        27 170
 7  75  48  62   7   3   0    T  0.0    0  9.2 25 190   M    M   7        33 180
 8  74  53  64   9   1   0 0.07  0.0    0 11.9 28 190   M    M   5 3      38 200
 9  70  45  58   4   7   0 0.00  0.0    0  7.6 24 240   M    M   2        30 250
10  65  41  53  -1  12   0 0.00  0.0    0  3.5 14 290   M    M   6        19 320
11  54  42  48  -6  17   0 0.16  0.0    0  3.5 10  20   M    M   9 1      12  10
12  63  34  49  -4  16   0 0.00  0.0    0  3.2 10 180   M    M   2 12     13 190
13  64  36  50  -3  15   0 0.00  0.0    0  3.8 12 200   M    M   8        15 200
14  79  60  70  17   0   5    T  0.0    0  9.3 22 180   M    M   8 1      27 210
15  80  63  72  20   0   7 0.02  0.0    0  8.5 21 170   M    M   9 1      26 160
16  72  61  67  15   0   2 0.94  0.0    0  9.4 20 190   M    M  10 1      26 150
17  74  58  66  14   0   1 0.00  0.0    0  8.3 18 210   M    M   5 12     26 170
18  69  55  62  11   3   0 0.10  0.0    0  6.3 22 300   M    M   8 1      27 310
19  55  37  46  -5  19   0 0.00  0.0    0 13.5 24 300   M    M   7        30 300
20  57  33  45  -6  20   0 0.00  0.0    0  5.7 17 190   M    M   7        21 190
================================================================================
SM 1343  950       163  15  2.93     0.0 141.1          M      126
================================================================================
AV 67.2 47.5                               7.1 FASTST   M    M   6    MAX(MPH)
                                 MISC ---->  # 28 190               # 38  200
================================================================================
NOTES:
# LAST OF SEVERAL OCCURRENCES

COLUMN 17 PEAK WIND IN M.P.H.

PRELIMINARY LOCAL CLIMATOLOGICAL DATA (WS FORM: F-6) , PAGE 2

                                          STATION:  HARTFORD CT
                                          MONTH:    OCTOBER
                                          YEAR:     2014
                                          LATITUDE:   41 55 N
                                          LONGITUDE:  72 41 W

[TEMPERATURE DATA]      [PRECIPITATION DATA]       SYMBOLS USED IN COLUMN 16

AVERAGE MONTHLY: 57.3   TOTAL FOR MONTH:   2.93    1 = FOG OR MIST
DPTR FM NORMAL:   3.4   DPTR FM NORMAL:   -0.01    2 = FOG REDUCING VISIBILITY
HIGHEST:    80 ON 15    GRTST 24HR  1.05 ON  3- 4      TO 1/4 MILE OR LESS
LOWEST:     33 ON 20                               3 = THUNDER
                        SNOW, ICE PELLETS, HAIL    4 = ICE PELLETS
                        TOTAL MONTH:   0.0 INCH    5 = HAIL
                        GRTST 24HR     0.0         6 = FREEZING RAIN OR DRIZZLE
                        GRTST DEPTH:   0           7 = DUSTSTORM OR SANDSTORM:
                                                       VSBY 1/2 MILE OR LESS
                                                   8 = SMOKE OR HAZE
[NO. OF DAYS WITH]      [WEATHER - DAYS WITH]      9 = BLOWING SNOW
                                                   X = TORNADO
MAX 32 OR BELOW:   0    0.01 INCH OR MORE:   8
MAX 90 OR ABOVE:   0    0.10 INCH OR MORE:   6
MIN 32 OR BELOW:   0    0.50 INCH OR MORE:   2
MIN  0 OR BELOW:   0    1.00 INCH OR MORE:   1

[HDD (BASE 65) ]
TOTAL THIS MO.   163    CLEAR  (SCALE 0-3)   5
DPTR FM NORMAL   -65    PTCLDY (SCALE 4-7)  10
TOTAL FM JUL 1   249    CLOUDY (SCALE 8-10)  5
DPTR FM NORMAL  -101

[CDD (BASE 65) ]
TOTAL THIS MO.    15
DPTR FM NORMAL    10    [PRESSURE DATA]
TOTAL FM JAN 1   771    HIGHEST SLP M ON M
DPTR FM NORMAL    17    LOWEST  SLP 29.48 ON 18

[REMARKS]
