000
CXUS51 KBOX 291200
CF6BDL
PRELIMINARY LOCAL CLIMATOLOGICAL DATA (WS FORM: F-6)

                                          STATION:   HARTFORD CT
                                          MONTH:     MAY
                                          YEAR:      2015
                                          LATITUDE:   41 55 N
                                          LONGITUDE:  72 41 W

  TEMPERATURE IN F:       :PCPN:    SNOW:  WIND      :SUNSHINE: SKY     :PK WND
================================================================================
1   2   3   4   5  6A  6B    7    8   9   10  11  12  13   14  15   16   17  18
                                     12Z  AVG MX 2MIN
DY MAX MIN AVG DEP HDD CDD  WTR  SNW DPTH SPD SPD DIR MIN PSBL S-S WX    SPD DR
================================================================================

 1  62  47  55   0  10   0 0.00  0.0    0  6.1 13  40   M    M   8        16  40
 2  74  41  58   3   7   0 0.00  0.0    0  5.8 17 180   M    M   4        23  30
 3  78  46  62   6   3   0 0.00  0.0    0  6.2 16 170   M    M   5        19 180
 4  87  46  67  11   0   2 0.00  0.0    0  9.1 26 190   M    M   3        37 190
 5  85  61  73  17   0   8 0.00  0.0    0  6.0 16 300   M    M   8        22 310
 6  76  53  65   8   0   0 0.00  0.0    0  7.6 16 200   M    M   6        20 190
 7  86  42  64   7   1   0 0.00  0.0    0  6.6 22 190   M    M   2        27 190
 8  90  51  71  14   0   6 0.00  0.0    0  6.9 20 170   M    M   4        24 180
 9  80  52  66   8   0   1    T  0.0    0  8.0 17 220   M    M   9 18     23 200
10  91  65  78  20   0  13 0.00  0.0    0 11.5 20 190   M    M   6        25 200
11  88  65  77  19   0  12 0.00  0.0    0 12.3 24 180   M    M   4        31 190
12  89  59  74  16   0   9    T  0.0    0 13.8 29 320   M    M   8 1      38 310
13  66  44  55  -4  10   0 0.00  0.0    0 11.9 24 290   M    M   6        33 310
14  73  40  57  -2   8   0 0.00  0.0    0  4.8 14 300   M    M   1        17 300
15  77  40  59   0   6   0 0.00  0.0    0  6.9 17 180   M    M   8        21 180
16  73  56  65   6   0   0 0.02  0.0    0  7.6 13 160   M    M   9        16 140
17  88  59  74  14   0   9 0.00  0.0    0  2.9 10 330   M    M   4 18     15  30
18  80  57  69   9   0   4 0.00  0.0    0  9.2 18 180   M    M   7        23 170
19  77  56  67   7   0   2 0.58  0.0    0  8.4 17 330   M    M   8 13     22 340
20  62  48  55  -6  10   0 0.00  0.0    0 13.6 30 310   M    M   6        37 310
21  70  43  57  -4   8   0 0.00  0.0    0  6.1 18 180   M    M   8        23 190
22  75  51  63   2   2   0    T  0.0    0 11.3 26 300   M    M   4        35 310
23  68  43  56  -5   9   0 0.00  0.0    0 10.4 18 270   M    M   1        25 250
24  83  47  65   3   0   0 0.00  0.0    0  9.8 18 230   M    M   5        24 210
25  86  57  72  10   0   7 0.00  0.0    0  9.9 23 180   M    M   9        29 180
26  89  64  77  15   0  12 0.00  0.0    0 11.7 21 210   M    M   7        26 210
27  86  65  76  13   0  11 0.40  0.0    0 11.9 25 180   M    M   6 138    33 190
28  83  60  72   9   0   7 0.04  0.0    0  9.7 20 180   M    M   8 18     24 180
================================================================================
SM 2222 1458        74 103  1.04     0.0 246.0          M      164
================================================================================
AV 79.4 52.1                               8.8 FASTST   M    M   6    MAX(MPH)
                                 MISC ---->  # 30 310               # 38  310
================================================================================
NOTES:
# LAST OF SEVERAL OCCURRENCES

COLUMN 17 PEAK WIND IN M.P.H.

PRELIMINARY LOCAL CLIMATOLOGICAL DATA (WS FORM: F-6) , PAGE 2

                                          STATION:  HARTFORD CT
                                          MONTH:    MAY
                                          YEAR:     2015
                                          LATITUDE:   41 55 N
                                          LONGITUDE:  72 41 W

[TEMPERATURE DATA]      [PRECIPITATION DATA]       SYMBOLS USED IN COLUMN 16

AVERAGE MONTHLY: 65.7   TOTAL FOR MONTH:   1.04    1 = FOG OR MIST
DPTR FM NORMAL:   6.7   DPTR FM NORMAL:   -2.82    2 = FOG REDUCING VISIBILITY
HIGHEST:    91 ON 10    GRTST 24HR  0.58 ON 18-19      TO 1/4 MILE OR LESS
LOWEST:     40 ON 15,14                            3 = THUNDER
                        SNOW, ICE PELLETS, HAIL    4 = ICE PELLETS
                        TOTAL MONTH:   0.0 INCH    5 = HAIL
                        GRTST 24HR     0.0         6 = FREEZING RAIN OR DRIZZLE
                        GRTST DEPTH:   0           7 = DUSTSTORM OR SANDSTORM:
                                                       VSBY 1/2 MILE OR LESS
                                                   8 = SMOKE OR HAZE
[NO. OF DAYS WITH]      [WEATHER - DAYS WITH]      9 = BLOWING SNOW
                                                   X = TORNADO
MAX 32 OR BELOW:   0    0.01 INCH OR MORE:   4
MAX 90 OR ABOVE:   2    0.10 INCH OR MORE:   2
MIN 32 OR BELOW:   0    0.50 INCH OR MORE:   1
MIN  0 OR BELOW:   0    1.00 INCH OR MORE:   0

[HDD (BASE 65) ]
TOTAL THIS MO.    74    CLEAR  (SCALE 0-3)   4
DPTR FM NORMAL  -119    PTCLDY (SCALE 4-7)  21
TOTAL FM JUL 1  6177    CLOUDY (SCALE 8-10)  3
DPTR FM NORMAL   231

[CDD (BASE 65) ]
TOTAL THIS MO.   103
DPTR FM NORMAL    77    [PRESSURE DATA]
TOTAL FM JAN 1   103    HIGHEST SLP M ON M
DPTR FM NORMAL    71    LOWEST  SLP 29.61 ON 12

[REMARKS]
