000
CXUS51 KBOX 011200
CF6BDL
PRELIMINARY LOCAL CLIMATOLOGICAL DATA (WS FORM: F-6)

                                          STATION:   HARTFORD CT
                                          MONTH:     JANUARY
                                          YEAR:      2015
                                          LATITUDE:   41 55 N
                                          LONGITUDE:  72 41 W

  TEMPERATURE IN F:       :PCPN:    SNOW:  WIND      :SUNSHINE: SKY     :PK WND
================================================================================
1   2   3   4   5  6A  6B    7    8   9   10  11  12  13   14  15   16   17  18
                                     12Z  AVG MX 2MIN
DY MAX MIN AVG DEP HDD CDD  WTR  SNW DPTH SPD SPD DIR MIN PSBL S-S WX    SPD DR
================================================================================

 1  34  17  26  -1  39   0 0.00  0.0    0 12.0 20 220   M    M   3        26 200
 2  40  24  32   5  33   0    T    T    0  8.1 20 270   M    M   6        28 270
 3  34  22  28   1  37   0 0.43  1.8    0  5.0 16 130   M    M   9 146    19 140
 4  48  30  39  13  26   0 0.27  0.0    0  5.2 26 250   M    M  10 126    32 250
 5  44  14  29   3  36   0    T  0.0    1 14.2 32 290   M    M   3        43 290
 6  19   8  14 -12  51   0 0.02  0.2    1  3.9  8 170   M    M   7 8      13 230
 7  25   3  14 -12  51   0    T    T    1 13.8 32 300   M    M   5        40 310
 8  21   0  11 -15  54   0 0.00  0.0    1 10.7 23 320   M    M   1        31 320
 9  30  13  22  -4  43   0 0.09  1.9    1 10.4 30 260   M    M   6 18     37 250
10  22   6  14 -12  51   0 0.00  0.0    3  7.6 17 270   M    M   1        20 270
11  32   3  18  -8  47   0 0.00  0.0    0  5.3 13 170   M    M   9        15 180
12  36  30  33   7  32   0 0.28  0.2    0  6.2 13 330   M    M  10 168    21 350
13  36   8  22  -4  43   0 0.00  0.0    1 12.1 22  20   M    M   3        30  20
14  20   6  13 -13  52   0    T    T    1  6.4 10 350   M    M   7 8      14 340
15  31   9  20  -6  45   0 0.00  0.0    1  3.4 10 260   M    M   3        14 280
16  39  13  26   0  39   0    T    T    1 12.8 30 310   M    M   3        40 310
17  25   7  16 -10  49   0 0.00  0.0    1  6.9 17 300   M    M   3        22 300
18  41  17  29   3  36   0 1.32    T    1  3.1 23 330   M    M   9 16     28 340
19  41  31  36  10  29   0 0.00  0.0    0  8.5 28 300   M    M   6        35 290
20  37  24  31   5  34   0 0.00  0.0    0 10.3 23 300   M    M   7        28 300
21  32  15  24  -2  41   0 0.00  0.0    0  4.1 10  20   M    M   5        13 360
22  38  25  32   6  33   0 0.00  0.0    0  6.9 20 310   M    M   7        23 310
23  40  17  29   3  36   0 0.00  0.0    0  5.7 14 220   M    M   2        16 220
24  34  32  33   7  32   0 0.48  4.9    0  7.9 20 310   M    M  10 14     27 300
25  37  14  26   0  39   0 0.00  0.0    5 11.1 25 280   M    M   6        32 290
26  23  14  19  -7  46   0 0.06  1.5    4 13.7 28  10   M    M   9 1      35  20
27  27  13  20  -6  45   0 0.24  6.3    9 17.9 29 360   M    M  10 128    38 360
28  29  10  20  -7  45   0    T    T   11 10.4 20 340   M    M   5        27  30
29  31   0  16 -11  49   0    T    T   10  4.1 12 160   M    M   5        14 170
30  35  14  25  -2  40   0 0.04  0.3    9 11.1 29 320   M    M   7 1      38 310
31  20   5  13 -14  52   0 0.00  0.0    9 12.9 28 320   M    M   1        35 320
================================================================================
SM 1001  444      1285   0  3.23    17.1 271.7          M      178
================================================================================
AV 32.3 14.3                               8.8 FASTST   M    M   6    MAX(MPH)
                                 MISC ---->  # 32 300                 43    M
================================================================================
NOTES:
# LAST OF SEVERAL OCCURRENCES

COLUMN 17 PEAK WIND IN M.P.H.

PRELIMINARY LOCAL CLIMATOLOGICAL DATA (WS FORM: F-6) , PAGE 2

                                          STATION:  HARTFORD CT
                                          MONTH:    JANUARY
                                          YEAR:     2015
                                          LATITUDE:   41 55 N
                                          LONGITUDE:  72 41 W

[TEMPERATURE DATA]      [PRECIPITATION DATA]       SYMBOLS USED IN COLUMN 16

AVERAGE MONTHLY: 23.3   TOTAL FOR MONTH:   3.23    1 = FOG OR MIST
DPTR FM NORMAL:  -2.8   DPTR FM NORMAL:    0.00    2 = FOG REDUCING VISIBILITY
HIGHEST:    48 ON  4    GRTST 24HR  1.32 ON 18-18      TO 1/4 MILE OR LESS
LOWEST:      0 ON 29, 8                            3 = THUNDER
                        SNOW, ICE PELLETS, HAIL    4 = ICE PELLETS
                        TOTAL MONTH:  17.1 INCHES  5 = HAIL
                        GRTST 24HR   6.3 ON   M    6 = FREEZING RAIN OR DRIZZLE
                        GRTST DEPTH:  11 ON 28     7 = DUSTSTORM OR SANDSTORM:
                                                       VSBY 1/2 MILE OR LESS
                                                   8 = SMOKE OR HAZE
[NO. OF DAYS WITH]      [WEATHER - DAYS WITH]      9 = BLOWING SNOW
                                                   X = TORNADO
MAX 32 OR BELOW:  15    0.01 INCH OR MORE:  10
MAX 90 OR ABOVE:   0    0.10 INCH OR MORE:   6
MIN 32 OR BELOW:  31    0.50 INCH OR MORE:   1
MIN  0 OR BELOW:   2    1.00 INCH OR MORE:   1

[HDD (BASE 65) ]
TOTAL THIS MO.  1285    CLEAR  (SCALE 0-3)   9
DPTR FM NORMAL    79    PTCLDY (SCALE 4-7)  14
TOTAL FM JUL 1  3284    CLOUDY (SCALE 8-10)  8
DPTR FM NORMAL  -166

[CDD (BASE 65) ]
TOTAL THIS MO.     0
DPTR FM NORMAL     0    [PRESSURE DATA]
TOTAL FM JAN 1     0    HIGHEST SLP 30.67 ON 11
DPTR FM NORMAL     0    LOWEST  SLP 29.22 ON 24

[REMARKS]
#FINAL-01-15#
