000
CXUS55 KBOU 211443
CF6BDU
PRELIMINARY LOCAL CLIMATOLOGICAL DATA (WS FORM: F-6)

                                          STATION:   Boulder Airport
                                          MONTH:     OCTOBER
                                          YEAR:      2014
                                          LATITUDE:   40  2 N
                                          LONGITUDE: 105 14 W

  TEMPERATURE IN F:       :PCPN:    SNOW:  WIND      :SUNSHINE: SKY     :PK WND
================================================================================
1   2   3   4   5  6A  6B    7    8   9   10  11  12  13   14  15   16   17  18
                                     12Z  AVG MX 2MIN
DY MAX MIN AVG DEP HDD CDD  WTR  SNW DPTH SPD SPD DIR MIN PSBL S-S WX    SPD DR
================================================================================

 1  63  43  53   M  12   0    M    M    M  3.5 14  10   M    M   5        18  10
 2  64  37  51   M  14   0    M    M    M  6.4 23 270   M    M   1        29 270
 3  59  36  48   M  17   0    M    M    M  4.4 16  20   M    M   4        22  20
 4  72  36  54   M  11   0    M    M    M  3.5 15 300   M    M   0        25 300
 5  73  46  60   M   5   0    M    M    M  7.0 15 280   M    M   1        22 280
 6  79  57  68   M   0   3    M    M    M 10.2 24 300   M    M   0        33 320
 7  79  46  63   M   2   0    M    M    M  3.7  9  50   M    M   0         M  M
 8  77  46  62   M   3   0    M    M    M  1.9  6 240   M    M   0         M  M
 9  61  50  56   M   9   0    M    M    M  2.8  9 360   M    M   6        18 360
10  57  45  51   M  14   0    M    M    M  2.2  8 100   M    M   8 1       M  M
11  72  41  57   M   8   0    M    M    M  3.2 13 220   M    M   1        27 220
12  63  41  52   M  13   0    M    M    M  6.6 18  20   M    M   7        30  20
13  59  36  48   M  17   0    M    M    M  3.2  8 220   M    M   1         M  M
14  73  37  55   M  10   0    M    M    M  1.7  6 200   M    M   0         M  M
15  77  37  57   M   8   0    M    M    M  2.9 14 240   M    M   0        28 240
16  72  45  59   M   6   0    M    M    M  6.1 25 300   M    M   0        37 300
17  61  39  50   M  15   0    M    M    M  2.1  6 320   M    M   0         M  M
18  68  37  53   M  12   0    M    M    M  1.2  5 250   M    M   0         M  M
19  73  46  60   M   5   0    M    M    M  3.0  9 110   M    M   0         M  M
20  73  45  59   M   6   0    M    M    M  2.3  8 230   M    M   1         M  M
================================================================================
SM 1375  846       187   3    M     M     77.9          M       35
================================================================================
AV 68.8 42.3                               3.9 FASTST   M    M   2    MAX(MPH)
                                 MISC ---->    25   M                 37    M
================================================================================
NOTES:
# LAST OF SEVERAL OCCURRENCES

COLUMN 17 PEAK WIND IN M.P.H.

PRELIMINARY LOCAL CLIMATOLOGICAL DATA (WS FORM: F-6) , PAGE 2

                                          STATION:  Boulder Airport
                                          MONTH:    OCTOBER
                                          YEAR:     2014
                                          LATITUDE:   40  2 N
                                          LONGITUDE: 105 14 W

[TEMPERATURE DATA]      [PRECIPITATION DATA]       SYMBOLS USED IN COLUMN 16

AVERAGE MONTHLY: 55.5   TOTAL FOR MONTH:      M    1 = FOG OR MIST
DPTR FM NORMAL:     M   DPTR FM NORMAL:       M    2 = FOG REDUCING VISIBILITY
HIGHEST:    79 ON  7, 6 GRTST 24HR    M  ON   M        TO 1/4 MILE OR LESS
LOWEST:     36 ON 13, 4                            3 = THUNDER
                        SNOW, ICE PELLETS, HAIL    4 = ICE PELLETS
                        TOTAL MONTH:    M          5 = HAIL
                        GRTST 24HR    M  ON   M    6 = FREEZING RAIN OR DRIZZLE
                        GRTST DEPTH:  M  ON   M    7 = DUSTSTORM OR SANDSTORM:
                                                       VSBY 1/2 MILE OR LESS
                                                   8 = SMOKE OR HAZE
[NO. OF DAYS WITH]      [WEATHER - DAYS WITH]      9 = BLOWING SNOW
                                                   X = TORNADO
MAX 32 OR BELOW:   0    0.01 INCH OR MORE:   0
MAX 90 OR ABOVE:   0    0.10 INCH OR MORE:   0
MIN 32 OR BELOW:   0    0.50 INCH OR MORE:   0
MIN  0 OR BELOW:   0    1.00 INCH OR MORE:   0

[HDD (BASE 65) ]
TOTAL THIS MO.   187    CLEAR  (SCALE 0-3)  15
DPTR FM NORMAL     M    PTCLDY (SCALE 4-7)   5
TOTAL FM JUL 1   308    CLOUDY (SCALE 8-10)  0
DPTR FM NORMAL     M

[CDD (BASE 65) ]
TOTAL THIS MO.     3
DPTR FM NORMAL     M    [PRESSURE DATA]
TOTAL FM JAN 1   630    HIGHEST SLP M ON M
DPTR FM NORMAL     M    LOWEST  SLP M ON M

[REMARKS]
