000
CXUS55 KBOU 270800
CF6BDU
PRELIMINARY LOCAL CLIMATOLOGICAL DATA (WS FORM: F-6)

                                          STATION:   Boulder Airport
                                          MONTH:     JULY
                                          YEAR:      2016
                                          LATITUDE:   40  2 N
                                          LONGITUDE: 105 14 W

  TEMPERATURE IN F:       :PCPN:    SNOW:  WIND      :SUNSHINE: SKY     :PK WND
================================================================================
1   2   3   4   5  6A  6B    7    8   9   10  11  12  13   14  15   16   17  18
                                     12Z  AVG MX 2MIN
DY MAX MIN AVG DEP HDD CDD  WTR  SNW DPTH SPD SPD DIR MIN PSBL S-S WX    SPD DR
================================================================================

 1  77  63  70   M   0   5    M    M    M  2.6  8  30   M    M   7 3       M  M
 2  79  61  70   M   0   5    M    M    M  2.3  7 260   M    M   5 3       M  M
 3  88  59  74   M   0   9    M    M    M  3.5 10 280   M    M   1 3      18 220
 4  91  64  78   M   0  13    M    M    M  5.4 13 350   M    M   1        21 330
 5  91  61  76   M   0  11    M    M    M  5.1 17 300   M    M   0        24 300
 6  95  59  77   M   0  12    M    M    M  5.4 17 260   M    M   0        25 270
 7  88  64  76   M   0  11    M    M    M  4.3 10  70   M    M   0        17 360
 8  90  61  76   M   0  11    M    M    M  4.4 15 130   M    M   0        20 130
 9  97  59  78   M   0  13    M    M    M  3.5 12 300   M    M   0         M  M
10  99  64  82   M   0  17    M    M    M  4.9 14 240   M    M   0        21 240
11  90  63  77   M   0  12    M    M    M  7.9 18 250   M    M   0        31 250
12  91  61  76   M   0  11    M    M    M  4.2  9  30   M    M   0         M  M
13  91  61  76   M   0  11    M    M    M  3.6  8  50   M    M   0         M  M
14  84  59  72   M   0   7    M    M    M  4.0  9 360   M    M   0         M  M
15  86  55  71   M   0   6    M    M    M  4.5 16  30   M    M   1 3      20  40
16  91  57  74   M   0   9    M    M    M  3.0 10  30   M    M   0        16  30
17  90  64  77   M   0  12    M    M    M  4.4 21 350   M    M   0        29 350
18  90  61  76   M   0  11    M    M    M  3.7 33 230   M    M   1 3      40 230
19  91  63  77   M   0  12    M    M    M  3.9 15 250   M    M   2 3      25 250
20  95  63  79   M   0  14    M    M    M  5.8 17 250   M    M   2 3      22 250
21  95  64  80   M   0  15    M    M    M  4.1 16 260   M    M   1 3      28 220
22  97  68  83   M   0  18    M    M    M  4.3 10 130   M    M   2         M  M
23  99  63  81   M   0  16    M    M    M  4.5 12 190   M    M   0        20 190
24  90  61  76   M   0  11    M    M    M  4.1 13 360   M    M   1        22 360
25  88  55  72   M   0   7    M    M    M  3.5  8  40   M    M   0         M  M
26  91  61  76   M   0  11    M    M    M  5.0 20 250   M    M   0        30  50
================================================================================
SM 2354 1594         0 290    M     M    111.9          M       24
================================================================================
AV 90.5 61.3                               4.3 FASTST   M    M   1    MAX(MPH)
                                 MISC ---->    33   M                 40    M
================================================================================
NOTES:
# LAST OF SEVERAL OCCURRENCES

COLUMN 17 PEAK WIND IN M.P.H.

PRELIMINARY LOCAL CLIMATOLOGICAL DATA (WS FORM: F-6) , PAGE 2

                                          STATION:  Boulder Airport
                                          MONTH:    JULY
                                          YEAR:     2016
                                          LATITUDE:   40  2 N
                                          LONGITUDE: 105 14 W

[TEMPERATURE DATA]      [PRECIPITATION DATA]       SYMBOLS USED IN COLUMN 16

AVERAGE MONTHLY: 75.9   TOTAL FOR MONTH:      M    1 = FOG OR MIST
DPTR FM NORMAL:     M   DPTR FM NORMAL:       M    2 = FOG REDUCING VISIBILITY
HIGHEST:    99 ON 23,10 GRTST 24HR    M  ON   M        TO 1/4 MILE OR LESS
LOWEST:     55 ON 25,15                            3 = THUNDER
                        SNOW, ICE PELLETS, HAIL    4 = ICE PELLETS
                        TOTAL MONTH:    M          5 = HAIL
                        GRTST 24HR    M  ON   M    6 = FREEZING RAIN OR DRIZZLE
                        GRTST DEPTH:  M  ON   M    7 = DUSTSTORM OR SANDSTORM:
                                                       VSBY 1/2 MILE OR LESS
                                                   8 = SMOKE OR HAZE
[NO. OF DAYS WITH]      [WEATHER - DAYS WITH]      9 = BLOWING SNOW
                                                   X = TORNADO
MAX 32 OR BELOW:   0    0.01 INCH OR MORE:   0
MAX 90 OR ABOVE:  19    0.10 INCH OR MORE:   0
MIN 32 OR BELOW:   0    0.50 INCH OR MORE:   0
MIN  0 OR BELOW:   0    1.00 INCH OR MORE:   0

[HDD (BASE 65) ]
TOTAL THIS MO.     0    CLEAR  (SCALE 0-3)  24
DPTR FM NORMAL     M    PTCLDY (SCALE 4-7)   2
TOTAL FM JUL 1     0    CLOUDY (SCALE 8-10)  0
DPTR FM NORMAL     M

[CDD (BASE 65) ]
TOTAL THIS MO.   290
DPTR FM NORMAL     M    [PRESSURE DATA]
TOTAL FM JAN 1   512    HIGHEST SLP M ON M
DPTR FM NORMAL     M    LOWEST  SLP M ON M

[REMARKS]
