000
CXUS55 KCTP 301131
CF6BFD
PRELIMINARY LOCAL CLIMATOLOGICAL DATA (WS FORM: F-6)

                                          STATION:   BRADFORD
                                          MONTH:     MAY
                                          YEAR:      2015
                                          LATITUDE:   41 47 N
                                          LONGITUDE:  78 38 W

  TEMPERATURE IN F:       :PCPN:    SNOW:  WIND      :SUNSHINE: SKY     :PK WND
================================================================================
1   2   3   4   5  6A  6B    7    8   9   10  11  12  13   14  15   16   17  18
                                     12Z  AVG MX 2MIN
DY MAX MIN AVG DEP HDD CDD  WTR  SNW DPTH SPD SPD DIR MIN PSBL S-S WX    SPD DR
================================================================================

 1  60  40  50   1  15   0 0.00    M    M  6.4 18 360   M    M   6        25  30
 2  70  33  52   3  13   0 0.00    M    M  4.9 18 320   M    M   1        26 320
 3  74  34  54   4  11   0 0.00    M    M  4.4 16 320   M    M   3        22 290
 4  78  45  62  12   3   0 0.01    M    M  7.0 20 240   M    M   5 1      28 220
 5  72  55  64  14   1   0 0.50    M    M  2.4 12 300   M    M  10 138    14 290
 6  61  52  57   7   8   0 0.23    M    M  5.3 12  70   M    M   9 12     14  70
 7  80  53  67  16   0   2 0.00    M    M  3.0 12 320   M    M   6 12     15 310
 8  84  47  66  15   0   1 0.00    M    M  2.2 10 190   M    M   4 1      13 180
 9  85  61  73  22   0   8 0.00    M    M  7.3 16 150   M    M   2        23 140
10  86  55  71  20   0   6    T    M    M  6.5 16 180   M    M   4 1      23 180
11  82  60  71  19   0   6 0.25    M    M  6.3 22 240   M    M   5 1238   36 220
12  68  46  57   5   8   0 0.12    M    M 12.2 25 320   M    M   7 1      37 300
13  49  34  42 -10  23   0 0.02    M    M 10.6 20 310   M    M   9 1      26 300
14  67  28  48  -5  17   0 0.00  0.0    M  2.5 10  60   M    M   1 12     15  80
15  66  45  56   3   9   0 0.07  0.0    M  6.0 12 150   M    M   6        17 220
16  72  59  66  13   0   1 0.11  0.0    M  4.2 12 200   M    M   9 18     16 220
17  75  58  67  14   0   2 0.04  0.0    M  2.6 12 230   M    M   9 12     16 240
18  78  59  69  15   0   4 0.12  0.0    M  4.8 21 280   M    M   8 138    28 280
19  73  46  60   6   5   0    T    M    M 10.2 23 320   M    M   7 18     31 320
20  54  36  45  -9  20   0 0.01    M    M  9.0 18 320   M    M   6 1      23 320
21  55  41  48  -7  17   0    T    M    M  4.1 14 330   M    M  10        17 280
22  60  30  45 -10  20   0 0.00    M    M 10.7 25 310   M    M   2        33 320
23  67  24  46  -9  19   0 0.00    M    M  4.1 15 290   M    M   0        23 300
24  77  33  55   0  10   0 0.00    M    M  3.1 15 280   M    M   2        21 300
25  79  51  65   9   0   0 0.00  0.0    0  7.0 17 200   M    M   4        25 220
26  75  64  70  14   0   5 0.07  0.0    0  5.3 14 180   M    M   5 1      22 220
27  77  58  68  12   0   3 0.25    M    M  7.2 25 320   M    M   6 13     32 320
28  76  51  64   7   1   0 0.27    M    M  4.6 16 310   M    M   2 13     20 310
29  81  45  63   6   2   0    T    M    M  6.4 17 200   M    M   3 13     25 210
================================================================================
SM 2081 1343       202  38  2.07     0.0 170.3          M      151
================================================================================
AV 71.8 46.3                               5.9 FASTST   M    M   5    MAX(MPH)
                                 MISC ---->  # 25 320               # 37  300
================================================================================
NOTES:
# LAST OF SEVERAL OCCURRENCES

COLUMN 17 PEAK WIND IN M.P.H.

PRELIMINARY LOCAL CLIMATOLOGICAL DATA (WS FORM: F-6) , PAGE 2

                                          STATION:  BRADFORD
                                          MONTH:    MAY
                                          YEAR:     2015
                                          LATITUDE:   41 47 N
                                          LONGITUDE:  78 38 W

[TEMPERATURE DATA]      [PRECIPITATION DATA]       SYMBOLS USED IN COLUMN 16

AVERAGE MONTHLY: 59.0   TOTAL FOR MONTH:   2.07    1 = FOG OR MIST
DPTR FM NORMAL:   6.1   DPTR FM NORMAL:   -1.82    2 = FOG REDUCING VISIBILITY
HIGHEST:    86 ON 10    GRTST 24HR  0.73 ON  5- 6      TO 1/4 MILE OR LESS
LOWEST:     24 ON 23                               3 = THUNDER
                        SNOW, ICE PELLETS, HAIL    4 = ICE PELLETS
                        TOTAL MONTH:   0.0 INCH    5 = HAIL
                        GRTST 24HR     0.0         6 = FREEZING RAIN OR DRIZZLE
                        GRTST DEPTH:   0           7 = DUSTSTORM OR SANDSTORM:
                                                       VSBY 1/2 MILE OR LESS
                                                   8 = SMOKE OR HAZE
[NO. OF DAYS WITH]      [WEATHER - DAYS WITH]      9 = BLOWING SNOW
                                                   X = TORNADO
MAX 32 OR BELOW:   0    0.01 INCH OR MORE:  14
MAX 90 OR ABOVE:   0    0.10 INCH OR MORE:   8
MIN 32 OR BELOW:   3    0.50 INCH OR MORE:   1
MIN  0 OR BELOW:   0    1.00 INCH OR MORE:   0

[HDD (BASE 65) ]
TOTAL THIS MO.   202    CLEAR  (SCALE 0-3)   9
DPTR FM NORMAL   -31    PTCLDY (SCALE 4-7)  13
TOTAL FM JUL 1  7890    CLOUDY (SCALE 8-10)  7
DPTR FM NORMAL   406

[CDD (BASE 65) ]
TOTAL THIS MO.    38
DPTR FM NORMAL    37    [PRESSURE DATA]
TOTAL FM JAN 1    38    HIGHEST SLP M ON M
DPTR FM NORMAL    35    LOWEST  SLP 29.77 ON M

[REMARKS]
