000
CXUS55 KCTP 231131
CF6BFD
PRELIMINARY LOCAL CLIMATOLOGICAL DATA (WS FORM: F-6)

                                          STATION:   BRADFORD
                                          MONTH:     OCTOBER
                                          YEAR:      2014
                                          LATITUDE:   41 47 N
                                          LONGITUDE:  78 38 W

  TEMPERATURE IN F:       :PCPN:    SNOW:  WIND      :SUNSHINE: SKY     :PK WND
================================================================================
1   2   3   4   5  6A  6B    7    8   9   10  11  12  13   14  15   16   17  18
                                     12Z  AVG MX 2MIN
DY MAX MIN AVG DEP HDD CDD  WTR  SNW DPTH SPD SPD DIR MIN PSBL S-S WX    SPD DR
================================================================================

 1  69  46  58   7   7   0 0.00    M    M  2.6 12 120   M    M   6 12     16 120
 2  68  45  57   6   8   0 0.00    M    M  5.7 15 110   M    M   7 128    17 110
 3  65  56  61  11   4   0 0.32    M    M 10.7 22 160   M    M  10 18     32 140
 4  60  34  47  -3  18   0 0.12    M    M  7.6 17 210   M    M   7 1      28 200
 5  47  35  41  -9  24   0    T    M    M  8.0 15 220   M    M   9        25 220
 6  63  42  53   4  12   0 0.33    M    M  9.1 20 220   M    M   8 1      31 200
 7  63  50  57   8   8   0 0.73    M    M  7.5 18 210   M    M   9 1      29 190
 8  56  45  51   2  14   0 0.08    M    M  9.5 24 290   M    M   8 1      32 290
 9  58  31  45  -3  20   0 0.00    M    M  6.4 22 280   M    M   3        32 290
10  56  29  43  -5  22   0 0.00    M    M  2.2 10 330   M    M   1 1      14 330
11  52  29  41  -7  24   0 0.00    M    M  4.2 15 320   M    M   2        20 350
12  59  25  42  -6  23   0 0.00    M    M  5.7 14 120   M    M   2        25 110
13  64  50  57  10   8   0 0.06    M    M  9.4 15 150   M    M  10 18     22 170
14  73  58  66  19   0   1 0.21    M    M 13.4 25 140   M    M   9 1      35 150
15  65  54  60  13   5   0 0.67  0.0    0  5.3 21 270   M    M   9 1      30 270
16  61  50  56  10   9   0 0.01  0.0    0  4.4 15 290   M    M   9 12     20 270
17  59  51  55   9  10   0 0.08  0.0    0  7.4 17 190   M    M   9 1      27 240
18  56  38  47   1  18   0 0.27  0.0    0 12.1 20 330   M    M  10 1      28 350
19  46  31  39  -7  26   0 0.02    M    0  7.7 18 300   M    M   6 1      24 290
20  53  32  43  -2  22   0 0.18    M    M  5.1 15 220   M    M   9 1      21 220
21  51  45  48   3  17   0 0.20    M    M  5.0 12 320   M    M  10 1      15  50
22  45  40  43  -2  22   0 0.01    M    0 10.2 15 360   M    M  10 1      22 360
================================================================================
SM 1289  916       321   1  3.29     0.0 159.2          M      163
================================================================================
AV 58.6 41.6                               7.2 FASTST   M    M   7    MAX(MPH)
                                 MISC ---->  # 25 140               # 35  150
================================================================================
NOTES:
# LAST OF SEVERAL OCCURRENCES

COLUMN 17 PEAK WIND IN M.P.H.

PRELIMINARY LOCAL CLIMATOLOGICAL DATA (WS FORM: F-6) , PAGE 2

                                          STATION:  BRADFORD
                                          MONTH:    OCTOBER
                                          YEAR:     2014
                                          LATITUDE:   41 47 N
                                          LONGITUDE:  78 38 W

[TEMPERATURE DATA]      [PRECIPITATION DATA]       SYMBOLS USED IN COLUMN 16

AVERAGE MONTHLY: 50.1   TOTAL FOR MONTH:   3.29    1 = FOG OR MIST
DPTR FM NORMAL:   2.3   DPTR FM NORMAL:    0.82    2 = FOG REDUCING VISIBILITY
HIGHEST:    73 ON 14    GRTST 24HR  0.87 ON 14-15      TO 1/4 MILE OR LESS
LOWEST:     25 ON 12                               3 = THUNDER
                        SNOW, ICE PELLETS, HAIL    4 = ICE PELLETS
                        TOTAL MONTH:   0.0 INCH    5 = HAIL
                        GRTST 24HR     0.0         6 = FREEZING RAIN OR DRIZZLE
                        GRTST DEPTH:   0           7 = DUSTSTORM OR SANDSTORM:
                                                       VSBY 1/2 MILE OR LESS
                                                   8 = SMOKE OR HAZE
[NO. OF DAYS WITH]      [WEATHER - DAYS WITH]      9 = BLOWING SNOW
                                                   X = TORNADO
MAX 32 OR BELOW:   0    0.01 INCH OR MORE:  15
MAX 90 OR ABOVE:   0    0.10 INCH OR MORE:   9
MIN 32 OR BELOW:   6    0.50 INCH OR MORE:   2
MIN  0 OR BELOW:   0    1.00 INCH OR MORE:   0

[HDD (BASE 65) ]
TOTAL THIS MO.   321    CLEAR  (SCALE 0-3)   4
DPTR FM NORMAL    39    PTCLDY (SCALE 4-7)   5
TOTAL FM JUL 1   722    CLOUDY (SCALE 8-10) 13
DPTR FM NORMAL    23

[CDD (BASE 65) ]
TOTAL THIS MO.     1
DPTR FM NORMAL     1    [PRESSURE DATA]
TOTAL FM JAN 1   196    HIGHEST SLP M ON M
DPTR FM NORMAL     4    LOWEST  SLP 29.54 ON 18

[REMARKS]
