000
CXUS55 KCTP 261131
CF6BFD
PRELIMINARY LOCAL CLIMATOLOGICAL DATA (WS FORM: F-6)

                                          STATION:   BRADFORD
                                          MONTH:     DECEMBER
                                          YEAR:      2014
                                          LATITUDE:   41 47 N
                                          LONGITUDE:  78 38 W

  TEMPERATURE IN F:       :PCPN:    SNOW:  WIND      :SUNSHINE: SKY     :PK WND
================================================================================
1   2   3   4   5  6A  6B    7    8   9   10  11  12  13   14  15   16   17  18
                                     12Z  AVG MX 2MIN
DY MAX MIN AVG DEP HDD CDD  WTR  SNW DPTH SPD SPD DIR MIN PSBL S-S WX    SPD DR
================================================================================

 1  56  21  39   8  26   0 0.08    M    0 10.9 20 310   M    M   8 1      25 310
 2  33  17  25  -5  40   0 0.12    M    M 11.0 20 150   M    M   7 168    29 150
 3  36  28  32   2  33   0 0.02    M    M  8.9 18 270   M    M   8 1      25 260
 4  32  18  25  -5  40   0 0.00    M    M  4.9 16 270   M    M   4        23 270
 5  33  17  25  -4  40   0 0.06    M    M  9.2 16 150   M    M   9 168    25 150
 6  35  30  33   4  32   0 0.50    M    M  8.1 22 350   M    M  10 16     31 360
 7  33  22  28   0  37   0 0.00    M    M  8.4 12  30   M    M   2        20 360
 8  30  20  25  -3  40   0 0.00    M    M  9.8 16 160   M    M   1        25 160
 9  43  29  36   8  29   0 0.00    M    M  7.9 15 350   M    M   6 12     19 320
10  33  23  28   1  37   0    T    M    M 15.2 20 290   M    M  10 1      33 310
11  26  23  25  -2  40   0 0.15    M    M 13.5 21 280   M    M  10 18     30 290
12  30  25  28   1  37   0    T    M    M 12.7 23 300   M    M  10 168    30 290
13  31  26  29   3  36   0 0.00    M    M 10.0 16 290   M    M  10 12     22 280
14  35  31  33   7  32   0 0.00    M    M  9.5 18 290   M    M  10 1      24 290
15  38  33  36  10  29   0 0.00    M    M  5.7 13 300   M    M  10 12     15 300
16  41  34  38  13  27   0 0.36    M    M  7.9 16 130   M    M  10 12     21 120
17  39  25  32   7  33   0 0.11    M    0 11.2 18 280   M    M  10 18     29 290
18  27  25  26   1  39   0    T    M    M 12.2 21 290   M    M  10 168    28 280
19  26  21  24   0  41   0    T    M    M 10.5 21 310   M    M  10 168    29 320
20  25  20  23  -1  42   0 0.00    M    M  3.6 10 360   M    M  10 18     13 360
21  26  20  23  -1  42   0 0.00    M    M  3.5 13 120   M    M  10 18     16 120
22  33  19  26   2  39   0    T    M    M  9.2 14 140   M    M   4 18     20 150
23  43  31  37  14  28   0 0.05    M    M 10.4 15 140   M    M  10 1      23 140
24  51  43  47  24  18   0 0.27    M    0 10.8 23 230   M    M  10 1      35 230
25  44  33  39  16  26   0 0.06    M    M 10.9 20 270   M    M  10 1      35 210
================================================================================
SM  879  634       863   0  1.78    M    235.9          M      209
================================================================================
AV 35.2 25.4                               9.4 FASTST   M    M   8    MAX(MPH)
                                 MISC ---->  # 23 300               # 35  230
================================================================================
NOTES:
# LAST OF SEVERAL OCCURRENCES

COLUMN 17 PEAK WIND IN M.P.H.

PRELIMINARY LOCAL CLIMATOLOGICAL DATA (WS FORM: F-6) , PAGE 2

                                          STATION:  BRADFORD
                                          MONTH:    DECEMBER
                                          YEAR:     2014
                                          LATITUDE:   41 47 N
                                          LONGITUDE:  78 38 W

[TEMPERATURE DATA]      [PRECIPITATION DATA]       SYMBOLS USED IN COLUMN 16

AVERAGE MONTHLY: 30.3   TOTAL FOR MONTH:   1.78    1 = FOG OR MIST
DPTR FM NORMAL:   3.8   DPTR FM NORMAL:   -1.01    2 = FOG REDUCING VISIBILITY
HIGHEST:    56 ON  1    GRTST 24HR  0.50 ON  6- 6      TO 1/4 MILE OR LESS
LOWEST:     17 ON  5, 2                            3 = THUNDER
                        SNOW, ICE PELLETS, HAIL    4 = ICE PELLETS
                        TOTAL MONTH:    M          5 = HAIL
                        GRTST 24HR    M  ON   M    6 = FREEZING RAIN OR DRIZZLE
                        GRTST DEPTH:   0           7 = DUSTSTORM OR SANDSTORM:
                                                       VSBY 1/2 MILE OR LESS
                                                   8 = SMOKE OR HAZE
[NO. OF DAYS WITH]      [WEATHER - DAYS WITH]      9 = BLOWING SNOW
                                                   X = TORNADO
MAX 32 OR BELOW:   9    0.01 INCH OR MORE:  11
MAX 90 OR ABOVE:   0    0.10 INCH OR MORE:   6
MIN 32 OR BELOW:  21    0.50 INCH OR MORE:   1
MIN  0 OR BELOW:   0    1.00 INCH OR MORE:   0

[HDD (BASE 65) ]
TOTAL THIS MO.   863    CLEAR  (SCALE 0-3)   2
DPTR FM NORMAL    22    PTCLDY (SCALE 4-7)   5
TOTAL FM JUL 1  2681    CLOUDY (SCALE 8-10) 18
DPTR FM NORMAL     5

[CDD (BASE 65) ]
TOTAL THIS MO.     0
DPTR FM NORMAL     0    [PRESSURE DATA]
TOTAL FM JAN 1   196    HIGHEST SLP M ON M
DPTR FM NORMAL     3    LOWEST  SLP 29.41 ON 24

[REMARKS]
